{"id":6916,"date":"2021-08-05T12:53:00","date_gmt":"2021-08-05T17:53:00","guid":{"rendered":"https:\/\/www.dallassymphony.org\/?page_id=6916"},"modified":"2023-01-13T17:05:53","modified_gmt":"2023-01-13T23:05:53","slug":"thank-you","status":"publish","type":"page","link":"https:\/\/www.dallassymphony.org\/es\/support-volunteer\/thank-you\/","title":{"rendered":"Gracias."},"content":{"rendered":"<div class=\"hero__no-img bg-blue-8\">\n\t<div class=\"container\">\n\t\t<div class=\"row\">\n\t\t\t<div class=\"col-md-10\">\n\n\t\t\t\t<ul class=\"breadcrumbs\">\n    \t<li class=\"breadcrumb__link\">\n\t\t<a class=\"a-hover\" href=\"https:\/\/www.dallassymphony.org\/es\/\">Inicio<\/a>\n\t<\/li>\n    \t<li class=\"breadcrumb__link a-styles\">\n\t\t<a class=\"a-hover\" href=\"https:\/\/www.dallassymphony.org\/es\/support-volunteer\/\">Apoyo y voluntariado\/participaci\u00f3n<\/a>\n\t<\/li>\n    <\/ul>\n\n                \t\t\t\t<h1>\n                    <span >Gracias.<\/span>\n                <\/h1>\n                \t\t\t<\/div>\n\t\t<\/div>\n\t<\/div>\n<\/div>\n\n\n<div class=\"richtext m-spacer\">\n\t<div class=\"container\">\n\t\t<div class=\"row\">\n\t\t\t<div class=\"col-10\">\n\t\t\t\t\n\n<p>\u00a1Gracias por apoyar a la DSO! Por favor, utilice el c\u00f3digo de promoci\u00f3n <strong>TYBOGO<\/strong> para recibir una entrada gratuita con cualquier compra para uno de los conciertos que aparecen a continuaci\u00f3n.<\/p>\n\n\n\t\t\t<\/div>\n\t\t<\/div>\n\t<\/div>\n\n<\/div>\n\n\n<div class=\"dso-event-list list-view m-spacer bg-gray-4 active\" data-view=\"list\">\n    <div class=\"day\">\n            <div class=\"calendar__event-list\">\n        <div class=\"container\">\n            <div class=\"row bg-white\">\n\n                <div class=\"col-md-4\">\n                                            <img loading=\"lazy\" decoding=\"async\" width=\"350\" height=\"226\" src=\"https:\/\/www.dallassymphony.org\/wp-content\/uploads\/2022\/10\/Mena_Perianes-350x226.jpg\" class=\"img-fluid w-100 wp-post-image\" alt=\"\" \/>                                    <\/div>\n\n                <div class=\"col-md-8\">\n                    <div class=\"calendar__event-content\">\n                        <a href=\"https:\/\/www.dallassymphony.org\/es\/productions\/ravel-debussy\/\" title=\"Haydn, Ravel y Debussy\"><h3>Haydn, Ravel y Debussy<\/h3><\/a>\n\n                                                <h4>21 de octubre de 2022<\/h4>\n                        \n                        \n                        <p>Dos de las exportaciones m\u00e1s queridas de Espa\u00f1a -el distinguido director de orquesta Juanjo Mena y el solista Javier Perianes- suben al escenario para celebrar las contribuciones espa\u00f1olas y latinas a la m\u00fasica cl\u00e1sica.<\/p>\n\n                                                <a class=\"purchase__path button-hover\" href=\"https:\/\/secure.dallassymphony.org\/13578\/13580\" title=\"\" target=\"\">\n                            Reservar ahora                        <\/a>\n                                        <\/div>\n            <\/div>\n        <\/div>\n    <\/div>    <div class=\"calendar__event-list\">\n        <div class=\"container\">\n            <div class=\"row bg-white\">\n\n                <div class=\"col-md-4\">\n                                            <img loading=\"lazy\" decoding=\"async\" width=\"350\" height=\"226\" src=\"https:\/\/www.dallassymphony.org\/wp-content\/uploads\/2022\/02\/Web-Graphic-POPS4-350x226.jpg\" class=\"img-fluid w-100 wp-post-image\" alt=\"Pops de Navidad\" \/>                                    <\/div>\n\n                <div class=\"col-md-8\">\n                    <div class=\"calendar__event-content\">\n                        <a href=\"https:\/\/www.dallassymphony.org\/es\/?post_type=dso_prod_season&amp;p=8208\" title=\"Pops de Navidad 2022\"><h3>Pops de Navidad 2022<\/h3><\/a>\n\n                                                <h4>8 de diciembre de 2022<\/h4>\n                        \n                        \n                        <p>La querida tradici\u00f3n contin\u00faa con el Coro de la Sinf\u00f3nica de Dallas interpretando trascendentes himnos, cl\u00e1sicos navide\u00f1os y villancicos para cantar. Nuestros vocalistas navide\u00f1os favoritos se unen a la DSO y al Coro Sinf\u00f3nico de Dallas para traer un poco de magia navide\u00f1a al Meyerson. A\u00f1ada una aparici\u00f3n de ya sabe qui\u00e9n, un poco de nieve y la alegre m\u00fasica de la DSO, y no habr\u00e1 nada igual.<\/p>\n\n                                                <a class=\"purchase__path button-hover\" href=\"https:\/\/secure.dallassymphony.org\/13796\/13798\" title=\"\" target=\"\">\n                            Reservar ahora                        <\/a>\n                                        <\/div>\n            <\/div>\n        <\/div>\n    <\/div>    <div class=\"calendar__event-list\">\n        <div class=\"container\">\n            <div class=\"row bg-white\">\n\n                <div class=\"col-md-4\">\n                                            <img loading=\"lazy\" decoding=\"async\" width=\"350\" height=\"226\" src=\"https:\/\/www.dallassymphony.org\/wp-content\/uploads\/2022\/02\/Web-Graphic-CLA10-350x226.jpg\" class=\"img-fluid w-100 wp-post-image\" alt=\"Pinchas Zukerman\" \/>                                    <\/div>\n\n                <div class=\"col-md-8\">\n                    <div class=\"calendar__event-content\">\n                        <a href=\"https:\/\/www.dallassymphony.org\/es\/productions\/pinchas-zukerman\/\" title=\"Pinchas Zukerman\"><h3>Pinchas Zukerman<\/h3><\/a>\n\n                                                <h4>20 de enero de 2023<\/h4>\n                        \n                        \n                        <p>Pinchas Zukerman es uno de los m\u00fasicos m\u00e1s solicitados y vers\u00e1tiles de la actualidad. Es reconocido como un virtuoso, admirado por el lirismo expresivo de su forma de tocar, su singular belleza de tono y su impecabilidad.<\/p>\n\n                                                <a class=\"purchase__path button-hover\" href=\"https:\/\/secure.dallassymphony.org\/13605\/13607\" title=\"\" target=\"\">\n                            Reservar ahora                        <\/a>\n                                        <\/div>\n            <\/div>\n        <\/div>\n    <\/div>    <div class=\"calendar__event-list\">\n        <div class=\"container\">\n            <div class=\"row bg-white\">\n\n                <div class=\"col-md-4\">\n                                            <img loading=\"lazy\" decoding=\"async\" width=\"350\" height=\"226\" src=\"https:\/\/www.dallassymphony.org\/wp-content\/uploads\/2022\/03\/Kings-of-Soul-1600-x-900-350x226.jpg\" class=\"img-fluid w-100 wp-post-image\" alt=\"Reyes del alma\" \/>                                    <\/div>\n\n                <div class=\"col-md-8\">\n                    <div class=\"calendar__event-content\">\n                        <a href=\"https:\/\/www.dallassymphony.org\/es\/?post_type=dso_prod_season&amp;p=8214\" title=\"Reyes del alma\"><h3>Reyes del alma<\/h3><\/a>\n\n                                                <h4>10 de marzo de 2023<\/h4>\n                        \n                        \n                        <p>Con el Director Principal de Pops, Jeff Tyzik, Kings of Soul pone de relieve la m\u00fasica de los legendarios artistas Marvin Gaye, Jackie Wilson, James Brown, Otis Redding, The Temptations, Al Green, Barry White, Smokey Robinson y Curtis Mayfield en una noche de ritmos y melod\u00edas conmovedoras. En honor a los verdaderos \"reyes\" del soul cl\u00e1sico, se incluyen \u00e9xitos como Soul Man, Shop Around, Get Ready, Try a Little Tenderness, Stand By Me, Move On Up y Your Love Keeps Lifting Me Higher.<\/p>\n\n                                                <a class=\"purchase__path button-hover\" href=\"https:\/\/secure.dallassymphony.org\/13691\/13692\" title=\"\" target=\"\">\n                            Reservar ahora                        <\/a>\n                                        <\/div>\n            <\/div>\n        <\/div>\n    <\/div>    <div class=\"calendar__event-list\">\n        <div class=\"container\">\n            <div class=\"row bg-white\">\n\n                <div class=\"col-md-4\">\n                                            <img loading=\"lazy\" decoding=\"async\" width=\"350\" height=\"226\" src=\"https:\/\/www.dallassymphony.org\/wp-content\/uploads\/2022\/02\/Web-Graphic-CLA20_v2-350x226.jpg\" class=\"img-fluid w-100 wp-post-image\" alt=\"Lo m\u00e1s destacado de Hungr\u00eda\" \/>                                    <\/div>\n\n                <div class=\"col-md-8\">\n                    <div class=\"calendar__event-content\">\n                        <a href=\"https:\/\/www.dallassymphony.org\/es\/productions\/liszt-ligeti\/\" title=\"Liszt y Ligeti\"><h3>Liszt y Ligeti<\/h3><\/a>\n\n                                                <h4>26 de mayo de 2023<\/h4>\n                        \n                        \n                        <p>Jamie Martin nos lleva a un recorrido por la m\u00fasica h\u00fangara, desde la estrella del rock original, Franz Liszt, hasta el genio de la vanguardia moderna Gy\u00f6rgy Ligeti, cuyo centenario de su nacimiento celebramos en 2023.<\/p>\n\n                                                <a class=\"purchase__path button-hover\" href=\"https:\/\/secure.dallassymphony.org\/13659\/13660\" title=\"\" target=\"\">\n                            Reservar ahora                        <\/a>\n                                        <\/div>\n            <\/div>\n        <\/div>\n    <\/div>    <\/div>\n<\/div>\n\n\n<div class=\"richtext m-spacer\">\n\t<div class=\"container\">\n\t\t<div class=\"row\">\n\t\t\t<div class=\"col-10\">\n\t\t\t\t\n\n<p><em>Si tiene preguntas o dudas, p\u00f3ngase en contacto con Tanner Garrett, Director de Donaciones Individuales, llamando al 214.871.4080 o al <a href=\"mailto:t.garrett@dalsym.com\">t.garrett@dalsym.com<\/a><\/em>.<\/p>\n\n\n\t\t\t<\/div>\n\t\t<\/div>\n\t<\/div>\n\n<\/div>","protected":false},"excerpt":{"rendered":"<p>Gracias por apoyar a la DSO.<\/p>","protected":false},"author":16,"featured_media":5451,"parent":630,"menu_order":0,"comment_status":"closed","ping_status":"closed","template":"","meta":{"_acf_changed":false,"footnotes":""},"class_list":["post-6916","page","type-page","status-publish","has-post-thumbnail","hentry"],"acf":[],"_links":{"self":[{"href":"https:\/\/www.dallassymphony.org\/es\/wp-json\/wp\/v2\/pages\/6916","targetHints":{"allow":["GET"]}}],"collection":[{"href":"https:\/\/www.dallassymphony.org\/es\/wp-json\/wp\/v2\/pages"}],"about":[{"href":"https:\/\/www.dallassymphony.org\/es\/wp-json\/wp\/v2\/types\/page"}],"author":[{"embeddable":true,"href":"https:\/\/www.dallassymphony.org\/es\/wp-json\/wp\/v2\/users\/16"}],"replies":[{"embeddable":true,"href":"https:\/\/www.dallassymphony.org\/es\/wp-json\/wp\/v2\/comments?post=6916"}],"version-history":[{"count":0,"href":"https:\/\/www.dallassymphony.org\/es\/wp-json\/wp\/v2\/pages\/6916\/revisions"}],"up":[{"embeddable":true,"href":"https:\/\/www.dallassymphony.org\/es\/wp-json\/wp\/v2\/pages\/630"}],"wp:featuredmedia":[{"embeddable":true,"href":"https:\/\/www.dallassymphony.org\/es\/wp-json\/wp\/v2\/media\/5451"}],"wp:attachment":[{"href":"https:\/\/www.dallassymphony.org\/es\/wp-json\/wp\/v2\/media?parent=6916"}],"curies":[{"name":"wp","href":"https:\/\/api.w.org\/{rel}","templated":true}]}}

<div class="hero__no-img bg-blue-8">
	<div class="container">
		<div class="row">
			<div class="col-md-10">

				<ul class="breadcrumbs">
    	<li class="breadcrumb__link">
		<a class="a-hover" href="https://www.dallassymphony.org/es/">Inicio</a>
	</li>
    	<li class="breadcrumb__link a-styles">
		<a class="a-hover" href="https://www.dallassymphony.org/es/support-volunteer/">Apoyo y voluntariado/participación</a>
	</li>
    </ul>

                				<h1>
                    <span >Gracias.</span>
                </h1>
                			</div>
		</div>
	</div>
</div>


<div class="richtext m-spacer">
	<div class="container">
		<div class="row">
			<div class="col-10">
				

<p>¡Gracias por apoyar a la DSO! Por favor, utilice el código de promoción <strong>TYBOGO</strong> para recibir una entrada gratuita con cualquier compra para uno de los conciertos que aparecen a continuación.</p>


			</div>
		</div>
	</div>

</div>


<div class="dso-event-list list-view m-spacer bg-gray-4 active" data-view="list">
    <div class="day">
            <div class="calendar__event-list">
        <div class="container">
            <div class="row bg-white">

                <div class="col-md-4">
                                            <img loading="lazy" decoding="async" width="350" height="226" src="https://www.dallassymphony.org/wp-content/uploads/2022/10/Mena_Perianes-350x226.jpg" class="img-fluid w-100 wp-post-image" alt="" />                                    </div>

                <div class="col-md-8">
                    <div class="calendar__event-content">
                        <a href="https://www.dallassymphony.org/es/productions/ravel-debussy/" title="Haydn, Ravel y Debussy"><h3>Haydn, Ravel y Debussy</h3></a>

                                                <h4>21 de octubre de 2022</h4>
                        
                        
                        <p>Dos de las exportaciones más queridas de España -el distinguido director de orquesta Juanjo Mena y el solista Javier Perianes- suben al escenario para celebrar las contribuciones españolas y latinas a la música clásica.</p>

                                                <a class="purchase__path button-hover" href="https://secure.dallassymphony.org/13578/13580" title="" target="">
                            Reservar ahora                        </a>
                                        </div>
            </div>
        </div>
    </div>    <div class="calendar__event-list">
        <div class="container">
            <div class="row bg-white">

                <div class="col-md-4">
                                            <img loading="lazy" decoding="async" width="350" height="226" src="https://www.dallassymphony.org/wp-content/uploads/2022/02/Web-Graphic-POPS4-350x226.jpg" class="img-fluid w-100 wp-post-image" alt="Pops de Navidad" />                                    </div>

                <div class="col-md-8">
                    <div class="calendar__event-content">
                        <a href="https://www.dallassymphony.org/es/?post_type=dso_prod_season&amp;p=8208" title="Pops de Navidad 2022"><h3>Pops de Navidad 2022</h3></a>

                                                <h4>8 de diciembre de 2022</h4>
                        
                        
                        <p>La querida tradición continúa con el Coro de la Sinfónica de Dallas interpretando trascendentes himnos, clásicos navideños y villancicos para cantar. Nuestros vocalistas navideños favoritos se unen a la DSO y al Coro Sinfónico de Dallas para traer un poco de magia navideña al Meyerson. Añada una aparición de ya sabe quién, un poco de nieve y la alegre música de la DSO, y no habrá nada igual.</p>

                                                <a class="purchase__path button-hover" href="https://secure.dallassymphony.org/13796/13798" title="" target="">
                            Reservar ahora                        </a>
                                        </div>
            </div>
        </div>
    </div>    <div class="calendar__event-list">
        <div class="container">
            <div class="row bg-white">

                <div class="col-md-4">
                                            <img loading="lazy" decoding="async" width="350" height="226" src="https://www.dallassymphony.org/wp-content/uploads/2022/02/Web-Graphic-CLA10-350x226.jpg" class="img-fluid w-100 wp-post-image" alt="Pinchas Zukerman" />                                    </div>

                <div class="col-md-8">
                    <div class="calendar__event-content">
                        <a href="https://www.dallassymphony.org/es/productions/pinchas-zukerman/" title="Pinchas Zukerman"><h3>Pinchas Zukerman</h3></a>

                                                <h4>20 de enero de 2023</h4>
                        
                        
                        <p>Pinchas Zukerman es uno de los músicos más solicitados y versátiles de la actualidad. Es reconocido como un virtuoso, admirado por el lirismo expresivo de su forma de tocar, su singular belleza de tono y su impecabilidad.</p>

                                                <a class="purchase__path button-hover" href="https://secure.dallassymphony.org/13605/13607" title="" target="">
                            Reservar ahora                        </a>
                                        </div>
            </div>
        </div>
    </div>    <div class="calendar__event-list">
        <div class="container">
            <div class="row bg-white">

                <div class="col-md-4">
                                            <img loading="lazy" decoding="async" width="350" height="226" src="https://www.dallassymphony.org/wp-content/uploads/2022/03/Kings-of-Soul-1600-x-900-350x226.jpg" class="img-fluid w-100 wp-post-image" alt="Reyes del alma" />                                    </div>

                <div class="col-md-8">
                    <div class="calendar__event-content">
                        <a href="https://www.dallassymphony.org/es/?post_type=dso_prod_season&amp;p=8214" title="Reyes del alma"><h3>Reyes del alma</h3></a>

                                                <h4>10 de marzo de 2023</h4>
                        
                        
                        <p>Con el Director Principal de Pops, Jeff Tyzik, Kings of Soul pone de relieve la música de los legendarios artistas Marvin Gaye, Jackie Wilson, James Brown, Otis Redding, The Temptations, Al Green, Barry White, Smokey Robinson y Curtis Mayfield en una noche de ritmos y melodías conmovedoras. En honor a los verdaderos "reyes" del soul clásico, se incluyen éxitos como Soul Man, Shop Around, Get Ready, Try a Little Tenderness, Stand By Me, Move On Up y Your Love Keeps Lifting Me Higher.</p>

                                                <a class="purchase__path button-hover" href="https://secure.dallassymphony.org/13691/13692" title="" target="">
                            Reservar ahora                        </a>
                                        </div>
            </div>
        </div>
    </div>    <div class="calendar__event-list">
        <div class="container">
            <div class="row bg-white">

                <div class="col-md-4">
                                            <img loading="lazy" decoding="async" width="350" height="226" src="https://www.dallassymphony.org/wp-content/uploads/2022/02/Web-Graphic-CLA20_v2-350x226.jpg" class="img-fluid w-100 wp-post-image" alt="Lo más destacado de Hungría" />                                    </div>

                <div class="col-md-8">
                    <div class="calendar__event-content">
                        <a href="https://www.dallassymphony.org/es/productions/liszt-ligeti/" title="Liszt y Ligeti"><h3>Liszt y Ligeti</h3></a>

                                                <h4>26 de mayo de 2023</h4>
                        
                        
                        <p>Jamie Martin nos lleva a un recorrido por la música húngara, desde la estrella del rock original, Franz Liszt, hasta el genio de la vanguardia moderna György Ligeti, cuyo centenario de su nacimiento celebramos en 2023.</p>

                                                <a class="purchase__path button-hover" href="https://secure.dallassymphony.org/13659/13660" title="" target="">
                            Reservar ahora                        </a>
                                        </div>
            </div>
        </div>
    </div>    </div>
</div>


<div class="richtext m-spacer">
	<div class="container">
		<div class="row">
			<div class="col-10">
				

<p><em>Si tiene preguntas o dudas, póngase en contacto con Tanner Garrett, Director de Donaciones Individuales, llamando al 214.871.4080 o al <a href="mailto:t.garrett@dalsym.com">t.garrett@dalsym.com</a></em>.</p>


			</div>
		</div>
	</div>

</div>
