{"id":1072,"date":"2020-11-17T11:12:00","date_gmt":"2020-11-17T16:12:00","guid":{"rendered":"https:\/\/www.dallassymphony.org\/?page_id=1072"},"modified":"2022-05-17T15:53:14","modified_gmt":"2022-05-17T20:53:14","slug":"vincent-ho","status":"publish","type":"page","link":"https:\/\/www.dallassymphony.org\/es\/community-education\/dso-kids\/listen-watch\/composers\/vincent-ho\/","title":{"rendered":"Vincent Ho"},"content":{"rendered":"<div class=\"hero__no-img bg-blue-8\">\n\t<div class=\"container\">\n\t\t<div class=\"row\">\n\t\t\t<div class=\"col-md-10\">\n\n\t\t\t\t<ul class=\"breadcrumbs\">\n    \t<li class=\"breadcrumb__link\">\n\t\t<a class=\"a-hover\" href=\"https:\/\/www.dallassymphony.org\/es\/\">Inicio<\/a>\n\t<\/li>\n    \t<li class=\"breadcrumb__link a-styles\">\n\t\t<a class=\"a-hover\" href=\"https:\/\/www.dallassymphony.org\/es\/community-education\/\">Educaci\u00f3n y Comunidad<\/a>\n\t<\/li>\n    \t<li class=\"breadcrumb__link a-styles\">\n\t\t<a class=\"a-hover\" href=\"https:\/\/www.dallassymphony.org\/es\/community-education\/dso-kids\/\">Para escuelas y profesores<\/a>\n\t<\/li>\n    \t<li class=\"breadcrumb__link a-styles\">\n\t\t<a class=\"a-hover\" href=\"https:\/\/www.dallassymphony.org\/es\/community-education\/dso-kids\/listen-watch\/\">Escuchar y ver<\/a>\n\t<\/li>\n    \t<li class=\"breadcrumb__link a-styles\">\n\t\t<a class=\"a-hover\" href=\"https:\/\/www.dallassymphony.org\/es\/community-education\/dso-kids\/listen-watch\/composers\/\">Compositores<\/a>\n\t<\/li>\n    <\/ul>\n\n                \t\t\t\t<h1>\n                    <span >Vincent Ho<\/span>\n                <\/h1>\n                \t\t\t<\/div>\n\t\t<\/div>\n\t<\/div>\n<\/div>\n\n\n<div class=\"text-img text-img--left\">\n\t<div class=\"container\">\n\t\t<div class=\"row\">\n\t\t\t<div class=\"col-lg-12\">\n\t\t\t\t<div class=\"text-img__wrapper\">\n\t\t\t\t\t<h1><\/h1>\n\n                    <img loading=\"lazy\" decoding=\"async\" width=\"666\" height=\"375\" src=\"https:\/\/www.dallassymphony.org\/wp-content\/uploads\/2022\/05\/Vincent-Ho-666x375.jpg\" class=\"d-xl-none d-block\" alt=\"Vincent Ho\" srcset=\"https:\/\/www.dallassymphony.org\/wp-content\/uploads\/2022\/05\/Vincent-Ho-666x375.jpg 666w, https:\/\/www.dallassymphony.org\/wp-content\/uploads\/2022\/05\/Vincent-Ho-300x169.jpg 300w, https:\/\/www.dallassymphony.org\/wp-content\/uploads\/2022\/05\/Vincent-Ho-1024x576.jpg 1024w, https:\/\/www.dallassymphony.org\/wp-content\/uploads\/2022\/05\/Vincent-Ho-768x432.jpg 768w, https:\/\/www.dallassymphony.org\/wp-content\/uploads\/2022\/05\/Vincent-Ho-1536x864.jpg 1536w, https:\/\/www.dallassymphony.org\/wp-content\/uploads\/2022\/05\/Vincent-Ho-18x10.jpg 18w, https:\/\/www.dallassymphony.org\/wp-content\/uploads\/2022\/05\/Vincent-Ho-388x218.jpg 388w, https:\/\/www.dallassymphony.org\/wp-content\/uploads\/2022\/05\/Vincent-Ho-540x303.jpg 540w, https:\/\/www.dallassymphony.org\/wp-content\/uploads\/2022\/05\/Vincent-Ho-735x413.jpg 735w, https:\/\/www.dallassymphony.org\/wp-content\/uploads\/2022\/05\/Vincent-Ho.jpg 1600w\" sizes=\"auto, (max-width: 666px) 100vw, 666px\" \/>\n\t\t\t\t\t<h5><!-- wp:heading {\"level\":5} --><\/h5>\n<h5 id=\"h-dates\">FECHAS<\/h5>\n<p>Nacido en 1975<\/p>\n<h5 id=\"h-nationality\">NACIONALIDAD<\/h5>\n<p>Canadiense<\/p>\n<h5 id=\"h-style-period\">ESTILO\/PERIODO<\/h5>\n<p>Moderno 1920-Presente<\/p>\n<div class=\"wp-block-group\">\n<div class=\"wp-block-group__inner-container\">\n<h5 id=\"h-famous-works\">OBRAS FAMOSAS<\/h5>\n<\/div>\n<\/div>\n<p>Zen Rojo, Sinfon\u00eda del \u00c1rtico<\/p>\n<p><!-- \/wp:heading --><\/p>\n\n                    \n                <\/div>\n                <img loading=\"lazy\" decoding=\"async\" width=\"1600\" height=\"900\" src=\"https:\/\/www.dallassymphony.org\/wp-content\/uploads\/2022\/05\/Vincent-Ho-1600x900.jpg\" class=\"d-none d-xl-block\" alt=\"Vincent Ho\" srcset=\"https:\/\/www.dallassymphony.org\/wp-content\/uploads\/2022\/05\/Vincent-Ho.jpg 1600w, https:\/\/www.dallassymphony.org\/wp-content\/uploads\/2022\/05\/Vincent-Ho-300x169.jpg 300w, https:\/\/www.dallassymphony.org\/wp-content\/uploads\/2022\/05\/Vincent-Ho-1024x576.jpg 1024w, https:\/\/www.dallassymphony.org\/wp-content\/uploads\/2022\/05\/Vincent-Ho-768x432.jpg 768w, https:\/\/www.dallassymphony.org\/wp-content\/uploads\/2022\/05\/Vincent-Ho-1536x864.jpg 1536w, https:\/\/www.dallassymphony.org\/wp-content\/uploads\/2022\/05\/Vincent-Ho-18x10.jpg 18w, https:\/\/www.dallassymphony.org\/wp-content\/uploads\/2022\/05\/Vincent-Ho-388x218.jpg 388w, https:\/\/www.dallassymphony.org\/wp-content\/uploads\/2022\/05\/Vincent-Ho-540x303.jpg 540w, https:\/\/www.dallassymphony.org\/wp-content\/uploads\/2022\/05\/Vincent-Ho-666x375.jpg 666w, https:\/\/www.dallassymphony.org\/wp-content\/uploads\/2022\/05\/Vincent-Ho-735x413.jpg 735w\" sizes=\"auto, (max-width: 1600px) 100vw, 1600px\" \/>\t\t\t<\/div>\n\t\t<\/div>\n\t<\/div>\n<\/div>\n\n\n<div class=\"richtext m-spacer\">\n\t<div class=\"container\">\n\t\t<div class=\"row\">\n\t\t\t<div class=\"col-10\">\n\t\t\t\t\n\n<iframe loading=\"lazy\" width=\"50%\" height=\"20\" scrolling=\"no\" frameborder=\"no\" allow=\"autoplay\" src=\"https:\/\/w.soundcloud.com\/player\/?url=https%3A\/\/api.soundcloud.com\/tracks\/296377311&amp;color=%23ff5500&amp;inverse=false&amp;auto_play=false&amp;show_user=true\"><\/iframe>\n\n\n\n<div style=\"height:50px\" aria-hidden=\"true\" class=\"wp-block-spacer\"><\/div>\n\n\n\t\t\t<\/div>\n\t\t<\/div>\n\t<\/div>\n\n<\/div>\n\n\n<div class=\"richtext m-spacer\">\n\t<div class=\"container\">\n\t\t<div class=\"row\">\n\t\t\t<div class=\"col-10\">\n\t\t\t\t\n\n<hr class=\"wp-block-separator\"\/>\n\n\n\n<h3 class=\"wp-block-heading\" id=\"h-biography\">BIOGRAF\u00cdA<\/h3>\n\n\n\n<hr class=\"wp-block-separator\"\/>\n\n\n\n<p>Nacido en Ottawa, Ontario, en 1975, Vincent Ho comenz\u00f3 su formaci\u00f3n musical en el Real Conservatorio de M\u00fasica. Recibi\u00f3 su Diploma Asociado en&nbsp;<strong><a href=\"https:\/\/www.dallassymphony.org\/es\/community-education\/dso-kids\/listen-watch\/instruments\/piano\/\">Piano<\/a><\/strong>&nbsp;Actu\u00f3 en el Real Conservatorio de M\u00fasica (Toronto) en 1993, se licenci\u00f3 en m\u00fasica en la Universidad de Calgary en 1998, obtuvo una maestr\u00eda en m\u00fasica en la Universidad de Toronto en 2000 y un doctorado en artes musicales en la Universidad de California del Sur en 2005. En 1997, recibi\u00f3 una beca para asistir al programa de composici\u00f3n de verano de la Schola Cantorum en Par\u00eds, Francia.<\/p>\n\n\n\n<p>Ganador de numerosos premios y galardones, Ho se ha convertido en un compositor muy solicitado. Su m\u00fasica ha sido interpretada por la Orquesta Sinf\u00f3nica de Toronto, la Orquesta Sinf\u00f3nica de Vancouver, la Orquesta Sinf\u00f3nica de Winnipeg y la Orquesta de la Francofon\u00eda Canadiense, entre otras. Su m\u00fasica tambi\u00e9n se ha presentado en numerosos festivales de Norteam\u00e9rica, China, Francia e Italia. Actualmente es compositor residente de la Orquesta Sinf\u00f3nica de Winnipeg, y su \u00e1lbum hom\u00f3nimo ha sido nominado a la mejor composici\u00f3n cl\u00e1sica en los Western Canadian Music Awards dos a\u00f1os consecutivos (2007-2008).<\/p>\n\n\n\n<p>En 2008, tras su aventurero viaje al \u00c1rtico canadiense a bordo de un buque de investigaci\u00f3n cient\u00edfica, Vincent Ho escribi\u00f3 la Sinfon\u00eda \u00c1rtica. Describi\u00f3 la tierra como \"maravillosa y llena de belleza angelical no tocada por la sociedad utilitaria\".<\/p>\n\n\n\t\t\t<\/div>\n\t\t<\/div>\n\t<\/div>\n\n<\/div>\n\n\n<div class=\"richtext m-spacer\">\n\t<div class=\"container\">\n\t\t<div class=\"row\">\n\t\t\t<div class=\"col-10\">\n\t\t\t\t\n\n<div class=\"wp-block-columns is-layout-flex wp-container-core-columns-is-layout-9d6595d7 wp-block-columns-is-layout-flex\">\n<div class=\"wp-block-column is-layout-flow wp-block-column-is-layout-flow\">\n<iframe loading=\"lazy\" width=\"100%\" height=\"166\" scrolling=\"no\" frameborder=\"no\" allow=\"autoplay\" src=\"https:\/\/w.soundcloud.com\/player\/?url=https%3A\/\/api.soundcloud.com\/tracks\/305433084&amp;color=%23ff5500&amp;auto_play=false&amp;hide_related=true&amp;show_comments=false&amp;show_user=true&amp;show_reposts=false&amp;show_teaser=false\"><\/iframe>\n<\/div>\n<\/div>\n\n\n\t\t\t<\/div>\n\t\t<\/div>\n\t<\/div>\n\n<\/div>\n\n\n<div class=\"richtext m-spacer\">\n\t<div class=\"container\">\n\t\t<div class=\"row\">\n\t\t\t<div class=\"col-10\">\n\t\t\t\t\n<div class=\"richtext m-spacer\">\n\t<div class=\"container\">\n\t\t<div class=\"row\">\n\t\t\t<div class=\"col-10\">\n\t\t\t\t\n\t\t\t<\/div>\n\t\t<\/div>\n\t<\/div>\n\n<\/div>\n\n\n\t\t\t<\/div>\n\t\t<\/div>\n\t<\/div>\n\n<\/div>","protected":false},"excerpt":{"rendered":"<p>Nacido en Ottawa, Ontario, en 1975, Vincent Ho comenz\u00f3 su formaci\u00f3n musical en el Real Conservatorio de M\u00fasica. Recibi\u00f3 su Diploma Asociado en Interpretaci\u00f3n Pian\u00edstica del Real Conservatorio de M\u00fasica (Toronto) en 1993, su Licenciatura en M\u00fasica de la Universidad de Calgary en 1998, su Maestr\u00eda en M\u00fasica de la Universidad de Toronto en 2000 y su Doctorado en Artes Musicales de la Universidad de California del Sur en 2005.<\/p>","protected":false},"author":3,"featured_media":9039,"parent":592,"menu_order":0,"comment_status":"closed","ping_status":"closed","template":"","meta":{"_acf_changed":false,"footnotes":""},"class_list":["post-1072","page","type-page","status-publish","has-post-thumbnail","hentry"],"acf":[],"_links":{"self":[{"href":"https:\/\/www.dallassymphony.org\/es\/wp-json\/wp\/v2\/pages\/1072","targetHints":{"allow":["GET"]}}],"collection":[{"href":"https:\/\/www.dallassymphony.org\/es\/wp-json\/wp\/v2\/pages"}],"about":[{"href":"https:\/\/www.dallassymphony.org\/es\/wp-json\/wp\/v2\/types\/page"}],"author":[{"embeddable":true,"href":"https:\/\/www.dallassymphony.org\/es\/wp-json\/wp\/v2\/users\/3"}],"replies":[{"embeddable":true,"href":"https:\/\/www.dallassymphony.org\/es\/wp-json\/wp\/v2\/comments?post=1072"}],"version-history":[{"count":0,"href":"https:\/\/www.dallassymphony.org\/es\/wp-json\/wp\/v2\/pages\/1072\/revisions"}],"up":[{"embeddable":true,"href":"https:\/\/www.dallassymphony.org\/es\/wp-json\/wp\/v2\/pages\/592"}],"wp:featuredmedia":[{"embeddable":true,"href":"https:\/\/www.dallassymphony.org\/es\/wp-json\/wp\/v2\/media\/9039"}],"wp:attachment":[{"href":"https:\/\/www.dallassymphony.org\/es\/wp-json\/wp\/v2\/media?parent=1072"}],"curies":[{"name":"wp","href":"https:\/\/api.w.org\/{rel}","templated":true}]}}

<div class="hero__no-img bg-blue-8">
	<div class="container">
		<div class="row">
			<div class="col-md-10">

				<ul class="breadcrumbs">
    	<li class="breadcrumb__link">
		<a class="a-hover" href="https://www.dallassymphony.org/es/">Inicio</a>
	</li>
    	<li class="breadcrumb__link a-styles">
		<a class="a-hover" href="https://www.dallassymphony.org/es/community-education/">Educación y Comunidad</a>
	</li>
    	<li class="breadcrumb__link a-styles">
		<a class="a-hover" href="https://www.dallassymphony.org/es/community-education/dso-kids/">Para escuelas y profesores</a>
	</li>
    	<li class="breadcrumb__link a-styles">
		<a class="a-hover" href="https://www.dallassymphony.org/es/community-education/dso-kids/listen-watch/">Escuchar y ver</a>
	</li>
    	<li class="breadcrumb__link a-styles">
		<a class="a-hover" href="https://www.dallassymphony.org/es/community-education/dso-kids/listen-watch/composers/">Compositores</a>
	</li>
    </ul>

                				<h1>
                    <span >Vincent Ho</span>
                </h1>
                			</div>
		</div>
	</div>
</div>


<div class="text-img text-img--left">
	<div class="container">
		<div class="row">
			<div class="col-lg-12">
				<div class="text-img__wrapper">
					<h1></h1>

                    <img loading="lazy" decoding="async" width="666" height="375" src="https://www.dallassymphony.org/wp-content/uploads/2022/05/Vincent-Ho-666x375.jpg" class="d-xl-none d-block" alt="Vincent Ho" srcset="https://www.dallassymphony.org/wp-content/uploads/2022/05/Vincent-Ho-666x375.jpg 666w, https://www.dallassymphony.org/wp-content/uploads/2022/05/Vincent-Ho-300x169.jpg 300w, https://www.dallassymphony.org/wp-content/uploads/2022/05/Vincent-Ho-1024x576.jpg 1024w, https://www.dallassymphony.org/wp-content/uploads/2022/05/Vincent-Ho-768x432.jpg 768w, https://www.dallassymphony.org/wp-content/uploads/2022/05/Vincent-Ho-1536x864.jpg 1536w, https://www.dallassymphony.org/wp-content/uploads/2022/05/Vincent-Ho-18x10.jpg 18w, https://www.dallassymphony.org/wp-content/uploads/2022/05/Vincent-Ho-388x218.jpg 388w, https://www.dallassymphony.org/wp-content/uploads/2022/05/Vincent-Ho-540x303.jpg 540w, https://www.dallassymphony.org/wp-content/uploads/2022/05/Vincent-Ho-735x413.jpg 735w, https://www.dallassymphony.org/wp-content/uploads/2022/05/Vincent-Ho.jpg 1600w" sizes="auto, (max-width: 666px) 100vw, 666px" />
					<h5><!-- wp:heading {"level":5} --></h5>
<h5 id="h-dates">FECHAS</h5>
<p>Nacido en 1975</p>
<h5 id="h-nationality">NACIONALIDAD</h5>
<p>Canadiense</p>
<h5 id="h-style-period">ESTILO/PERIODO</h5>
<p>Moderno 1920-Presente</p>
<div class="wp-block-group">
<div class="wp-block-group__inner-container">
<h5 id="h-famous-works">OBRAS FAMOSAS</h5>
</div>
</div>
<p>Zen Rojo, Sinfonía del Ártico</p>
<p><!-- /wp:heading --></p>

                    
                </div>
                <img loading="lazy" decoding="async" width="1600" height="900" src="https://www.dallassymphony.org/wp-content/uploads/2022/05/Vincent-Ho-1600x900.jpg" class="d-none d-xl-block" alt="Vincent Ho" srcset="https://www.dallassymphony.org/wp-content/uploads/2022/05/Vincent-Ho.jpg 1600w, https://www.dallassymphony.org/wp-content/uploads/2022/05/Vincent-Ho-300x169.jpg 300w, https://www.dallassymphony.org/wp-content/uploads/2022/05/Vincent-Ho-1024x576.jpg 1024w, https://www.dallassymphony.org/wp-content/uploads/2022/05/Vincent-Ho-768x432.jpg 768w, https://www.dallassymphony.org/wp-content/uploads/2022/05/Vincent-Ho-1536x864.jpg 1536w, https://www.dallassymphony.org/wp-content/uploads/2022/05/Vincent-Ho-18x10.jpg 18w, https://www.dallassymphony.org/wp-content/uploads/2022/05/Vincent-Ho-388x218.jpg 388w, https://www.dallassymphony.org/wp-content/uploads/2022/05/Vincent-Ho-540x303.jpg 540w, https://www.dallassymphony.org/wp-content/uploads/2022/05/Vincent-Ho-666x375.jpg 666w, https://www.dallassymphony.org/wp-content/uploads/2022/05/Vincent-Ho-735x413.jpg 735w" sizes="auto, (max-width: 1600px) 100vw, 1600px" />			</div>
		</div>
	</div>
</div>


<div class="richtext m-spacer">
	<div class="container">
		<div class="row">
			<div class="col-10">
				

<iframe loading="lazy" width="50%" height="20" scrolling="no" frameborder="no" allow="autoplay" src="https://w.soundcloud.com/player/?url=https%3A//api.soundcloud.com/tracks/296377311&amp;color=%23ff5500&amp;inverse=false&amp;auto_play=false&amp;show_user=true"></iframe>



<div style="height:50px" aria-hidden="true" class="wp-block-spacer"></div>


			</div>
		</div>
	</div>

</div>


<div class="richtext m-spacer">
	<div class="container">
		<div class="row">
			<div class="col-10">
				

<hr class="wp-block-separator"/>



<h3 class="wp-block-heading" id="h-biography">BIOGRAFÍA</h3>



<hr class="wp-block-separator"/>



<p>Nacido en Ottawa, Ontario, en 1975, Vincent Ho comenzó su formación musical en el Real Conservatorio de Música. Recibió su Diploma Asociado en&nbsp;<strong><a href="https://www.dallassymphony.org/es/community-education/dso-kids/listen-watch/instruments/piano/">Piano</a></strong>&nbsp;Actuó en el Real Conservatorio de Música (Toronto) en 1993, se licenció en música en la Universidad de Calgary en 1998, obtuvo una maestría en música en la Universidad de Toronto en 2000 y un doctorado en artes musicales en la Universidad de California del Sur en 2005. En 1997, recibió una beca para asistir al programa de composición de verano de la Schola Cantorum en París, Francia.</p>



<p>Ganador de numerosos premios y galardones, Ho se ha convertido en un compositor muy solicitado. Su música ha sido interpretada por la Orquesta Sinfónica de Toronto, la Orquesta Sinfónica de Vancouver, la Orquesta Sinfónica de Winnipeg y la Orquesta de la Francofonía Canadiense, entre otras. Su música también se ha presentado en numerosos festivales de Norteamérica, China, Francia e Italia. Actualmente es compositor residente de la Orquesta Sinfónica de Winnipeg, y su álbum homónimo ha sido nominado a la mejor composición clásica en los Western Canadian Music Awards dos años consecutivos (2007-2008).</p>



<p>En 2008, tras su aventurero viaje al Ártico canadiense a bordo de un buque de investigación científica, Vincent Ho escribió la Sinfonía Ártica. Describió la tierra como "maravillosa y llena de belleza angelical no tocada por la sociedad utilitaria".</p>


			</div>
		</div>
	</div>

</div>


<div class="richtext m-spacer">
	<div class="container">
		<div class="row">
			<div class="col-10">
				

<div class="wp-block-columns is-layout-flex wp-container-core-columns-is-layout-9d6595d7 wp-block-columns-is-layout-flex">
<div class="wp-block-column is-layout-flow wp-block-column-is-layout-flow">
<iframe loading="lazy" width="100%" height="166" scrolling="no" frameborder="no" allow="autoplay" src="https://w.soundcloud.com/player/?url=https%3A//api.soundcloud.com/tracks/305433084&amp;color=%23ff5500&amp;auto_play=false&amp;hide_related=true&amp;show_comments=false&amp;show_user=true&amp;show_reposts=false&amp;show_teaser=false"></iframe>
</div>
</div>


			</div>
		</div>
	</div>

</div>


<div class="richtext m-spacer">
	<div class="container">
		<div class="row">
			<div class="col-10">
				
<div class="richtext m-spacer">
	<div class="container">
		<div class="row">
			<div class="col-10">
				
			</div>
		</div>
	</div>

</div>


			</div>
		</div>
	</div>

</div>

<p>Nacido en Ottawa, Ontario, en 1975, Vincent Ho comenzó su formación musical en el Real Conservatorio de Música. Recibió su Diploma Asociado en Interpretación Pianística del Real Conservatorio de Música (Toronto) en 1993, su Licenciatura en Música de la Universidad de Calgary en 1998, su Maestría en Música de la Universidad de Toronto en 2000 y su Doctorado en Artes Musicales de la Universidad de California del Sur en 2005.</p>
