{"id":1054,"date":"2020-11-17T11:07:42","date_gmt":"2020-11-17T16:07:42","guid":{"rendered":"https:\/\/www.dallassymphony.org\/?page_id=1054"},"modified":"2022-05-05T16:53:27","modified_gmt":"2022-05-05T21:53:27","slug":"richard-wagner","status":"publish","type":"page","link":"https:\/\/www.dallassymphony.org\/es\/community-education\/dso-kids\/listen-watch\/composers\/richard-wagner\/","title":{"rendered":"Richard Wagner"},"content":{"rendered":"<div class=\"hero__no-img bg-blue-8\">\n\t<div class=\"container\">\n\t\t<div class=\"row\">\n\t\t\t<div class=\"col-md-10\">\n\n\t\t\t\t<ul class=\"breadcrumbs\">\n    \t<li class=\"breadcrumb__link\">\n\t\t<a class=\"a-hover\" href=\"https:\/\/www.dallassymphony.org\/es\/\">Inicio<\/a>\n\t<\/li>\n    \t<li class=\"breadcrumb__link a-styles\">\n\t\t<a class=\"a-hover\" href=\"https:\/\/www.dallassymphony.org\/es\/community-education\/\">Educaci\u00f3n y Comunidad<\/a>\n\t<\/li>\n    \t<li class=\"breadcrumb__link a-styles\">\n\t\t<a class=\"a-hover\" href=\"https:\/\/www.dallassymphony.org\/es\/community-education\/dso-kids\/\">Para escuelas y profesores<\/a>\n\t<\/li>\n    \t<li class=\"breadcrumb__link a-styles\">\n\t\t<a class=\"a-hover\" href=\"https:\/\/www.dallassymphony.org\/es\/community-education\/dso-kids\/listen-watch\/\">Escuchar y ver<\/a>\n\t<\/li>\n    \t<li class=\"breadcrumb__link a-styles\">\n\t\t<a class=\"a-hover\" href=\"https:\/\/www.dallassymphony.org\/es\/community-education\/dso-kids\/listen-watch\/composers\/\">Compositores<\/a>\n\t<\/li>\n    <\/ul>\n\n                \t\t\t\t<h1>\n                    <span >Richard Wagner<\/span>\n                <\/h1>\n                \t\t\t<\/div>\n\t\t<\/div>\n\t<\/div>\n<\/div>\n\n\n<div class=\"text-img text-img--left\">\n\t<div class=\"container\">\n\t\t<div class=\"row\">\n\t\t\t<div class=\"col-lg-12\">\n\t\t\t\t<div class=\"text-img__wrapper\">\n\t\t\t\t\t<h1><\/h1>\n\n                    <img loading=\"lazy\" decoding=\"async\" width=\"666\" height=\"375\" src=\"https:\/\/www.dallassymphony.org\/wp-content\/uploads\/2022\/05\/Richard-Wagner-666x375.jpg\" class=\"d-xl-none d-block\" alt=\"Richard Wagner\" srcset=\"https:\/\/www.dallassymphony.org\/wp-content\/uploads\/2022\/05\/Richard-Wagner-666x375.jpg 666w, https:\/\/www.dallassymphony.org\/wp-content\/uploads\/2022\/05\/Richard-Wagner-300x169.jpg 300w, https:\/\/www.dallassymphony.org\/wp-content\/uploads\/2022\/05\/Richard-Wagner-1024x576.jpg 1024w, https:\/\/www.dallassymphony.org\/wp-content\/uploads\/2022\/05\/Richard-Wagner-768x432.jpg 768w, https:\/\/www.dallassymphony.org\/wp-content\/uploads\/2022\/05\/Richard-Wagner-1536x864.jpg 1536w, https:\/\/www.dallassymphony.org\/wp-content\/uploads\/2022\/05\/Richard-Wagner-18x10.jpg 18w, https:\/\/www.dallassymphony.org\/wp-content\/uploads\/2022\/05\/Richard-Wagner-388x218.jpg 388w, https:\/\/www.dallassymphony.org\/wp-content\/uploads\/2022\/05\/Richard-Wagner-540x303.jpg 540w, https:\/\/www.dallassymphony.org\/wp-content\/uploads\/2022\/05\/Richard-Wagner-735x413.jpg 735w, https:\/\/www.dallassymphony.org\/wp-content\/uploads\/2022\/05\/Richard-Wagner.jpg 1600w\" sizes=\"auto, (max-width: 666px) 100vw, 666px\" \/>\n\t\t\t\t\t<h5 id=\"h-dates\">FECHAS<\/h5>\n<p>Nacido en Leipzig, Alemania, el 22 de mayo de 1813<br \/>\nMuri\u00f3 en Venecia, Italia, el 13 de febrero de 1883<\/p>\n<h5 id=\"h-nationality\">NACIONALIDAD<\/h5>\n<p>Alem\u00e1n<\/p>\n<h5 id=\"h-style-period\">ESTILO\/PERIODO<\/h5>\n<p>Rom\u00e1ntico 1820-1910<\/p>\n<h5 id=\"h-famous-works\">OBRAS FAMOSAS<\/h5>\n<p>El anillo<\/p>\n\n                    \n                <\/div>\n                <img loading=\"lazy\" decoding=\"async\" width=\"1600\" height=\"900\" src=\"https:\/\/www.dallassymphony.org\/wp-content\/uploads\/2022\/05\/Richard-Wagner-1600x900.jpg\" class=\"d-none d-xl-block\" alt=\"Richard Wagner\" srcset=\"https:\/\/www.dallassymphony.org\/wp-content\/uploads\/2022\/05\/Richard-Wagner.jpg 1600w, https:\/\/www.dallassymphony.org\/wp-content\/uploads\/2022\/05\/Richard-Wagner-300x169.jpg 300w, https:\/\/www.dallassymphony.org\/wp-content\/uploads\/2022\/05\/Richard-Wagner-1024x576.jpg 1024w, https:\/\/www.dallassymphony.org\/wp-content\/uploads\/2022\/05\/Richard-Wagner-768x432.jpg 768w, https:\/\/www.dallassymphony.org\/wp-content\/uploads\/2022\/05\/Richard-Wagner-1536x864.jpg 1536w, https:\/\/www.dallassymphony.org\/wp-content\/uploads\/2022\/05\/Richard-Wagner-18x10.jpg 18w, https:\/\/www.dallassymphony.org\/wp-content\/uploads\/2022\/05\/Richard-Wagner-388x218.jpg 388w, https:\/\/www.dallassymphony.org\/wp-content\/uploads\/2022\/05\/Richard-Wagner-540x303.jpg 540w, https:\/\/www.dallassymphony.org\/wp-content\/uploads\/2022\/05\/Richard-Wagner-666x375.jpg 666w, https:\/\/www.dallassymphony.org\/wp-content\/uploads\/2022\/05\/Richard-Wagner-735x413.jpg 735w\" sizes=\"auto, (max-width: 1600px) 100vw, 1600px\" \/>\t\t\t<\/div>\n\t\t<\/div>\n\t<\/div>\n<\/div>\n\n\n<div class=\"richtext m-spacer\">\n\t<div class=\"container\">\n\t\t<div class=\"row\">\n\t\t\t<div class=\"col-10\">\n\t\t\t\t\n\n<iframe loading=\"lazy\" width=\"50%\" height=\"20\" scrolling=\"no\" frameborder=\"no\" allow=\"autoplay\" src=\"https:\/\/w.soundcloud.com\/player\/?url=https%3A\/\/api.soundcloud.com\/tracks\/296399341&amp;color=%23ff5500&amp;inverse=false&amp;auto_play=false&amp;show_user=true\"><\/iframe>\n\n\n\n<div style=\"height:50px\" aria-hidden=\"true\" class=\"wp-block-spacer\"><\/div>\n\n\n\t\t\t<\/div>\n\t\t<\/div>\n\t<\/div>\n\n<\/div>\n\n\n<div class=\"richtext m-spacer\">\n\t<div class=\"container\">\n\t\t<div class=\"row\">\n\t\t\t<div class=\"col-10\">\n\t\t\t\t\n\n<hr class=\"wp-block-separator\"\/>\n\n\n\n<h3 class=\"wp-block-heading\" id=\"h-biography\">BIOGRAF\u00cdA<\/h3>\n\n\n\n<hr class=\"wp-block-separator\"\/>\n\n\n\n<p>Richard Wagner es conocido como uno de los compositores m\u00e1s progresistas de la historia. Su nombre ha sido vinculado a casi todos los eventos hist\u00f3ricos significativos de los siglos XIX y XX. Cuando era ni\u00f1o, se interes\u00f3 por la literatura y le gustaban las obras de William Shakespeare. A los 15 a\u00f1os escribi\u00f3 una obra de teatro y a los 16 sus primeras composiciones musicales. M\u00e1s tarde, en su adolescencia, asisti\u00f3 a la Universidad de Leipzig para estudiar y como resultado se interes\u00f3 m\u00e1s en la composici\u00f3n musical. Su primera sinfon\u00eda fue escrita e interpretada en 1832. Mientras que su primera \u00f3pera,&nbsp;<em>Die Feen&nbsp;<\/em>nunca fue escuchado, muy pronto fue considerado el maestro de la \u00f3pera alemana!<\/p>\n\n\n\n<p>Wagner se cas\u00f3 con la cantante Minna Planer en 1836 y se mudaron a una peque\u00f1a ciudad de Alemania donde \u00e9l podr\u00eda ser el director musical del teatro local. Fue all\u00ed donde compuso la \u00f3pera&nbsp;<em>Rienzi, el \u00faltimo de los tribunos<\/em>. Se bas\u00f3 en una novela y se escenific\u00f3 en Dresde, Alemania, en 1842 y fue un \u00e9xito! Sin embargo, como muchos otros compositores de su tiempo, Wagner ten\u00eda graves problemas financieros. Se mud\u00f3 de un lugar a otro y tom\u00f3 varios tipos de trabajos para que \u00e9l y su esposa pudieran pagar el alquiler, tener comida para comer y dinero para componer y producir sus \u00f3peras.<\/p>\n\n\n\n<p>A la edad de 27 a\u00f1os Richard Wagner comenz\u00f3 a trabajar en su monumental ciclo de cuatro dramas musicales:&nbsp;<em>Der Ring des Nibelungen (El anillo de los nibelungos)<\/em>. Est\u00e1 compuesto por cuatro \u00f3peras separadas y unas 18 horas de m\u00fasica que incluye temas con significados espec\u00edficos. En sus \u00f3peras, le gustaba crear tensi\u00f3n entre el bien y el mal. A Wagner le llev\u00f3 22 a\u00f1os completar&nbsp;<em>El anillo<\/em>! Sigue siendo una de las composiciones de \u00f3pera m\u00e1s notables de todos los tiempos. Una casa especial fue dise\u00f1ada por Wagner y construida en Bayreuth, Alemania, para que hubiera un hogar para&nbsp;<em>El anillo<\/em>&nbsp;para ser realizada. Hoy en d\u00eda, gente de todas partes del mundo viaja a Bayreuth para ver y escuchar las actuaciones de esa obra maestra.<\/p>\n\n\n\n<p>Durante su vida, Richard Wagner vivi\u00f3 en muchas ciudades europeas fuera de su pa\u00eds de origen, Alemania: Par\u00eds, Francia; Lucerna, Suiza; Zurich, Suiza; Londres, Inglaterra; y Venecia, Italia, donde muri\u00f3 de problemas card\u00edacos. Su cuerpo fue llevado en g\u00f3ndola y tren a Bayreuth para su descanso final.<\/p>\n\n\n\t\t\t<\/div>\n\t\t<\/div>\n\t<\/div>\n\n<\/div>\n\n\n<div class=\"richtext m-spacer\">\n\t<div class=\"container\">\n\t\t<div class=\"row\">\n\t\t\t<div class=\"col-10\">\n\t\t\t\t\n\n<div class=\"wp-block-columns is-layout-flex wp-container-core-columns-is-layout-9d6595d7 wp-block-columns-is-layout-flex\">\n<div class=\"wp-block-column is-layout-flow wp-block-column-is-layout-flow\">\n<iframe loading=\"lazy\" width=\"100%\" height=\"300\" scrolling=\"no\" frameborder=\"no\" allow=\"autoplay\" src=\"https:\/\/w.soundcloud.com\/player\/?url=https%3A\/\/api.soundcloud.com\/tracks\/304649071&amp;color=%23ff5500&amp;auto_play=false&amp;hide_related=true&amp;show_comments=false&amp;show_user=true&amp;show_reposts=false&amp;show_teaser=false&amp;visual=true\"><\/iframe>\n<\/div>\n\n\n\n<div class=\"wp-block-column is-layout-flow wp-block-column-is-layout-flow\">\n<iframe loading=\"lazy\" width=\"100%\" height=\"300\" scrolling=\"no\" frameborder=\"no\" allow=\"autoplay\" src=\"https:\/\/w.soundcloud.com\/player\/?url=https%3A\/\/api.soundcloud.com\/tracks\/304649082&amp;color=%23ff5500&amp;auto_play=false&amp;hide_related=true&amp;show_comments=false&amp;show_user=true&amp;show_reposts=false&amp;show_teaser=false&amp;visual=true\"><\/iframe>\n<\/div>\n<\/div>\n\n\n\t\t\t<\/div>\n\t\t<\/div>\n\t<\/div>\n\n<\/div>\n\n\n<div class=\"richtext m-spacer\">\n\t<div class=\"container\">\n\t\t<div class=\"row\">\n\t\t\t<div class=\"col-10\">\n\t\t\t\t\n<div class=\"richtext m-spacer\">\n\t<div class=\"container\">\n\t\t<div class=\"row\">\n\t\t\t<div class=\"col-10\">\n\t\t\t\t\n\t\t\t<\/div>\n\t\t<\/div>\n\t<\/div>\n\n<\/div>\n\n\n\t\t\t<\/div>\n\t\t<\/div>\n\t<\/div>\n\n<\/div>","protected":false},"excerpt":{"rendered":"<p>Richard Wagner es conocido como uno de los compositores m\u00e1s progresistas de la historia. Su nombre ha sido vinculado a casi todos los eventos hist\u00f3ricos significativos de los siglos XIX y XX.<\/p>","protected":false},"author":3,"featured_media":8890,"parent":592,"menu_order":0,"comment_status":"closed","ping_status":"closed","template":"","meta":{"_acf_changed":false,"footnotes":""},"class_list":["post-1054","page","type-page","status-publish","has-post-thumbnail","hentry"],"acf":[],"_links":{"self":[{"href":"https:\/\/www.dallassymphony.org\/es\/wp-json\/wp\/v2\/pages\/1054","targetHints":{"allow":["GET"]}}],"collection":[{"href":"https:\/\/www.dallassymphony.org\/es\/wp-json\/wp\/v2\/pages"}],"about":[{"href":"https:\/\/www.dallassymphony.org\/es\/wp-json\/wp\/v2\/types\/page"}],"author":[{"embeddable":true,"href":"https:\/\/www.dallassymphony.org\/es\/wp-json\/wp\/v2\/users\/3"}],"replies":[{"embeddable":true,"href":"https:\/\/www.dallassymphony.org\/es\/wp-json\/wp\/v2\/comments?post=1054"}],"version-history":[{"count":0,"href":"https:\/\/www.dallassymphony.org\/es\/wp-json\/wp\/v2\/pages\/1054\/revisions"}],"up":[{"embeddable":true,"href":"https:\/\/www.dallassymphony.org\/es\/wp-json\/wp\/v2\/pages\/592"}],"wp:featuredmedia":[{"embeddable":true,"href":"https:\/\/www.dallassymphony.org\/es\/wp-json\/wp\/v2\/media\/8890"}],"wp:attachment":[{"href":"https:\/\/www.dallassymphony.org\/es\/wp-json\/wp\/v2\/media?parent=1054"}],"curies":[{"name":"wp","href":"https:\/\/api.w.org\/{rel}","templated":true}]}}

<div class="hero__no-img bg-blue-8">
	<div class="container">
		<div class="row">
			<div class="col-md-10">

				<ul class="breadcrumbs">
    	<li class="breadcrumb__link">
		<a class="a-hover" href="https://www.dallassymphony.org/es/">Inicio</a>
	</li>
    	<li class="breadcrumb__link a-styles">
		<a class="a-hover" href="https://www.dallassymphony.org/es/community-education/">Educación y Comunidad</a>
	</li>
    	<li class="breadcrumb__link a-styles">
		<a class="a-hover" href="https://www.dallassymphony.org/es/community-education/dso-kids/">Para escuelas y profesores</a>
	</li>
    	<li class="breadcrumb__link a-styles">
		<a class="a-hover" href="https://www.dallassymphony.org/es/community-education/dso-kids/listen-watch/">Escuchar y ver</a>
	</li>
    	<li class="breadcrumb__link a-styles">
		<a class="a-hover" href="https://www.dallassymphony.org/es/community-education/dso-kids/listen-watch/composers/">Compositores</a>
	</li>
    </ul>

                				<h1>
                    <span >Richard Wagner</span>
                </h1>
                			</div>
		</div>
	</div>
</div>


<div class="text-img text-img--left">
	<div class="container">
		<div class="row">
			<div class="col-lg-12">
				<div class="text-img__wrapper">
					<h1></h1>

                    <img loading="lazy" decoding="async" width="666" height="375" src="https://www.dallassymphony.org/wp-content/uploads/2022/05/Richard-Wagner-666x375.jpg" class="d-xl-none d-block" alt="Richard Wagner" srcset="https://www.dallassymphony.org/wp-content/uploads/2022/05/Richard-Wagner-666x375.jpg 666w, https://www.dallassymphony.org/wp-content/uploads/2022/05/Richard-Wagner-300x169.jpg 300w, https://www.dallassymphony.org/wp-content/uploads/2022/05/Richard-Wagner-1024x576.jpg 1024w, https://www.dallassymphony.org/wp-content/uploads/2022/05/Richard-Wagner-768x432.jpg 768w, https://www.dallassymphony.org/wp-content/uploads/2022/05/Richard-Wagner-1536x864.jpg 1536w, https://www.dallassymphony.org/wp-content/uploads/2022/05/Richard-Wagner-18x10.jpg 18w, https://www.dallassymphony.org/wp-content/uploads/2022/05/Richard-Wagner-388x218.jpg 388w, https://www.dallassymphony.org/wp-content/uploads/2022/05/Richard-Wagner-540x303.jpg 540w, https://www.dallassymphony.org/wp-content/uploads/2022/05/Richard-Wagner-735x413.jpg 735w, https://www.dallassymphony.org/wp-content/uploads/2022/05/Richard-Wagner.jpg 1600w" sizes="auto, (max-width: 666px) 100vw, 666px" />
					<h5 id="h-dates">FECHAS</h5>
<p>Nacido en Leipzig, Alemania, el 22 de mayo de 1813<br />
Murió en Venecia, Italia, el 13 de febrero de 1883</p>
<h5 id="h-nationality">NACIONALIDAD</h5>
<p>Alemán</p>
<h5 id="h-style-period">ESTILO/PERIODO</h5>
<p>Romántico 1820-1910</p>
<h5 id="h-famous-works">OBRAS FAMOSAS</h5>
<p>El anillo</p>

                    
                </div>
                <img loading="lazy" decoding="async" width="1600" height="900" src="https://www.dallassymphony.org/wp-content/uploads/2022/05/Richard-Wagner-1600x900.jpg" class="d-none d-xl-block" alt="Richard Wagner" srcset="https://www.dallassymphony.org/wp-content/uploads/2022/05/Richard-Wagner.jpg 1600w, https://www.dallassymphony.org/wp-content/uploads/2022/05/Richard-Wagner-300x169.jpg 300w, https://www.dallassymphony.org/wp-content/uploads/2022/05/Richard-Wagner-1024x576.jpg 1024w, https://www.dallassymphony.org/wp-content/uploads/2022/05/Richard-Wagner-768x432.jpg 768w, https://www.dallassymphony.org/wp-content/uploads/2022/05/Richard-Wagner-1536x864.jpg 1536w, https://www.dallassymphony.org/wp-content/uploads/2022/05/Richard-Wagner-18x10.jpg 18w, https://www.dallassymphony.org/wp-content/uploads/2022/05/Richard-Wagner-388x218.jpg 388w, https://www.dallassymphony.org/wp-content/uploads/2022/05/Richard-Wagner-540x303.jpg 540w, https://www.dallassymphony.org/wp-content/uploads/2022/05/Richard-Wagner-666x375.jpg 666w, https://www.dallassymphony.org/wp-content/uploads/2022/05/Richard-Wagner-735x413.jpg 735w" sizes="auto, (max-width: 1600px) 100vw, 1600px" />			</div>
		</div>
	</div>
</div>


<div class="richtext m-spacer">
	<div class="container">
		<div class="row">
			<div class="col-10">
				

<iframe loading="lazy" width="50%" height="20" scrolling="no" frameborder="no" allow="autoplay" src="https://w.soundcloud.com/player/?url=https%3A//api.soundcloud.com/tracks/296399341&amp;color=%23ff5500&amp;inverse=false&amp;auto_play=false&amp;show_user=true"></iframe>



<div style="height:50px" aria-hidden="true" class="wp-block-spacer"></div>


			</div>
		</div>
	</div>

</div>


<div class="richtext m-spacer">
	<div class="container">
		<div class="row">
			<div class="col-10">
				

<hr class="wp-block-separator"/>



<h3 class="wp-block-heading" id="h-biography">BIOGRAFÍA</h3>



<hr class="wp-block-separator"/>



<p>Richard Wagner es conocido como uno de los compositores más progresistas de la historia. Su nombre ha sido vinculado a casi todos los eventos históricos significativos de los siglos XIX y XX. Cuando era niño, se interesó por la literatura y le gustaban las obras de William Shakespeare. A los 15 años escribió una obra de teatro y a los 16 sus primeras composiciones musicales. Más tarde, en su adolescencia, asistió a la Universidad de Leipzig para estudiar y como resultado se interesó más en la composición musical. Su primera sinfonía fue escrita e interpretada en 1832. Mientras que su primera ópera,&nbsp;<em>Die Feen&nbsp;</em>nunca fue escuchado, muy pronto fue considerado el maestro de la ópera alemana!</p>



<p>Wagner se casó con la cantante Minna Planer en 1836 y se mudaron a una pequeña ciudad de Alemania donde él podría ser el director musical del teatro local. Fue allí donde compuso la ópera&nbsp;<em>Rienzi, el último de los tribunos</em>. Se basó en una novela y se escenificó en Dresde, Alemania, en 1842 y fue un éxito! Sin embargo, como muchos otros compositores de su tiempo, Wagner tenía graves problemas financieros. Se mudó de un lugar a otro y tomó varios tipos de trabajos para que él y su esposa pudieran pagar el alquiler, tener comida para comer y dinero para componer y producir sus óperas.</p>



<p>A la edad de 27 años Richard Wagner comenzó a trabajar en su monumental ciclo de cuatro dramas musicales:&nbsp;<em>Der Ring des Nibelungen (El anillo de los nibelungos)</em>. Está compuesto por cuatro óperas separadas y unas 18 horas de música que incluye temas con significados específicos. En sus óperas, le gustaba crear tensión entre el bien y el mal. A Wagner le llevó 22 años completar&nbsp;<em>El anillo</em>! Sigue siendo una de las composiciones de ópera más notables de todos los tiempos. Una casa especial fue diseñada por Wagner y construida en Bayreuth, Alemania, para que hubiera un hogar para&nbsp;<em>El anillo</em>&nbsp;para ser realizada. Hoy en día, gente de todas partes del mundo viaja a Bayreuth para ver y escuchar las actuaciones de esa obra maestra.</p>



<p>Durante su vida, Richard Wagner vivió en muchas ciudades europeas fuera de su país de origen, Alemania: París, Francia; Lucerna, Suiza; Zurich, Suiza; Londres, Inglaterra; y Venecia, Italia, donde murió de problemas cardíacos. Su cuerpo fue llevado en góndola y tren a Bayreuth para su descanso final.</p>


			</div>
		</div>
	</div>

</div>


<div class="richtext m-spacer">
	<div class="container">
		<div class="row">
			<div class="col-10">
				

<div class="wp-block-columns is-layout-flex wp-container-core-columns-is-layout-9d6595d7 wp-block-columns-is-layout-flex">
<div class="wp-block-column is-layout-flow wp-block-column-is-layout-flow">
<iframe loading="lazy" width="100%" height="300" scrolling="no" frameborder="no" allow="autoplay" src="https://w.soundcloud.com/player/?url=https%3A//api.soundcloud.com/tracks/304649071&amp;color=%23ff5500&amp;auto_play=false&amp;hide_related=true&amp;show_comments=false&amp;show_user=true&amp;show_reposts=false&amp;show_teaser=false&amp;visual=true"></iframe>
</div>



<div class="wp-block-column is-layout-flow wp-block-column-is-layout-flow">
<iframe loading="lazy" width="100%" height="300" scrolling="no" frameborder="no" allow="autoplay" src="https://w.soundcloud.com/player/?url=https%3A//api.soundcloud.com/tracks/304649082&amp;color=%23ff5500&amp;auto_play=false&amp;hide_related=true&amp;show_comments=false&amp;show_user=true&amp;show_reposts=false&amp;show_teaser=false&amp;visual=true"></iframe>
</div>
</div>


			</div>
		</div>
	</div>

</div>


<div class="richtext m-spacer">
	<div class="container">
		<div class="row">
			<div class="col-10">
				
<div class="richtext m-spacer">
	<div class="container">
		<div class="row">
			<div class="col-10">
				
			</div>
		</div>
	</div>

</div>


			</div>
		</div>
	</div>

</div>

<p>Richard Wagner es conocido como uno de los compositores más progresistas de la historia. Su nombre ha sido vinculado a casi todos los eventos históricos significativos de los siglos XIX y XX.</p>
