{"id":1029,"date":"2020-11-17T11:03:01","date_gmt":"2020-11-17T16:03:01","guid":{"rendered":"https:\/\/www.dallassymphony.org\/?page_id=1029"},"modified":"2022-05-05T14:47:57","modified_gmt":"2022-05-05T19:47:57","slug":"gustav-holst","status":"publish","type":"page","link":"https:\/\/www.dallassymphony.org\/es\/community-education\/dso-kids\/listen-watch\/composers\/gustav-holst\/","title":{"rendered":"Gustav Holst"},"content":{"rendered":"<div class=\"hero__no-img bg-blue-8\">\n\t<div class=\"container\">\n\t\t<div class=\"row\">\n\t\t\t<div class=\"col-md-10\">\n\n\t\t\t\t<ul class=\"breadcrumbs\">\n    \t<li class=\"breadcrumb__link\">\n\t\t<a class=\"a-hover\" href=\"https:\/\/www.dallassymphony.org\/es\/\">Inicio<\/a>\n\t<\/li>\n    \t<li class=\"breadcrumb__link a-styles\">\n\t\t<a class=\"a-hover\" href=\"https:\/\/www.dallassymphony.org\/es\/community-education\/\">Educaci\u00f3n y Comunidad<\/a>\n\t<\/li>\n    \t<li class=\"breadcrumb__link a-styles\">\n\t\t<a class=\"a-hover\" href=\"https:\/\/www.dallassymphony.org\/es\/community-education\/dso-kids\/\">Para escuelas y profesores<\/a>\n\t<\/li>\n    \t<li class=\"breadcrumb__link a-styles\">\n\t\t<a class=\"a-hover\" href=\"https:\/\/www.dallassymphony.org\/es\/community-education\/dso-kids\/listen-watch\/\">Escuchar y ver<\/a>\n\t<\/li>\n    \t<li class=\"breadcrumb__link a-styles\">\n\t\t<a class=\"a-hover\" href=\"https:\/\/www.dallassymphony.org\/es\/community-education\/dso-kids\/listen-watch\/composers\/\">Compositores<\/a>\n\t<\/li>\n    <\/ul>\n\n                \t\t\t\t<h1>\n                    <span >Gustav Holst<\/span>\n                <\/h1>\n                \t\t\t<\/div>\n\t\t<\/div>\n\t<\/div>\n<\/div>\n\n\n<div class=\"text-img text-img--left\">\n\t<div class=\"container\">\n\t\t<div class=\"row\">\n\t\t\t<div class=\"col-lg-12\">\n\t\t\t\t<div class=\"text-img__wrapper\">\n\t\t\t\t\t<h1><\/h1>\n\n                    <img loading=\"lazy\" decoding=\"async\" width=\"666\" height=\"375\" src=\"https:\/\/www.dallassymphony.org\/wp-content\/uploads\/2022\/05\/Gustav-Holst-666x375.jpg\" class=\"d-xl-none d-block\" alt=\"Gustav Holst\" srcset=\"https:\/\/www.dallassymphony.org\/wp-content\/uploads\/2022\/05\/Gustav-Holst-666x375.jpg 666w, https:\/\/www.dallassymphony.org\/wp-content\/uploads\/2022\/05\/Gustav-Holst-300x169.jpg 300w, https:\/\/www.dallassymphony.org\/wp-content\/uploads\/2022\/05\/Gustav-Holst-1024x576.jpg 1024w, https:\/\/www.dallassymphony.org\/wp-content\/uploads\/2022\/05\/Gustav-Holst-768x432.jpg 768w, https:\/\/www.dallassymphony.org\/wp-content\/uploads\/2022\/05\/Gustav-Holst-1536x864.jpg 1536w, https:\/\/www.dallassymphony.org\/wp-content\/uploads\/2022\/05\/Gustav-Holst-18x10.jpg 18w, https:\/\/www.dallassymphony.org\/wp-content\/uploads\/2022\/05\/Gustav-Holst-388x218.jpg 388w, https:\/\/www.dallassymphony.org\/wp-content\/uploads\/2022\/05\/Gustav-Holst-540x303.jpg 540w, https:\/\/www.dallassymphony.org\/wp-content\/uploads\/2022\/05\/Gustav-Holst-735x413.jpg 735w, https:\/\/www.dallassymphony.org\/wp-content\/uploads\/2022\/05\/Gustav-Holst.jpg 1600w\" sizes=\"auto, (max-width: 666px) 100vw, 666px\" \/>\n\t\t\t\t\t<h5 id=\"h-dates\">FECHAS<\/h5>\n<p>Nacido en Cheltenham, Inglaterra, el 21 de septiembre de 1874<br \/>\nMuri\u00f3 en Inglaterra, el 25 de mayo de 1934<\/p>\n<h5 id=\"h-nationality\">NACIONALIDAD<\/h5>\n<p>Brit\u00e1nico<\/p>\n<h5 id=\"h-style-period\">ESTILO\/PERIODO<\/h5>\n<p>Rom\u00e1ntico 1820-1910<\/p>\n<h5 id=\"h-famous-works\">OBRAS FAMOSAS<\/h5>\n<p>Los Planetas, Segunda suite para la Banda Militar en Fa, Primera suite para la Banda Militar en Mi bemol<\/p>\n\n                    \n                <\/div>\n                <img loading=\"lazy\" decoding=\"async\" width=\"1600\" height=\"900\" src=\"https:\/\/www.dallassymphony.org\/wp-content\/uploads\/2022\/05\/Gustav-Holst-1600x900.jpg\" class=\"d-none d-xl-block\" alt=\"Gustav Holst\" srcset=\"https:\/\/www.dallassymphony.org\/wp-content\/uploads\/2022\/05\/Gustav-Holst.jpg 1600w, https:\/\/www.dallassymphony.org\/wp-content\/uploads\/2022\/05\/Gustav-Holst-300x169.jpg 300w, https:\/\/www.dallassymphony.org\/wp-content\/uploads\/2022\/05\/Gustav-Holst-1024x576.jpg 1024w, https:\/\/www.dallassymphony.org\/wp-content\/uploads\/2022\/05\/Gustav-Holst-768x432.jpg 768w, https:\/\/www.dallassymphony.org\/wp-content\/uploads\/2022\/05\/Gustav-Holst-1536x864.jpg 1536w, https:\/\/www.dallassymphony.org\/wp-content\/uploads\/2022\/05\/Gustav-Holst-18x10.jpg 18w, https:\/\/www.dallassymphony.org\/wp-content\/uploads\/2022\/05\/Gustav-Holst-388x218.jpg 388w, https:\/\/www.dallassymphony.org\/wp-content\/uploads\/2022\/05\/Gustav-Holst-540x303.jpg 540w, https:\/\/www.dallassymphony.org\/wp-content\/uploads\/2022\/05\/Gustav-Holst-666x375.jpg 666w, https:\/\/www.dallassymphony.org\/wp-content\/uploads\/2022\/05\/Gustav-Holst-735x413.jpg 735w\" sizes=\"auto, (max-width: 1600px) 100vw, 1600px\" \/>\t\t\t<\/div>\n\t\t<\/div>\n\t<\/div>\n<\/div>\n\n\n<div class=\"richtext m-spacer\">\n\t<div class=\"container\">\n\t\t<div class=\"row\">\n\t\t\t<div class=\"col-10\">\n\t\t\t\t\n\n<iframe loading=\"lazy\" width=\"50%\" height=\"20\" scrolling=\"no\" frameborder=\"no\" allow=\"autoplay\" src=\"https:\/\/w.soundcloud.com\/player\/?url=https%3A\/\/api.soundcloud.com\/tracks\/296377464&amp;color=%23ff5500&amp;inverse=false&amp;auto_play=false&amp;show_user=true\"><\/iframe>\n\n\n\n<div style=\"height:50px\" aria-hidden=\"true\" class=\"wp-block-spacer\"><\/div>\n\n\n\t\t\t<\/div>\n\t\t<\/div>\n\t<\/div>\n\n<\/div>\n\n\n<div class=\"richtext m-spacer\">\n\t<div class=\"container\">\n\t\t<div class=\"row\">\n\t\t\t<div class=\"col-10\">\n\t\t\t\t\n\n<hr class=\"wp-block-separator\"\/>\n\n\n\n<h3 class=\"wp-block-heading\" id=\"h-biography\">BIOGRAF\u00cdA<\/h3>\n\n\n\n<hr class=\"wp-block-separator\"\/>\n\n\n\n<p>Gustav Holst naci\u00f3 en una familia muy musical. Su padre era un&nbsp;<strong><a href=\"https:\/\/www.dallassymphony.org\/es\/community-education\/dso-kids\/listen-watch\/instruments\/piano\/\">pianista<\/a><\/strong>&nbsp;y su madre (que muri\u00f3 cuando \u00e9l ten\u00eda 8 a\u00f1os) era cantante. De ni\u00f1o, le ense\u00f1aron el&nbsp;<strong><a href=\"https:\/\/www.dallassymphony.org\/es\/community-education\/dso-kids\/listen-watch\/instruments\/piano\/\">piano<\/a><\/strong>,&nbsp;<strong><a href=\"https:\/\/www.dallassymphony.org\/es\/community-education\/dso-kids\/listen-watch\/instruments\/organ\/\">\u00f3rgano<\/a><\/strong>...y...&nbsp;<strong><a href=\"https:\/\/www.dallassymphony.org\/es\/community-education\/dso-kids\/listen-watch\/instruments\/trombone\/\">tromb\u00f3n<\/a><\/strong>. Estudi\u00f3 composici\u00f3n en el Royal College of Music de Londres (donde fue profesor m\u00e1s tarde en su vida). All\u00ed, conoci\u00f3 a otro compositor: Ralph Vaughan Williams.<\/p>\n\n\n\n<p>Pronto se convirtieron en maravillosos amigos. Holst y Vaughan Williams eran conocidos por pasar muchas horas teniendo conversaciones profundas sobre la m\u00fasica y la vida, pero sus estilos de composici\u00f3n musical eran muy diferentes. Despu\u00e9s de terminar la universidad, Holst toc\u00f3 su&nbsp;<a href=\"https:\/\/www.dallassymphony.org\/es\/community-education\/dso-kids\/listen-watch\/instruments\/trombone\/\"><strong>tromb\u00f3n<\/strong>&nbsp;<\/a>profesionalmente. Pronto se dio cuenta de que era dif\u00edcil ganarse la vida como&nbsp;<strong><a href=\"https:\/\/www.dallassymphony.org\/es\/community-education\/dso-kids\/listen-watch\/instruments\/trombone\/\">tromb\u00f3n<\/a><\/strong>&nbsp;y compositor, por lo que en 1904 acept\u00f3 un trabajo como director de m\u00fasica en la escuela femenina St. Paul's Girl's School de Hammersmith, un trabajo que mantuvo hasta su muerte.<\/p>\n\n\n\n<p>Fue durante su \u00e9poca de maestro que compuso su obra m\u00e1s famosa,&nbsp;<em>Los planetas<\/em>. Como estaba tan ocupado ense\u00f1ando a sus estudiantes, le tom\u00f3 m\u00e1s de dos a\u00f1os completar la pieza! Aunque hasta hoy se le conoce por&nbsp;<em>Los planetas<\/em>Holst nunca sinti\u00f3 que fuera el mejor ejemplo de sus composiciones. A lo largo de su vida, Holst continu\u00f3 componiendo m\u00fasica orquestal, m\u00fasica de conjuntos de viento, \u00f3peras, m\u00fasica de c\u00e1mara y m\u00fasica vocal de muchos estilos diferentes, y ten\u00eda un gran inter\u00e9s en varios tipos de literatura, poes\u00eda y astrolog\u00eda.<\/p>\n\n\n\t\t\t<\/div>\n\t\t<\/div>\n\t<\/div>\n\n<\/div>\n\n\n<div class=\"richtext m-spacer\">\n\t<div class=\"container\">\n\t\t<div class=\"row\">\n\t\t\t<div class=\"col-10\">\n\t\t\t\t\n\n<div class=\"wp-block-columns is-layout-flex wp-container-core-columns-is-layout-9d6595d7 wp-block-columns-is-layout-flex\">\n<div class=\"wp-block-column is-layout-flow wp-block-column-is-layout-flow\">\n<iframe loading=\"lazy\" width=\"100%\" height=\"166\" scrolling=\"no\" frameborder=\"no\" allow=\"autoplay\" src=\"https:\/\/w.soundcloud.com\/player\/?url=https%3A\/\/api.soundcloud.com\/tracks\/296377458&amp;color=%23ff5500&amp;auto_play=false&amp;hide_related=true&amp;show_comments=false&amp;show_user=true&amp;show_reposts=false&amp;show_teaser=false\"><\/iframe>\n<\/div>\n<\/div>\n\n\n\t\t\t<\/div>\n\t\t<\/div>\n\t<\/div>\n\n<\/div>\n\n\n<div class=\"richtext m-spacer\">\n\t<div class=\"container\">\n\t\t<div class=\"row\">\n\t\t\t<div class=\"col-10\">\n\t\t\t\t\n<div class=\"richtext m-spacer\">\n\t<div class=\"container\">\n\t\t<div class=\"row\">\n\t\t\t<div class=\"col-10\">\n\t\t\t\t\n\t\t\t<\/div>\n\t\t<\/div>\n\t<\/div>\n\n<\/div>\n\n\n\t\t\t<\/div>\n\t\t<\/div>\n\t<\/div>\n\n<\/div>","protected":false},"excerpt":{"rendered":"<p>Gustav Holst naci\u00f3 en una familia muy musical. Su padre era pianista y su madre (que muri\u00f3 cuando ten\u00eda 8 a\u00f1os) era cantante. De ni\u00f1o, le ense\u00f1aron piano, \u00f3rgano y tromb\u00f3n.<\/p>","protected":false},"author":3,"featured_media":8868,"parent":592,"menu_order":0,"comment_status":"closed","ping_status":"closed","template":"","meta":{"_acf_changed":false,"footnotes":""},"class_list":["post-1029","page","type-page","status-publish","has-post-thumbnail","hentry"],"acf":[],"_links":{"self":[{"href":"https:\/\/www.dallassymphony.org\/es\/wp-json\/wp\/v2\/pages\/1029","targetHints":{"allow":["GET"]}}],"collection":[{"href":"https:\/\/www.dallassymphony.org\/es\/wp-json\/wp\/v2\/pages"}],"about":[{"href":"https:\/\/www.dallassymphony.org\/es\/wp-json\/wp\/v2\/types\/page"}],"author":[{"embeddable":true,"href":"https:\/\/www.dallassymphony.org\/es\/wp-json\/wp\/v2\/users\/3"}],"replies":[{"embeddable":true,"href":"https:\/\/www.dallassymphony.org\/es\/wp-json\/wp\/v2\/comments?post=1029"}],"version-history":[{"count":0,"href":"https:\/\/www.dallassymphony.org\/es\/wp-json\/wp\/v2\/pages\/1029\/revisions"}],"up":[{"embeddable":true,"href":"https:\/\/www.dallassymphony.org\/es\/wp-json\/wp\/v2\/pages\/592"}],"wp:featuredmedia":[{"embeddable":true,"href":"https:\/\/www.dallassymphony.org\/es\/wp-json\/wp\/v2\/media\/8868"}],"wp:attachment":[{"href":"https:\/\/www.dallassymphony.org\/es\/wp-json\/wp\/v2\/media?parent=1029"}],"curies":[{"name":"wp","href":"https:\/\/api.w.org\/{rel}","templated":true}]}}

<div class="hero__no-img bg-blue-8">
	<div class="container">
		<div class="row">
			<div class="col-md-10">

				<ul class="breadcrumbs">
    	<li class="breadcrumb__link">
		<a class="a-hover" href="https://www.dallassymphony.org/es/">Inicio</a>
	</li>
    	<li class="breadcrumb__link a-styles">
		<a class="a-hover" href="https://www.dallassymphony.org/es/community-education/">Educación y Comunidad</a>
	</li>
    	<li class="breadcrumb__link a-styles">
		<a class="a-hover" href="https://www.dallassymphony.org/es/community-education/dso-kids/">Para escuelas y profesores</a>
	</li>
    	<li class="breadcrumb__link a-styles">
		<a class="a-hover" href="https://www.dallassymphony.org/es/community-education/dso-kids/listen-watch/">Escuchar y ver</a>
	</li>
    	<li class="breadcrumb__link a-styles">
		<a class="a-hover" href="https://www.dallassymphony.org/es/community-education/dso-kids/listen-watch/composers/">Compositores</a>
	</li>
    </ul>

                				<h1>
                    <span >Gustav Holst</span>
                </h1>
                			</div>
		</div>
	</div>
</div>


<div class="text-img text-img--left">
	<div class="container">
		<div class="row">
			<div class="col-lg-12">
				<div class="text-img__wrapper">
					<h1></h1>

                    <img loading="lazy" decoding="async" width="666" height="375" src="https://www.dallassymphony.org/wp-content/uploads/2022/05/Gustav-Holst-666x375.jpg" class="d-xl-none d-block" alt="Gustav Holst" srcset="https://www.dallassymphony.org/wp-content/uploads/2022/05/Gustav-Holst-666x375.jpg 666w, https://www.dallassymphony.org/wp-content/uploads/2022/05/Gustav-Holst-300x169.jpg 300w, https://www.dallassymphony.org/wp-content/uploads/2022/05/Gustav-Holst-1024x576.jpg 1024w, https://www.dallassymphony.org/wp-content/uploads/2022/05/Gustav-Holst-768x432.jpg 768w, https://www.dallassymphony.org/wp-content/uploads/2022/05/Gustav-Holst-1536x864.jpg 1536w, https://www.dallassymphony.org/wp-content/uploads/2022/05/Gustav-Holst-18x10.jpg 18w, https://www.dallassymphony.org/wp-content/uploads/2022/05/Gustav-Holst-388x218.jpg 388w, https://www.dallassymphony.org/wp-content/uploads/2022/05/Gustav-Holst-540x303.jpg 540w, https://www.dallassymphony.org/wp-content/uploads/2022/05/Gustav-Holst-735x413.jpg 735w, https://www.dallassymphony.org/wp-content/uploads/2022/05/Gustav-Holst.jpg 1600w" sizes="auto, (max-width: 666px) 100vw, 666px" />
					<h5 id="h-dates">FECHAS</h5>
<p>Nacido en Cheltenham, Inglaterra, el 21 de septiembre de 1874<br />
Murió en Inglaterra, el 25 de mayo de 1934</p>
<h5 id="h-nationality">NACIONALIDAD</h5>
<p>Británico</p>
<h5 id="h-style-period">ESTILO/PERIODO</h5>
<p>Romántico 1820-1910</p>
<h5 id="h-famous-works">OBRAS FAMOSAS</h5>
<p>Los Planetas, Segunda suite para la Banda Militar en Fa, Primera suite para la Banda Militar en Mi bemol</p>

                    
                </div>
                <img loading="lazy" decoding="async" width="1600" height="900" src="https://www.dallassymphony.org/wp-content/uploads/2022/05/Gustav-Holst-1600x900.jpg" class="d-none d-xl-block" alt="Gustav Holst" srcset="https://www.dallassymphony.org/wp-content/uploads/2022/05/Gustav-Holst.jpg 1600w, https://www.dallassymphony.org/wp-content/uploads/2022/05/Gustav-Holst-300x169.jpg 300w, https://www.dallassymphony.org/wp-content/uploads/2022/05/Gustav-Holst-1024x576.jpg 1024w, https://www.dallassymphony.org/wp-content/uploads/2022/05/Gustav-Holst-768x432.jpg 768w, https://www.dallassymphony.org/wp-content/uploads/2022/05/Gustav-Holst-1536x864.jpg 1536w, https://www.dallassymphony.org/wp-content/uploads/2022/05/Gustav-Holst-18x10.jpg 18w, https://www.dallassymphony.org/wp-content/uploads/2022/05/Gustav-Holst-388x218.jpg 388w, https://www.dallassymphony.org/wp-content/uploads/2022/05/Gustav-Holst-540x303.jpg 540w, https://www.dallassymphony.org/wp-content/uploads/2022/05/Gustav-Holst-666x375.jpg 666w, https://www.dallassymphony.org/wp-content/uploads/2022/05/Gustav-Holst-735x413.jpg 735w" sizes="auto, (max-width: 1600px) 100vw, 1600px" />			</div>
		</div>
	</div>
</div>


<div class="richtext m-spacer">
	<div class="container">
		<div class="row">
			<div class="col-10">
				

<iframe loading="lazy" width="50%" height="20" scrolling="no" frameborder="no" allow="autoplay" src="https://w.soundcloud.com/player/?url=https%3A//api.soundcloud.com/tracks/296377464&amp;color=%23ff5500&amp;inverse=false&amp;auto_play=false&amp;show_user=true"></iframe>



<div style="height:50px" aria-hidden="true" class="wp-block-spacer"></div>


			</div>
		</div>
	</div>

</div>


<div class="richtext m-spacer">
	<div class="container">
		<div class="row">
			<div class="col-10">
				

<hr class="wp-block-separator"/>



<h3 class="wp-block-heading" id="h-biography">BIOGRAFÍA</h3>



<hr class="wp-block-separator"/>



<p>Gustav Holst nació en una familia muy musical. Su padre era un&nbsp;<strong><a href="https://www.dallassymphony.org/es/community-education/dso-kids/listen-watch/instruments/piano/">pianista</a></strong>&nbsp;y su madre (que murió cuando él tenía 8 años) era cantante. De niño, le enseñaron el&nbsp;<strong><a href="https://www.dallassymphony.org/es/community-education/dso-kids/listen-watch/instruments/piano/">piano</a></strong>,&nbsp;<strong><a href="https://www.dallassymphony.org/es/community-education/dso-kids/listen-watch/instruments/organ/">órgano</a></strong>...y...&nbsp;<strong><a href="https://www.dallassymphony.org/es/community-education/dso-kids/listen-watch/instruments/trombone/">trombón</a></strong>. Estudió composición en el Royal College of Music de Londres (donde fue profesor más tarde en su vida). Allí, conoció a otro compositor: Ralph Vaughan Williams.</p>



<p>Pronto se convirtieron en maravillosos amigos. Holst y Vaughan Williams eran conocidos por pasar muchas horas teniendo conversaciones profundas sobre la música y la vida, pero sus estilos de composición musical eran muy diferentes. Después de terminar la universidad, Holst tocó su&nbsp;<a href="https://www.dallassymphony.org/es/community-education/dso-kids/listen-watch/instruments/trombone/"><strong>trombón</strong>&nbsp;</a>profesionalmente. Pronto se dio cuenta de que era difícil ganarse la vida como&nbsp;<strong><a href="https://www.dallassymphony.org/es/community-education/dso-kids/listen-watch/instruments/trombone/">trombón</a></strong>&nbsp;y compositor, por lo que en 1904 aceptó un trabajo como director de música en la escuela femenina St. Paul's Girl's School de Hammersmith, un trabajo que mantuvo hasta su muerte.</p>



<p>Fue durante su época de maestro que compuso su obra más famosa,&nbsp;<em>Los planetas</em>. Como estaba tan ocupado enseñando a sus estudiantes, le tomó más de dos años completar la pieza! Aunque hasta hoy se le conoce por&nbsp;<em>Los planetas</em>Holst nunca sintió que fuera el mejor ejemplo de sus composiciones. A lo largo de su vida, Holst continuó componiendo música orquestal, música de conjuntos de viento, óperas, música de cámara y música vocal de muchos estilos diferentes, y tenía un gran interés en varios tipos de literatura, poesía y astrología.</p>


			</div>
		</div>
	</div>

</div>


<div class="richtext m-spacer">
	<div class="container">
		<div class="row">
			<div class="col-10">
				

<div class="wp-block-columns is-layout-flex wp-container-core-columns-is-layout-9d6595d7 wp-block-columns-is-layout-flex">
<div class="wp-block-column is-layout-flow wp-block-column-is-layout-flow">
<iframe loading="lazy" width="100%" height="166" scrolling="no" frameborder="no" allow="autoplay" src="https://w.soundcloud.com/player/?url=https%3A//api.soundcloud.com/tracks/296377458&amp;color=%23ff5500&amp;auto_play=false&amp;hide_related=true&amp;show_comments=false&amp;show_user=true&amp;show_reposts=false&amp;show_teaser=false"></iframe>
</div>
</div>


			</div>
		</div>
	</div>

</div>


<div class="richtext m-spacer">
	<div class="container">
		<div class="row">
			<div class="col-10">
				
<div class="richtext m-spacer">
	<div class="container">
		<div class="row">
			<div class="col-10">
				
			</div>
		</div>
	</div>

</div>


			</div>
		</div>
	</div>

</div>

<p>Gustav Holst nació en una familia muy musical. Su padre era pianista y su madre (que murió cuando tenía 8 años) era cantante. De niño, le enseñaron piano, órgano y trombón.</p>
