{"id":1028,"date":"2020-11-17T11:02:48","date_gmt":"2020-11-17T16:02:48","guid":{"rendered":"https:\/\/www.dallassymphony.org\/?page_id=1028"},"modified":"2022-05-05T14:48:22","modified_gmt":"2022-05-05T19:48:22","slug":"edvard-grieg","status":"publish","type":"page","link":"https:\/\/www.dallassymphony.org\/es\/community-education\/dso-kids\/listen-watch\/composers\/edvard-grieg\/","title":{"rendered":"Edvard Grieg"},"content":{"rendered":"<div class=\"hero__no-img bg-blue-8\">\n\t<div class=\"container\">\n\t\t<div class=\"row\">\n\t\t\t<div class=\"col-md-10\">\n\n\t\t\t\t<ul class=\"breadcrumbs\">\n    \t<li class=\"breadcrumb__link\">\n\t\t<a class=\"a-hover\" href=\"https:\/\/www.dallassymphony.org\/es\/\">Inicio<\/a>\n\t<\/li>\n    \t<li class=\"breadcrumb__link a-styles\">\n\t\t<a class=\"a-hover\" href=\"https:\/\/www.dallassymphony.org\/es\/community-education\/\">Educaci\u00f3n y Comunidad<\/a>\n\t<\/li>\n    \t<li class=\"breadcrumb__link a-styles\">\n\t\t<a class=\"a-hover\" href=\"https:\/\/www.dallassymphony.org\/es\/community-education\/dso-kids\/\">Para escuelas y profesores<\/a>\n\t<\/li>\n    \t<li class=\"breadcrumb__link a-styles\">\n\t\t<a class=\"a-hover\" href=\"https:\/\/www.dallassymphony.org\/es\/community-education\/dso-kids\/listen-watch\/\">Escuchar y ver<\/a>\n\t<\/li>\n    \t<li class=\"breadcrumb__link a-styles\">\n\t\t<a class=\"a-hover\" href=\"https:\/\/www.dallassymphony.org\/es\/community-education\/dso-kids\/listen-watch\/composers\/\">Compositores<\/a>\n\t<\/li>\n    <\/ul>\n\n                \t\t\t\t<h1>\n                    <span >Edvard Grieg<\/span>\n                <\/h1>\n                \t\t\t<\/div>\n\t\t<\/div>\n\t<\/div>\n<\/div>\n\n\n<div class=\"text-img text-img--left\">\n\t<div class=\"container\">\n\t\t<div class=\"row\">\n\t\t\t<div class=\"col-lg-12\">\n\t\t\t\t<div class=\"text-img__wrapper\">\n\t\t\t\t\t<h1><\/h1>\n\n                    <img loading=\"lazy\" decoding=\"async\" width=\"666\" height=\"375\" src=\"https:\/\/www.dallassymphony.org\/wp-content\/uploads\/2022\/05\/Edvard-Grieg-666x375.jpg\" class=\"d-xl-none d-block\" alt=\"Edvard Grieg\" srcset=\"https:\/\/www.dallassymphony.org\/wp-content\/uploads\/2022\/05\/Edvard-Grieg-666x375.jpg 666w, https:\/\/www.dallassymphony.org\/wp-content\/uploads\/2022\/05\/Edvard-Grieg-300x169.jpg 300w, https:\/\/www.dallassymphony.org\/wp-content\/uploads\/2022\/05\/Edvard-Grieg-1024x576.jpg 1024w, https:\/\/www.dallassymphony.org\/wp-content\/uploads\/2022\/05\/Edvard-Grieg-768x432.jpg 768w, https:\/\/www.dallassymphony.org\/wp-content\/uploads\/2022\/05\/Edvard-Grieg-1536x864.jpg 1536w, https:\/\/www.dallassymphony.org\/wp-content\/uploads\/2022\/05\/Edvard-Grieg-18x10.jpg 18w, https:\/\/www.dallassymphony.org\/wp-content\/uploads\/2022\/05\/Edvard-Grieg-388x218.jpg 388w, https:\/\/www.dallassymphony.org\/wp-content\/uploads\/2022\/05\/Edvard-Grieg-540x303.jpg 540w, https:\/\/www.dallassymphony.org\/wp-content\/uploads\/2022\/05\/Edvard-Grieg-735x413.jpg 735w, https:\/\/www.dallassymphony.org\/wp-content\/uploads\/2022\/05\/Edvard-Grieg.jpg 1600w\" sizes=\"auto, (max-width: 666px) 100vw, 666px\" \/>\n\t\t\t\t\t<h5 id=\"h-dates\">FECHAS<\/h5>\n<p>Nacido en Bergen, Noruega, 1843<br \/>\nMuri\u00f3 en Bergen, Noruega, 1907<\/p>\n<h5 id=\"h-nationality\">NACIONALIDAD<\/h5>\n<p>Noruego<\/p>\n<h5 id=\"h-style-period\">ESTILO\/PERIODO<\/h5>\n<p>Rom\u00e1ntico 1820-1910<\/p>\n<h5 id=\"h-famous-works\">OBRAS FAMOSAS<\/h5>\n<p>En el Sal\u00f3n del Rey de la Monta\u00f1a, la suite de Peer Gynt<\/p>\n\n                    \n                <\/div>\n                <img loading=\"lazy\" decoding=\"async\" width=\"1600\" height=\"900\" src=\"https:\/\/www.dallassymphony.org\/wp-content\/uploads\/2022\/05\/Edvard-Grieg-1600x900.jpg\" class=\"d-none d-xl-block\" alt=\"Edvard Grieg\" srcset=\"https:\/\/www.dallassymphony.org\/wp-content\/uploads\/2022\/05\/Edvard-Grieg.jpg 1600w, https:\/\/www.dallassymphony.org\/wp-content\/uploads\/2022\/05\/Edvard-Grieg-300x169.jpg 300w, https:\/\/www.dallassymphony.org\/wp-content\/uploads\/2022\/05\/Edvard-Grieg-1024x576.jpg 1024w, https:\/\/www.dallassymphony.org\/wp-content\/uploads\/2022\/05\/Edvard-Grieg-768x432.jpg 768w, https:\/\/www.dallassymphony.org\/wp-content\/uploads\/2022\/05\/Edvard-Grieg-1536x864.jpg 1536w, https:\/\/www.dallassymphony.org\/wp-content\/uploads\/2022\/05\/Edvard-Grieg-18x10.jpg 18w, https:\/\/www.dallassymphony.org\/wp-content\/uploads\/2022\/05\/Edvard-Grieg-388x218.jpg 388w, https:\/\/www.dallassymphony.org\/wp-content\/uploads\/2022\/05\/Edvard-Grieg-540x303.jpg 540w, https:\/\/www.dallassymphony.org\/wp-content\/uploads\/2022\/05\/Edvard-Grieg-666x375.jpg 666w, https:\/\/www.dallassymphony.org\/wp-content\/uploads\/2022\/05\/Edvard-Grieg-735x413.jpg 735w\" sizes=\"auto, (max-width: 1600px) 100vw, 1600px\" \/>\t\t\t<\/div>\n\t\t<\/div>\n\t<\/div>\n<\/div>\n\n\n<div class=\"richtext m-spacer\">\n\t<div class=\"container\">\n\t\t<div class=\"row\">\n\t\t\t<div class=\"col-10\">\n\t\t\t\t\n\n<iframe loading=\"lazy\" width=\"50%\" height=\"20\" scrolling=\"no\" frameborder=\"no\" allow=\"autoplay\" src=\"https:\/\/w.soundcloud.com\/player\/?url=https%3A\/\/api.soundcloud.com\/tracks\/296372683&amp;color=%23ff5500&amp;inverse=false&amp;auto_play=false&amp;show_user=true\"><\/iframe>\n\n\n\n<div style=\"height:50px\" aria-hidden=\"true\" class=\"wp-block-spacer\"><\/div>\n\n\n\t\t\t<\/div>\n\t\t<\/div>\n\t<\/div>\n\n<\/div>\n\n\n<div class=\"richtext m-spacer\">\n\t<div class=\"container\">\n\t\t<div class=\"row\">\n\t\t\t<div class=\"col-10\">\n\t\t\t\t\n\n<hr class=\"wp-block-separator\"\/>\n\n\n\n<h3 class=\"wp-block-heading\" id=\"h-biography\">BIOGRAF\u00cdA<\/h3>\n\n\n\n<hr class=\"wp-block-separator\"\/>\n\n\n\n<p>Durante casi toda la vida de Grieg, su pa\u00eds native, luchaba por convertirse en una naci\u00f3n independiente. Hasta 1814, Noruega estuvo sometida a Dinamarca; desde 1814 hasta 1905, se vio obligada a unirse a Suecia. Dado que la m\u00fasica de Grieg desempe\u00f1\u00f3 un papel importante a la hora de dar al pueblo noruego su propia identidad, se le considera un h\u00e9roe en Noruega. Muchas de sus composiciones se basan en el sonido de las canciones populares noruegas. Pintan un cuadro musical de las monta\u00f1as, los bosques, los fiordos y los arroyos de este hermoso pa\u00eds.<\/p>\n\n\n\n<p>Las primeras lecciones de m\u00fasica de Grieg las recibi\u00f3 de su madre, y comenz\u00f3 a componer a los nueve a\u00f1os. Un famoso noruego&nbsp;<strong><a href=\"https:\/\/www.dallassymphony.org\/es\/community-education\/dso-kids\/listen-watch\/instruments\/violin\/\">violinista<\/a><\/strong>Ole Bull lo anim\u00f3 a ir al Conservatorio de Leipzig cuando ten\u00eda 15 a\u00f1os. Cuando se gradu\u00f3 cuatro a\u00f1os m\u00e1s tarde, era un consumado&nbsp;<strong><a href=\"https:\/\/www.dallassymphony.org\/es\/community-education\/dso-kids\/listen-watch\/instruments\/piano\/\">pianista<\/a><\/strong>&nbsp;y compositor.<\/p>\n\n\n\n<p>Aunque vivi\u00f3 varios a\u00f1os en Copenhague, Dinamarca, y \u00e9l y su esposa, una cantante, recorrieron Europa interpretando su m\u00fasica, sus \u00faltimos a\u00f1os los pas\u00f3 en su querida Noruega. En 1885, el Sr. y la Sra. Grieg se trasladaron a una villa llamada Troldhaugen, que significa \"Colina de los monta\u00f1eses\". Construy\u00f3 una peque\u00f1a caba\u00f1a, con vistas a las monta\u00f1as y a un fiordo, con un&nbsp;<strong><a href=\"https:\/\/www.dallassymphony.org\/es\/community-education\/dso-kids\/listen-watch\/instruments\/piano\/\">piano<\/a><\/strong>&nbsp;y un escritorio. Aqu\u00ed se escribieron algunas de sus m\u00e1s famosas composiciones.<\/p>\n\n\n\t\t\t<\/div>\n\t\t<\/div>\n\t<\/div>\n\n<\/div>\n\n\n<div class=\"richtext m-spacer\">\n\t<div class=\"container\">\n\t\t<div class=\"row\">\n\t\t\t<div class=\"col-10\">\n\t\t\t\t\n\n<div class=\"wp-block-columns is-layout-flex wp-container-core-columns-is-layout-9d6595d7 wp-block-columns-is-layout-flex\">\n<div class=\"wp-block-column is-layout-flow wp-block-column-is-layout-flow\">\n<iframe loading=\"lazy\" width=\"100%\" height=\"166\" scrolling=\"no\" frameborder=\"no\" allow=\"autoplay\" src=\"https:\/\/w.soundcloud.com\/player\/?url=https%3A\/\/api.soundcloud.com\/tracks\/304680528&amp;color=%23ff5500&amp;auto_play=false&amp;hide_related=true&amp;show_comments=false&amp;show_user=true&amp;show_reposts=false&amp;show_teaser=false\"><\/iframe>\n<\/div>\n<\/div>\n\n\n\t\t\t<\/div>\n\t\t<\/div>\n\t<\/div>\n\n<\/div>\n\n\n<div class=\"richtext m-spacer\">\n\t<div class=\"container\">\n\t\t<div class=\"row\">\n\t\t\t<div class=\"col-10\">\n\t\t\t\t\n<div class=\"richtext m-spacer\">\n\t<div class=\"container\">\n\t\t<div class=\"row\">\n\t\t\t<div class=\"col-10\">\n\t\t\t\t\n\t\t\t<\/div>\n\t\t<\/div>\n\t<\/div>\n\n<\/div>\n\n\n\t\t\t<\/div>\n\t\t<\/div>\n\t<\/div>\n\n<\/div>","protected":false},"excerpt":{"rendered":"<p>Durante casi toda la vida de Grieg, su pa\u00eds, Noruega, luchaba por convertirse en una naci\u00f3n independiente. Hasta 1814, Noruega estuvo sometida a Dinamarca; desde 1814 hasta 1905, se vio obligada a unirse a Suecia. Dado que la m\u00fasica de Grieg desempe\u00f1\u00f3 un papel importante a la hora de dar al pueblo noruego su propia identidad, se le considera un h\u00e9roe en Noruega.<\/p>","protected":false},"author":3,"featured_media":8867,"parent":592,"menu_order":0,"comment_status":"closed","ping_status":"closed","template":"","meta":{"_acf_changed":false,"footnotes":""},"class_list":["post-1028","page","type-page","status-publish","has-post-thumbnail","hentry"],"acf":[],"_links":{"self":[{"href":"https:\/\/www.dallassymphony.org\/es\/wp-json\/wp\/v2\/pages\/1028","targetHints":{"allow":["GET"]}}],"collection":[{"href":"https:\/\/www.dallassymphony.org\/es\/wp-json\/wp\/v2\/pages"}],"about":[{"href":"https:\/\/www.dallassymphony.org\/es\/wp-json\/wp\/v2\/types\/page"}],"author":[{"embeddable":true,"href":"https:\/\/www.dallassymphony.org\/es\/wp-json\/wp\/v2\/users\/3"}],"replies":[{"embeddable":true,"href":"https:\/\/www.dallassymphony.org\/es\/wp-json\/wp\/v2\/comments?post=1028"}],"version-history":[{"count":0,"href":"https:\/\/www.dallassymphony.org\/es\/wp-json\/wp\/v2\/pages\/1028\/revisions"}],"up":[{"embeddable":true,"href":"https:\/\/www.dallassymphony.org\/es\/wp-json\/wp\/v2\/pages\/592"}],"wp:featuredmedia":[{"embeddable":true,"href":"https:\/\/www.dallassymphony.org\/es\/wp-json\/wp\/v2\/media\/8867"}],"wp:attachment":[{"href":"https:\/\/www.dallassymphony.org\/es\/wp-json\/wp\/v2\/media?parent=1028"}],"curies":[{"name":"wp","href":"https:\/\/api.w.org\/{rel}","templated":true}]}}

<div class="hero__no-img bg-blue-8">
	<div class="container">
		<div class="row">
			<div class="col-md-10">

				<ul class="breadcrumbs">
    	<li class="breadcrumb__link">
		<a class="a-hover" href="https://www.dallassymphony.org/es/">Inicio</a>
	</li>
    	<li class="breadcrumb__link a-styles">
		<a class="a-hover" href="https://www.dallassymphony.org/es/community-education/">Educación y Comunidad</a>
	</li>
    	<li class="breadcrumb__link a-styles">
		<a class="a-hover" href="https://www.dallassymphony.org/es/community-education/dso-kids/">Para escuelas y profesores</a>
	</li>
    	<li class="breadcrumb__link a-styles">
		<a class="a-hover" href="https://www.dallassymphony.org/es/community-education/dso-kids/listen-watch/">Escuchar y ver</a>
	</li>
    	<li class="breadcrumb__link a-styles">
		<a class="a-hover" href="https://www.dallassymphony.org/es/community-education/dso-kids/listen-watch/composers/">Compositores</a>
	</li>
    </ul>

                				<h1>
                    <span >Edvard Grieg</span>
                </h1>
                			</div>
		</div>
	</div>
</div>


<div class="text-img text-img--left">
	<div class="container">
		<div class="row">
			<div class="col-lg-12">
				<div class="text-img__wrapper">
					<h1></h1>

                    <img loading="lazy" decoding="async" width="666" height="375" src="https://www.dallassymphony.org/wp-content/uploads/2022/05/Edvard-Grieg-666x375.jpg" class="d-xl-none d-block" alt="Edvard Grieg" srcset="https://www.dallassymphony.org/wp-content/uploads/2022/05/Edvard-Grieg-666x375.jpg 666w, https://www.dallassymphony.org/wp-content/uploads/2022/05/Edvard-Grieg-300x169.jpg 300w, https://www.dallassymphony.org/wp-content/uploads/2022/05/Edvard-Grieg-1024x576.jpg 1024w, https://www.dallassymphony.org/wp-content/uploads/2022/05/Edvard-Grieg-768x432.jpg 768w, https://www.dallassymphony.org/wp-content/uploads/2022/05/Edvard-Grieg-1536x864.jpg 1536w, https://www.dallassymphony.org/wp-content/uploads/2022/05/Edvard-Grieg-18x10.jpg 18w, https://www.dallassymphony.org/wp-content/uploads/2022/05/Edvard-Grieg-388x218.jpg 388w, https://www.dallassymphony.org/wp-content/uploads/2022/05/Edvard-Grieg-540x303.jpg 540w, https://www.dallassymphony.org/wp-content/uploads/2022/05/Edvard-Grieg-735x413.jpg 735w, https://www.dallassymphony.org/wp-content/uploads/2022/05/Edvard-Grieg.jpg 1600w" sizes="auto, (max-width: 666px) 100vw, 666px" />
					<h5 id="h-dates">FECHAS</h5>
<p>Nacido en Bergen, Noruega, 1843<br />
Murió en Bergen, Noruega, 1907</p>
<h5 id="h-nationality">NACIONALIDAD</h5>
<p>Noruego</p>
<h5 id="h-style-period">ESTILO/PERIODO</h5>
<p>Romántico 1820-1910</p>
<h5 id="h-famous-works">OBRAS FAMOSAS</h5>
<p>En el Salón del Rey de la Montaña, la suite de Peer Gynt</p>

                    
                </div>
                <img loading="lazy" decoding="async" width="1600" height="900" src="https://www.dallassymphony.org/wp-content/uploads/2022/05/Edvard-Grieg-1600x900.jpg" class="d-none d-xl-block" alt="Edvard Grieg" srcset="https://www.dallassymphony.org/wp-content/uploads/2022/05/Edvard-Grieg.jpg 1600w, https://www.dallassymphony.org/wp-content/uploads/2022/05/Edvard-Grieg-300x169.jpg 300w, https://www.dallassymphony.org/wp-content/uploads/2022/05/Edvard-Grieg-1024x576.jpg 1024w, https://www.dallassymphony.org/wp-content/uploads/2022/05/Edvard-Grieg-768x432.jpg 768w, https://www.dallassymphony.org/wp-content/uploads/2022/05/Edvard-Grieg-1536x864.jpg 1536w, https://www.dallassymphony.org/wp-content/uploads/2022/05/Edvard-Grieg-18x10.jpg 18w, https://www.dallassymphony.org/wp-content/uploads/2022/05/Edvard-Grieg-388x218.jpg 388w, https://www.dallassymphony.org/wp-content/uploads/2022/05/Edvard-Grieg-540x303.jpg 540w, https://www.dallassymphony.org/wp-content/uploads/2022/05/Edvard-Grieg-666x375.jpg 666w, https://www.dallassymphony.org/wp-content/uploads/2022/05/Edvard-Grieg-735x413.jpg 735w" sizes="auto, (max-width: 1600px) 100vw, 1600px" />			</div>
		</div>
	</div>
</div>


<div class="richtext m-spacer">
	<div class="container">
		<div class="row">
			<div class="col-10">
				

<iframe loading="lazy" width="50%" height="20" scrolling="no" frameborder="no" allow="autoplay" src="https://w.soundcloud.com/player/?url=https%3A//api.soundcloud.com/tracks/296372683&amp;color=%23ff5500&amp;inverse=false&amp;auto_play=false&amp;show_user=true"></iframe>



<div style="height:50px" aria-hidden="true" class="wp-block-spacer"></div>


			</div>
		</div>
	</div>

</div>


<div class="richtext m-spacer">
	<div class="container">
		<div class="row">
			<div class="col-10">
				

<hr class="wp-block-separator"/>



<h3 class="wp-block-heading" id="h-biography">BIOGRAFÍA</h3>



<hr class="wp-block-separator"/>



<p>Durante casi toda la vida de Grieg, su país native, luchaba por convertirse en una nación independiente. Hasta 1814, Noruega estuvo sometida a Dinamarca; desde 1814 hasta 1905, se vio obligada a unirse a Suecia. Dado que la música de Grieg desempeñó un papel importante a la hora de dar al pueblo noruego su propia identidad, se le considera un héroe en Noruega. Muchas de sus composiciones se basan en el sonido de las canciones populares noruegas. Pintan un cuadro musical de las montañas, los bosques, los fiordos y los arroyos de este hermoso país.</p>



<p>Las primeras lecciones de música de Grieg las recibió de su madre, y comenzó a componer a los nueve años. Un famoso noruego&nbsp;<strong><a href="https://www.dallassymphony.org/es/community-education/dso-kids/listen-watch/instruments/violin/">violinista</a></strong>Ole Bull lo animó a ir al Conservatorio de Leipzig cuando tenía 15 años. Cuando se graduó cuatro años más tarde, era un consumado&nbsp;<strong><a href="https://www.dallassymphony.org/es/community-education/dso-kids/listen-watch/instruments/piano/">pianista</a></strong>&nbsp;y compositor.</p>



<p>Aunque vivió varios años en Copenhague, Dinamarca, y él y su esposa, una cantante, recorrieron Europa interpretando su música, sus últimos años los pasó en su querida Noruega. En 1885, el Sr. y la Sra. Grieg se trasladaron a una villa llamada Troldhaugen, que significa "Colina de los montañeses". Construyó una pequeña cabaña, con vistas a las montañas y a un fiordo, con un&nbsp;<strong><a href="https://www.dallassymphony.org/es/community-education/dso-kids/listen-watch/instruments/piano/">piano</a></strong>&nbsp;y un escritorio. Aquí se escribieron algunas de sus más famosas composiciones.</p>


			</div>
		</div>
	</div>

</div>


<div class="richtext m-spacer">
	<div class="container">
		<div class="row">
			<div class="col-10">
				

<div class="wp-block-columns is-layout-flex wp-container-core-columns-is-layout-9d6595d7 wp-block-columns-is-layout-flex">
<div class="wp-block-column is-layout-flow wp-block-column-is-layout-flow">
<iframe loading="lazy" width="100%" height="166" scrolling="no" frameborder="no" allow="autoplay" src="https://w.soundcloud.com/player/?url=https%3A//api.soundcloud.com/tracks/304680528&amp;color=%23ff5500&amp;auto_play=false&amp;hide_related=true&amp;show_comments=false&amp;show_user=true&amp;show_reposts=false&amp;show_teaser=false"></iframe>
</div>
</div>


			</div>
		</div>
	</div>

</div>


<div class="richtext m-spacer">
	<div class="container">
		<div class="row">
			<div class="col-10">
				
<div class="richtext m-spacer">
	<div class="container">
		<div class="row">
			<div class="col-10">
				
			</div>
		</div>
	</div>

</div>


			</div>
		</div>
	</div>

</div>

<p>Durante casi toda la vida de Grieg, su país, Noruega, luchaba por convertirse en una nación independiente. Hasta 1814, Noruega estuvo sometida a Dinamarca; desde 1814 hasta 1905, se vio obligada a unirse a Suecia. Dado que la música de Grieg desempeñó un papel importante a la hora de dar al pueblo noruego su propia identidad, se le considera un héroe en Noruega.</p>
