{"id":8521,"date":"2022-03-25T15:59:42","date_gmt":"2022-03-25T20:59:42","guid":{"rendered":"https:\/\/www.dallassymphony.org\/?post_type=dso_prod_season&#038;p=8521"},"modified":"2022-05-25T17:16:17","modified_gmt":"2022-05-25T22:16:17","slug":"project-unity-together-we-sing","status":"publish","type":"dso_prod_season","link":"https:\/\/www.dallassymphony.org\/es\/productions\/project-unity-together-we-sing\/","title":{"rendered":"Proyecto Unidad: Juntos cantamos"},"content":{"rendered":"<div class=\"richtext m-spacer\">\n\t<div class=\"container\">\n\t\t<div class=\"row\">\n\t\t\t<div class=\"col-10\">\n\t\t\t\t\n\n<p>Una noche incre\u00edble de inspiraci\u00f3n,\u00a0<em>Juntos cantamos,\u00a0<\/em>\u00a0una presentaci\u00f3n musical que combina el gospel, la m\u00fasica cl\u00e1sica y la inspiraci\u00f3n, contar\u00e1 con un homenaje musical al artista Richard Smallwood, ganador de un premio Grammy, con artistas nacionales de la grabaci\u00f3n de gospel y con la participaci\u00f3n especial de Tamela Mann, la Orquesta Sinf\u00f3nica de Dallas y un coro multi\u00e9tnico y multiconfesional de 200 voces. El evento de este a\u00f1o, en beneficio de la organizaci\u00f3n sin \u00e1nimo de lucro Project Unity, con sede en Dallas, celebrar\u00e1 los sonidos armoniosos que nos unen a trav\u00e9s de la m\u00fasica. La noche de la diversidad tambi\u00e9n reconocer\u00e1 a los campeones que est\u00e1n trabajando incansablemente para abrir nuevos caminos para enfrentar y desmantelar el racismo con los primeros premios \"Together We\".<\/p>\n\n\n<div class=\"container\">\n    <div class=\"row\">\n        <div class=\"col-10\">\n            <div class=\"share d-flex align-items-center\">\n                <p class=\"mb-0 serif__light-16\">COMPARTIR<\/p><div data-network=\"facebook\" class=\"st-custom-button facebook\" data-title=\"&quot;Project\" unity: together we sing&quot; data-description=\"&quot;An\" incredible night of inspiration,\u00a0together sing,\u00a0\u00a0a musical presentation blending gospel, classical, and inspiration, will feature a tribute\u00a0to grammy award winning artist richard smallwood with national gospel recording artists featuring special guest tamela mann,\u00a0the dallas\u00a0symphony\u00a0orchestra,\u00a0and 200 voice multi-ethnic, multi-faith choir.&quot; data-message =\"&quot;An\" choir.\r\n\r\nhttps:>Facebook<span class=\"count\"><\/span><\/div>            <\/div>\n        <\/div>\n    <\/div>\n\n<\/div>\n\n\n\t\t\t<\/div>\n\t\t<\/div>\n\t<\/div>\n\n<\/div>\n\n\n    <div class=\"featured-concerts grad-to-left m-spacer\">\n        <div class=\"container-fluid\">\n            <div class=\"row\">\n                <div class=\"col-md-7 col-7 offset-md-1\">\n                    <h1 class=\"serif__elight-58-italic\">Tambi\u00e9n puede interesarle<\/h1>\n                <\/div>\n                <div class=\"col-md-4 col-5\">\n                    <div class=\"controls__wrapper\">\n                        <div class=\"slideshow__controls d-none d-lg-block\">\n                            <button class=\"controls__prev\"  data-button-id=\"d93cc986dd4782fe1ae9c9fb126fa710\">\n                                <svg xmlns=\"http:\/\/www.w3.org\/2000\/svg\" enable-background=\"new 0 0 24 24\" height=\"24\" viewbox=\"0 0 24 24\" width=\"24\">\n                                    <g><rect fill=\"none\" height=\"24\" width=\"24\"\/><path d=\"M12,4c4.41,0,8,3.59,8,8s-3.59,8-8,8s-8-3.59-8-8S7.59,4,12,4 M12,2C6.48,2,2,6.48,2,12c0,5.52,4.48,10,10,10 c5.52,0,10-4.48,10-10C22,6.48,17.52,2,12,2L12,2z M13,12l0-4h-2l0,4H8l4,4l4-4H13z\"\/><\/g>\n                                <\/svg>\n                            <\/button>\n                            <button class=\"controls__next\" data-button-id=\"d93cc986dd4782fe1ae9c9fb126fa710\">\n                                <svg xmlns=\"http:\/\/www.w3.org\/2000\/svg\" enable-background=\"new 0 0 24 24\" height=\"24\" viewbox=\"0 0 24 24\" width=\"24\">\n                                    <g><rect fill=\"none\" height=\"24\" width=\"24\"\/><path d=\"M12,4c4.41,0,8,3.59,8,8s-3.59,8-8,8s-8-3.59-8-8S7.59,4,12,4 M12,2C6.48,2,2,6.48,2,12c0,5.52,4.48,10,10,10 c5.52,0,10-4.48,10-10C22,6.48,17.52,2,12,2L12,2z M13,12l0-4h-2l0,4H8l4,4l4-4H13z\"\/><\/g>\n                                <\/svg>\n                            <\/button>\n                        <\/div>\n\n\t                                        <\/div>\n                <\/div>\n            <\/div>\n            <div class=\"row\">\n                <div class=\"col-md-11 offset-md-1\">\n                    <div class=\"slideshow\">\n                        <div class=\"dso__slides\" data-button-id=\"d93cc986dd4782fe1ae9c9fb126fa710\">\n                            <div class=\"concert__card\" style=\"margin-right: 15px\">\n    <a href=\"https:\/\/www.dallassymphony.org\/es\/?post_type=dso_prod_season&amp;p=5899\">\n        <div class=\"img__wrapper\">\n\t        <img loading=\"lazy\" decoding=\"async\" width=\"388\" height=\"218\" src=\"https:\/\/www.dallassymphony.org\/wp-content\/uploads\/2021\/04\/Gershwin-Bernstein-Joyce-Yang-1600x900-1-388x218.jpg\" class=\"attachment-388x218 size-388x218 wp-post-image\" alt=\"Joyce Yang\" srcset=\"https:\/\/www.dallassymphony.org\/wp-content\/uploads\/2021\/04\/Gershwin-Bernstein-Joyce-Yang-1600x900-1-388x218.jpg 388w, https:\/\/www.dallassymphony.org\/wp-content\/uploads\/2021\/04\/Gershwin-Bernstein-Joyce-Yang-1600x900-1-300x169.jpg 300w, https:\/\/www.dallassymphony.org\/wp-content\/uploads\/2021\/04\/Gershwin-Bernstein-Joyce-Yang-1600x900-1-1024x576.jpg 1024w, https:\/\/www.dallassymphony.org\/wp-content\/uploads\/2021\/04\/Gershwin-Bernstein-Joyce-Yang-1600x900-1-768x432.jpg 768w, https:\/\/www.dallassymphony.org\/wp-content\/uploads\/2021\/04\/Gershwin-Bernstein-Joyce-Yang-1600x900-1-1536x864.jpg 1536w, https:\/\/www.dallassymphony.org\/wp-content\/uploads\/2021\/04\/Gershwin-Bernstein-Joyce-Yang-1600x900-1-16x9.jpg 16w, https:\/\/www.dallassymphony.org\/wp-content\/uploads\/2021\/04\/Gershwin-Bernstein-Joyce-Yang-1600x900-1-540x303.jpg 540w, https:\/\/www.dallassymphony.org\/wp-content\/uploads\/2021\/04\/Gershwin-Bernstein-Joyce-Yang-1600x900-1-666x375.jpg 666w, https:\/\/www.dallassymphony.org\/wp-content\/uploads\/2021\/04\/Gershwin-Bernstein-Joyce-Yang-1600x900-1-735x413.jpg 735w, https:\/\/www.dallassymphony.org\/wp-content\/uploads\/2021\/04\/Gershwin-Bernstein-Joyce-Yang-1600x900-1.jpg 1600w\" sizes=\"auto, (max-width: 388px) 100vw, 388px\" \/>        <\/div>\n        <div class=\"content__wrapper\">\n            <h4 class=\"serif__light-22\">\n                West Side Story de Bernstein y el Concierto para piano de Gershwin            <\/h4>\n            <p class=\"serif__light-16-italic\">22 - 24 de abril de 2022<\/p>\n            <p class=\"sans-cond__med-14\">M\u00e1s informaci\u00f3n y compra de entradas<\/p>\n        <\/div>\n    <\/a>\n<\/div>\n\n<div class=\"concert__card\" style=\"margin-right: 15px\">\n    <a href=\"https:\/\/www.dallassymphony.org\/es\/productions\/yellowjackets-jazz-series\/\">\n        <div class=\"img__wrapper\">\n\t        <img loading=\"lazy\" decoding=\"async\" width=\"388\" height=\"218\" src=\"https:\/\/www.dallassymphony.org\/wp-content\/uploads\/2021\/09\/Yellowjackets-v2-1600x900-1-388x218.jpg\" class=\"attachment-388x218 size-388x218 wp-post-image\" alt=\"Los Yellowjackets\" srcset=\"https:\/\/www.dallassymphony.org\/wp-content\/uploads\/2021\/09\/Yellowjackets-v2-1600x900-1-388x218.jpg 388w, https:\/\/www.dallassymphony.org\/wp-content\/uploads\/2021\/09\/Yellowjackets-v2-1600x900-1-300x169.jpg 300w, https:\/\/www.dallassymphony.org\/wp-content\/uploads\/2021\/09\/Yellowjackets-v2-1600x900-1-1024x576.jpg 1024w, https:\/\/www.dallassymphony.org\/wp-content\/uploads\/2021\/09\/Yellowjackets-v2-1600x900-1-768x432.jpg 768w, https:\/\/www.dallassymphony.org\/wp-content\/uploads\/2021\/09\/Yellowjackets-v2-1600x900-1-1536x864.jpg 1536w, https:\/\/www.dallassymphony.org\/wp-content\/uploads\/2021\/09\/Yellowjackets-v2-1600x900-1-18x10.jpg 18w, https:\/\/www.dallassymphony.org\/wp-content\/uploads\/2021\/09\/Yellowjackets-v2-1600x900-1-540x303.jpg 540w, https:\/\/www.dallassymphony.org\/wp-content\/uploads\/2021\/09\/Yellowjackets-v2-1600x900-1-666x375.jpg 666w, https:\/\/www.dallassymphony.org\/wp-content\/uploads\/2021\/09\/Yellowjackets-v2-1600x900-1-735x413.jpg 735w, https:\/\/www.dallassymphony.org\/wp-content\/uploads\/2021\/09\/Yellowjackets-v2-1600x900-1.jpg 1600w\" sizes=\"auto, (max-width: 388px) 100vw, 388px\" \/>        <\/div>\n        <div class=\"content__wrapper\">\n            <h4 class=\"serif__light-22\">\n                Yellowjackets | Serie de Jazz            <\/h4>\n            <p class=\"serif__light-16-italic\">23 de mayo de 2022<\/p>\n            <p class=\"sans-cond__med-14\">M\u00e1s informaci\u00f3n y compra de entradas<\/p>\n        <\/div>\n    <\/a>\n<\/div>\n\n<div class=\"concert__card\" style=\"margin-right: 15px\">\n    <a href=\"https:\/\/www.dallassymphony.org\/es\/productions\/kirk-whalum-jazz-series\/\">\n        <div class=\"img__wrapper\">\n\t        <img loading=\"lazy\" decoding=\"async\" width=\"388\" height=\"218\" src=\"https:\/\/www.dallassymphony.org\/wp-content\/uploads\/2021\/09\/Kirk-Whalum-1600x900-1-388x218.jpg\" class=\"attachment-388x218 size-388x218 wp-post-image\" alt=\"Kirk Whalum | Serie de Jazz\" srcset=\"https:\/\/www.dallassymphony.org\/wp-content\/uploads\/2021\/09\/Kirk-Whalum-1600x900-1-388x218.jpg 388w, https:\/\/www.dallassymphony.org\/wp-content\/uploads\/2021\/09\/Kirk-Whalum-1600x900-1-300x169.jpg 300w, https:\/\/www.dallassymphony.org\/wp-content\/uploads\/2021\/09\/Kirk-Whalum-1600x900-1-1024x576.jpg 1024w, https:\/\/www.dallassymphony.org\/wp-content\/uploads\/2021\/09\/Kirk-Whalum-1600x900-1-768x432.jpg 768w, https:\/\/www.dallassymphony.org\/wp-content\/uploads\/2021\/09\/Kirk-Whalum-1600x900-1-1536x864.jpg 1536w, https:\/\/www.dallassymphony.org\/wp-content\/uploads\/2021\/09\/Kirk-Whalum-1600x900-1-18x10.jpg 18w, https:\/\/www.dallassymphony.org\/wp-content\/uploads\/2021\/09\/Kirk-Whalum-1600x900-1-540x303.jpg 540w, https:\/\/www.dallassymphony.org\/wp-content\/uploads\/2021\/09\/Kirk-Whalum-1600x900-1-666x375.jpg 666w, https:\/\/www.dallassymphony.org\/wp-content\/uploads\/2021\/09\/Kirk-Whalum-1600x900-1-735x413.jpg 735w, https:\/\/www.dallassymphony.org\/wp-content\/uploads\/2021\/09\/Kirk-Whalum-1600x900-1.jpg 1600w\" sizes=\"auto, (max-width: 388px) 100vw, 388px\" \/>        <\/div>\n        <div class=\"content__wrapper\">\n            <h4 class=\"serif__light-22\">\n                Kirk Whalum | Serie de Jazz            <\/h4>\n            <p class=\"serif__light-16-italic\">20 de junio de 2022<\/p>\n            <p class=\"sans-cond__med-14\">M\u00e1s informaci\u00f3n y compra de entradas<\/p>\n        <\/div>\n    <\/a>\n<\/div>\n\n                        <\/div>\n                    <\/div>\n                <\/div>\n            <\/div>\n            <div class=\"row\">\n                <div class=\"col-11 offset-1\">\n                    <div class=\"slideshow__controls d-lg-none\">\n                        <button class=\"controls__prev\" data-prev=\"#\" data-button-id=\"d93cc986dd4782fe1ae9c9fb126fa710\">\n                            <svg xmlns=\"http:\/\/www.w3.org\/2000\/svg\" enable-background=\"new 0 0 24 24\" height=\"24\" viewbox=\"0 0 24 24\" width=\"24\">\n                                <g><rect fill=\"none\" height=\"24\" width=\"24\"\/><path d=\"M12,4c4.41,0,8,3.59,8,8s-3.59,8-8,8s-8-3.59-8-8S7.59,4,12,4 M12,2C6.48,2,2,6.48,2,12c0,5.52,4.48,10,10,10 c5.52,0,10-4.48,10-10C22,6.48,17.52,2,12,2L12,2z M13,12l0-4h-2l0,4H8l4,4l4-4H13z\"\/><\/g>\n                            <\/svg>\n                        <\/button>\n                        <button class=\"controls__next\" data-next=\"#\" data-button-id=\"d93cc986dd4782fe1ae9c9fb126fa710\">\n                            <svg xmlns=\"http:\/\/www.w3.org\/2000\/svg\" enable-background=\"new 0 0 24 24\" height=\"24\" viewbox=\"0 0 24 24\" width=\"24\">\n                                <g><rect fill=\"none\" height=\"24\" width=\"24\"\/><path d=\"M12,4c4.41,0,8,3.59,8,8s-3.59,8-8,8s-8-3.59-8-8S7.59,4,12,4 M12,2C6.48,2,2,6.48,2,12c0,5.52,4.48,10,10,10 c5.52,0,10-4.48,10-10C22,6.48,17.52,2,12,2L12,2z M13,12l0-4h-2l0,4H8l4,4l4-4H13z\"\/><\/g>\n                            <\/svg>\n                        <\/button>\n                    <\/div>\n\n                <\/div>\n\n            <\/div>\n        <\/div>\n    <\/div>","protected":false},"excerpt":{"rendered":"<p>En una incre\u00edble noche de inspiraci\u00f3n, Together We Sing, una presentaci\u00f3n musical que combina gospel, m\u00fasica cl\u00e1sica e inspiraci\u00f3n, presentar\u00e1 un tributo musical al artista Richard Smallwood, ganador de un premio Grammy, con artistas nacionales de la grabaci\u00f3n de gospel que contar\u00e1n con la participaci\u00f3n especial de Tamela Mann, la Orquesta Sinf\u00f3nica de Dallas y un coro multi\u00e9tnico y multiconfesional de 200 voces.<\/p>","protected":false},"featured_media":8529,"template":"","dso_concert_series":[63],"class_list":["post-8521","dso_prod_season","type-dso_prod_season","status-publish","has-post-thumbnail","hentry","dso_concert_series-dallas-symphony-presents"],"acf":[],"_links":{"self":[{"href":"https:\/\/www.dallassymphony.org\/es\/wp-json\/wp\/v2\/dso_prod_season\/8521","targetHints":{"allow":["GET"]}}],"collection":[{"href":"https:\/\/www.dallassymphony.org\/es\/wp-json\/wp\/v2\/dso_prod_season"}],"about":[{"href":"https:\/\/www.dallassymphony.org\/es\/wp-json\/wp\/v2\/types\/dso_prod_season"}],"version-history":[{"count":0,"href":"https:\/\/www.dallassymphony.org\/es\/wp-json\/wp\/v2\/dso_prod_season\/8521\/revisions"}],"wp:featuredmedia":[{"embeddable":true,"href":"https:\/\/www.dallassymphony.org\/es\/wp-json\/wp\/v2\/media\/8529"}],"wp:attachment":[{"href":"https:\/\/www.dallassymphony.org\/es\/wp-json\/wp\/v2\/media?parent=8521"}],"wp:term":[{"taxonomy":"dso_concert_series","embeddable":true,"href":"https:\/\/www.dallassymphony.org\/es\/wp-json\/wp\/v2\/dso_concert_series?post=8521"}],"curies":[{"name":"wp","href":"https:\/\/api.w.org\/{rel}","templated":true}]}}

<div class="richtext m-spacer">
	<div class="container">
		<div class="row">
			<div class="col-10">
				

<p>Una noche increíble de inspiración, <em>Juntos cantamos, </em> una presentación musical que combina el gospel, la música clásica y la inspiración, contará con un homenaje musical al artista Richard Smallwood, ganador de un premio Grammy, con artistas nacionales de la grabación de gospel y con la participación especial de Tamela Mann, la Orquesta Sinfónica de Dallas y un coro multiétnico y multiconfesional de 200 voces. El evento de este año, en beneficio de la organización sin ánimo de lucro Project Unity, con sede en Dallas, celebrará los sonidos armoniosos que nos unen a través de la música. La noche de la diversidad también reconocerá a los campeones que están trabajando incansablemente para abrir nuevos caminos para enfrentar y desmantelar el racismo con los primeros premios "Together We".</p>


<div class="container">
    <div class="row">
        <div class="col-10">
            <div class="share d-flex align-items-center">
                <p class="mb-0 serif__light-16">COMPARTIR</p><div data-network="facebook" class="st-custom-button facebook" data-title="&quot;Project" unity: together we sing&quot; data-description="&quot;An" incredible night of inspiration, together sing,  a musical presentation blending gospel, classical, and inspiration, will feature a tribute to grammy award winning artist richard smallwood with national gospel recording artists featuring special guest tamela mann, the dallas symphony orchestra, and 200 voice multi-ethnic, multi-faith choir.&quot; data-message ="&quot;An" choir.

https:>Facebook<span class="count"></span></div>            </div>
        </div>
    </div>

</div>


			</div>
		</div>
	</div>

</div>


    <div class="featured-concerts grad-to-left m-spacer">
        <div class="container-fluid">
            <div class="row">
                <div class="col-md-7 col-7 offset-md-1">
                    <h1 class="serif__elight-58-italic">También puede interesarle</h1>
                </div>
                <div class="col-md-4 col-5">
                    <div class="controls__wrapper">
                        <div class="slideshow__controls d-none d-lg-block">
                            <button class="controls__prev"  data-button-id="d93cc986dd4782fe1ae9c9fb126fa710">
                                <svg xmlns="http://www.w3.org/2000/svg" enable-background="new 0 0 24 24" height="24" viewbox="0 0 24 24" width="24">
                                    <g><rect fill="none" height="24" width="24"/><path d="M12,4c4.41,0,8,3.59,8,8s-3.59,8-8,8s-8-3.59-8-8S7.59,4,12,4 M12,2C6.48,2,2,6.48,2,12c0,5.52,4.48,10,10,10 c5.52,0,10-4.48,10-10C22,6.48,17.52,2,12,2L12,2z M13,12l0-4h-2l0,4H8l4,4l4-4H13z"/></g>
                                </svg>
                            </button>
                            <button class="controls__next" data-button-id="d93cc986dd4782fe1ae9c9fb126fa710">
                                <svg xmlns="http://www.w3.org/2000/svg" enable-background="new 0 0 24 24" height="24" viewbox="0 0 24 24" width="24">
                                    <g><rect fill="none" height="24" width="24"/><path d="M12,4c4.41,0,8,3.59,8,8s-3.59,8-8,8s-8-3.59-8-8S7.59,4,12,4 M12,2C6.48,2,2,6.48,2,12c0,5.52,4.48,10,10,10 c5.52,0,10-4.48,10-10C22,6.48,17.52,2,12,2L12,2z M13,12l0-4h-2l0,4H8l4,4l4-4H13z"/></g>
                                </svg>
                            </button>
                        </div>

	                                        </div>
                </div>
            </div>
            <div class="row">
                <div class="col-md-11 offset-md-1">
                    <div class="slideshow">
                        <div class="dso__slides" data-button-id="d93cc986dd4782fe1ae9c9fb126fa710">
                            <div class="concert__card" style="margin-right: 15px">
    <a href="https://www.dallassymphony.org/es/?post_type=dso_prod_season&amp;p=5899">
        <div class="img__wrapper">
	        <img loading="lazy" decoding="async" width="388" height="218" src="https://www.dallassymphony.org/wp-content/uploads/2021/04/Gershwin-Bernstein-Joyce-Yang-1600x900-1-388x218.jpg" class="attachment-388x218 size-388x218 wp-post-image" alt="Joyce Yang" srcset="https://www.dallassymphony.org/wp-content/uploads/2021/04/Gershwin-Bernstein-Joyce-Yang-1600x900-1-388x218.jpg 388w, https://www.dallassymphony.org/wp-content/uploads/2021/04/Gershwin-Bernstein-Joyce-Yang-1600x900-1-300x169.jpg 300w, https://www.dallassymphony.org/wp-content/uploads/2021/04/Gershwin-Bernstein-Joyce-Yang-1600x900-1-1024x576.jpg 1024w, https://www.dallassymphony.org/wp-content/uploads/2021/04/Gershwin-Bernstein-Joyce-Yang-1600x900-1-768x432.jpg 768w, https://www.dallassymphony.org/wp-content/uploads/2021/04/Gershwin-Bernstein-Joyce-Yang-1600x900-1-1536x864.jpg 1536w, https://www.dallassymphony.org/wp-content/uploads/2021/04/Gershwin-Bernstein-Joyce-Yang-1600x900-1-16x9.jpg 16w, https://www.dallassymphony.org/wp-content/uploads/2021/04/Gershwin-Bernstein-Joyce-Yang-1600x900-1-540x303.jpg 540w, https://www.dallassymphony.org/wp-content/uploads/2021/04/Gershwin-Bernstein-Joyce-Yang-1600x900-1-666x375.jpg 666w, https://www.dallassymphony.org/wp-content/uploads/2021/04/Gershwin-Bernstein-Joyce-Yang-1600x900-1-735x413.jpg 735w, https://www.dallassymphony.org/wp-content/uploads/2021/04/Gershwin-Bernstein-Joyce-Yang-1600x900-1.jpg 1600w" sizes="auto, (max-width: 388px) 100vw, 388px" />        </div>
        <div class="content__wrapper">
            <h4 class="serif__light-22">
                West Side Story de Bernstein y el Concierto para piano de Gershwin            </h4>
            <p class="serif__light-16-italic">22 - 24 de abril de 2022</p>
            <p class="sans-cond__med-14">Más información y compra de entradas</p>
        </div>
    </a>
</div>

<div class="concert__card" style="margin-right: 15px">
    <a href="https://www.dallassymphony.org/es/productions/yellowjackets-jazz-series/">
        <div class="img__wrapper">
	        <img loading="lazy" decoding="async" width="388" height="218" src="https://www.dallassymphony.org/wp-content/uploads/2021/09/Yellowjackets-v2-1600x900-1-388x218.jpg" class="attachment-388x218 size-388x218 wp-post-image" alt="Los Yellowjackets" srcset="https://www.dallassymphony.org/wp-content/uploads/2021/09/Yellowjackets-v2-1600x900-1-388x218.jpg 388w, https://www.dallassymphony.org/wp-content/uploads/2021/09/Yellowjackets-v2-1600x900-1-300x169.jpg 300w, https://www.dallassymphony.org/wp-content/uploads/2021/09/Yellowjackets-v2-1600x900-1-1024x576.jpg 1024w, https://www.dallassymphony.org/wp-content/uploads/2021/09/Yellowjackets-v2-1600x900-1-768x432.jpg 768w, https://www.dallassymphony.org/wp-content/uploads/2021/09/Yellowjackets-v2-1600x900-1-1536x864.jpg 1536w, https://www.dallassymphony.org/wp-content/uploads/2021/09/Yellowjackets-v2-1600x900-1-18x10.jpg 18w, https://www.dallassymphony.org/wp-content/uploads/2021/09/Yellowjackets-v2-1600x900-1-540x303.jpg 540w, https://www.dallassymphony.org/wp-content/uploads/2021/09/Yellowjackets-v2-1600x900-1-666x375.jpg 666w, https://www.dallassymphony.org/wp-content/uploads/2021/09/Yellowjackets-v2-1600x900-1-735x413.jpg 735w, https://www.dallassymphony.org/wp-content/uploads/2021/09/Yellowjackets-v2-1600x900-1.jpg 1600w" sizes="auto, (max-width: 388px) 100vw, 388px" />        </div>
        <div class="content__wrapper">
            <h4 class="serif__light-22">
                Yellowjackets | Serie de Jazz            </h4>
            <p class="serif__light-16-italic">23 de mayo de 2022</p>
            <p class="sans-cond__med-14">Más información y compra de entradas</p>
        </div>
    </a>
</div>

<div class="concert__card" style="margin-right: 15px">
    <a href="https://www.dallassymphony.org/es/productions/kirk-whalum-jazz-series/">
        <div class="img__wrapper">
	        <img loading="lazy" decoding="async" width="388" height="218" src="https://www.dallassymphony.org/wp-content/uploads/2021/09/Kirk-Whalum-1600x900-1-388x218.jpg" class="attachment-388x218 size-388x218 wp-post-image" alt="Kirk Whalum | Serie de Jazz" srcset="https://www.dallassymphony.org/wp-content/uploads/2021/09/Kirk-Whalum-1600x900-1-388x218.jpg 388w, https://www.dallassymphony.org/wp-content/uploads/2021/09/Kirk-Whalum-1600x900-1-300x169.jpg 300w, https://www.dallassymphony.org/wp-content/uploads/2021/09/Kirk-Whalum-1600x900-1-1024x576.jpg 1024w, https://www.dallassymphony.org/wp-content/uploads/2021/09/Kirk-Whalum-1600x900-1-768x432.jpg 768w, https://www.dallassymphony.org/wp-content/uploads/2021/09/Kirk-Whalum-1600x900-1-1536x864.jpg 1536w, https://www.dallassymphony.org/wp-content/uploads/2021/09/Kirk-Whalum-1600x900-1-18x10.jpg 18w, https://www.dallassymphony.org/wp-content/uploads/2021/09/Kirk-Whalum-1600x900-1-540x303.jpg 540w, https://www.dallassymphony.org/wp-content/uploads/2021/09/Kirk-Whalum-1600x900-1-666x375.jpg 666w, https://www.dallassymphony.org/wp-content/uploads/2021/09/Kirk-Whalum-1600x900-1-735x413.jpg 735w, https://www.dallassymphony.org/wp-content/uploads/2021/09/Kirk-Whalum-1600x900-1.jpg 1600w" sizes="auto, (max-width: 388px) 100vw, 388px" />        </div>
        <div class="content__wrapper">
            <h4 class="serif__light-22">
                Kirk Whalum | Serie de Jazz            </h4>
            <p class="serif__light-16-italic">20 de junio de 2022</p>
            <p class="sans-cond__med-14">Más información y compra de entradas</p>
        </div>
    </a>
</div>

                        </div>
                    </div>
                </div>
            </div>
            <div class="row">
                <div class="col-11 offset-1">
                    <div class="slideshow__controls d-lg-none">
                        <button class="controls__prev" data-prev="#" data-button-id="d93cc986dd4782fe1ae9c9fb126fa710">
                            <svg xmlns="http://www.w3.org/2000/svg" enable-background="new 0 0 24 24" height="24" viewbox="0 0 24 24" width="24">
                                <g><rect fill="none" height="24" width="24"/><path d="M12,4c4.41,0,8,3.59,8,8s-3.59,8-8,8s-8-3.59-8-8S7.59,4,12,4 M12,2C6.48,2,2,6.48,2,12c0,5.52,4.48,10,10,10 c5.52,0,10-4.48,10-10C22,6.48,17.52,2,12,2L12,2z M13,12l0-4h-2l0,4H8l4,4l4-4H13z"/></g>
                            </svg>
                        </button>
                        <button class="controls__next" data-next="#" data-button-id="d93cc986dd4782fe1ae9c9fb126fa710">
                            <svg xmlns="http://www.w3.org/2000/svg" enable-background="new 0 0 24 24" height="24" viewbox="0 0 24 24" width="24">
                                <g><rect fill="none" height="24" width="24"/><path d="M12,4c4.41,0,8,3.59,8,8s-3.59,8-8,8s-8-3.59-8-8S7.59,4,12,4 M12,2C6.48,2,2,6.48,2,12c0,5.52,4.48,10,10,10 c5.52,0,10-4.48,10-10C22,6.48,17.52,2,12,2L12,2z M13,12l0-4h-2l0,4H8l4,4l4-4H13z"/></g>
                            </svg>
                        </button>
                    </div>

                </div>

            </div>
        </div>
    </div>

<p>En una increíble noche de inspiración, Together We Sing, una presentación musical que combina gospel, música clásica e inspiración, presentará un tributo musical al artista Richard Smallwood, ganador de un premio Grammy, con artistas nacionales de la grabación de gospel que contarán con la participación especial de Tamela Mann, la Orquesta Sinfónica de Dallas y un coro multiétnico y multiconfesional de 200 voces.</p>
