{"id":7498,"date":"2021-11-01T15:52:13","date_gmt":"2021-11-01T20:52:13","guid":{"rendered":"https:\/\/www.dallassymphony.org\/?post_type=dso_prod_season&#038;p=7498"},"modified":"2022-01-10T12:23:35","modified_gmt":"2022-01-10T18:23:35","slug":"on-the-move-2022-dallas-regional-chamber-annual-meeting-presented-by-jacobs","status":"publish","type":"dso_prod_season","link":"https:\/\/www.dallassymphony.org\/es\/productions\/on-the-move-2022-dallas-regional-chamber-annual-meeting-presented-by-jacobs\/","title":{"rendered":"EN MARCHA: Reuni\u00f3n anual de la C\u00e1mara Regional de Dallas 2022 presentada por JACOBS"},"content":{"rendered":"<div class=\"richtext m-spacer\">\n\t<div class=\"container\">\n\t\t<div class=\"row\">\n\t\t\t<div class=\"col-10\">\n\t\t\t\t\n\n<p>\u201c<strong>EN MARCHA<\/strong>La Reuni\u00f3n Anual de la DRC, presentada por Jacobs, es el principal evento empresarial de la regi\u00f3n de Dallas, que re\u00fane a los principales l\u00edderes profesionales y comunitarios para celebrar nuestra vibrante regi\u00f3n. El programa presencial contar\u00e1 con la intervenci\u00f3n de <strong>Bob Jordan<\/strong>Vicepresidente Ejecutivo y Director General entrante de Southwest Airlines Co., en conversaci\u00f3n con <strong>Melissa Reiff<\/strong>La Sra. Kolman, ex directora general y presidenta de The Container Store, as\u00ed como la opini\u00f3n de los l\u00edderes pol\u00edticos, sin \u00e1nimo de lucro y del sector de nuestra regi\u00f3n.<\/p>\n\n\n\n<ul class=\"wp-block-list\"><li>3:30-4:30PM | Recepci\u00f3n VIP en la Terraza Loge para los patrocinadores de presentaci\u00f3n a trav\u00e9s de Bronce* (s\u00f3lo con invitaci\u00f3n)<\/li><li>4:30-5:45PM | Evento principal en la Sala de Conciertos Eugene McDermott para todos los invitados<\/li><li>5:45-7:00PM | Hora feliz en el vest\u00edbulo del Renacimiento para todos los invitados<\/li><\/ul>\n\n\n\n<blockquote class=\"wp-block-quote is-layout-flow wp-block-quote-is-layout-flow\"><p><em>*Se pueden adquirir patrocinios de firma (antes mesa corporativa) de 8 asientos prioritarios en el suelo adyacente a trav\u00e9s de este sitio web enviando el c\u00f3digo de promoci\u00f3n\u00a0<strong>FIRMA\u00a0<\/strong>en la caja.\u00a0<strong>Debe elegir 8 plazas para que el precio se refleje en el carrito.<\/strong><\/em><\/p><p><\/p><p><em><strong>Tenga en cuenta:<\/strong> Este evento es presentado por un presentador visitante. <\/em><\/p><\/blockquote>\n\n\n\n<hr class=\"wp-block-separator\"\/>\n\n\n\n<p><strong>SEGURIDAD DE LOS INVITADOS<\/strong>: El DRC est\u00e1 trabajando con nuestros socios de confianza, la Orquesta Sinf\u00f3nica de Dallas, el servicio de catering, el equipo de aparcacoches y el personal temporal, para garantizar un entorno lo m\u00e1s seguro posible para todos los invitados. Para ello, tenemos varios protocolos en marcha y actualizaremos los detalles en los pr\u00f3ximos d\u00edas <a href=\"https:\/\/www.dallaschamber.org\/events\/annual-meeting\/\" target=\"_blank\" rel=\"noopener\">en nuestro sitio web<\/a>.<\/p>\n\n\n\n<p>Todos los invitados deber\u00e1n presentar una prueba IMPRESA de una prueba de PCR COVID-19 negative en las 72 horas previas al evento O de una vacunaci\u00f3n completa antes de entrar en el recinto. No se aceptar\u00e1n los resultados de las pruebas realizadas en casa. Alternaativemente, los invitados pueden estar completamente vacunados contra el COVID-19 (al menos dos semanas despu\u00e9s de la \u00faltima dosis) y presentar una prueba de vacunaci\u00f3n: la tarjeta de vacunaci\u00f3n original, una copia impresa de la tarjeta de vacunaci\u00f3n o una versi\u00f3n digital con una prueba de identificaci\u00f3n. Es su responsabilidad informar a sus invitados de esta pol\u00edtica de seguridad y asegurarse de que est\u00e1n preparados antes de la entrada.<\/p>\n\n\n\n<p>Los invitados deber\u00e1n llevar m\u00e1scaras durante todo el evento cuando no est\u00e9n comiendo o bebiendo activamente.<\/p>\n\n\n\n<hr class=\"wp-block-separator\"\/>\n\n\n\t\t\t<\/div>\n\t\t<\/div>\n\t<\/div>\n\n<\/div>\n\n\n<div class=\"richtext m-spacer\">\n\t<div class=\"container\">\n\t\t<div class=\"row\">\n\t\t\t<div class=\"col-10\">\n\t\t\t\t\n<div class=\"container\">\n    <div class=\"row\">\n        <div class=\"col-10\">\n            <div class=\"share d-flex align-items-center\">\n                <p class=\"mb-0 serif__light-16\">COMPARTIR<\/p><div data-network=\"facebook\" class=\"st-custom-button facebook\" data-title=\"&quot;ON\" the move: 2022 dallas regional chamber annual meeting presented by jacobs&quot; data-description=\"&quot;The\" region\u2019s premier business event brings together top professional and community leaders to celebrate our vibrant region. in-person program will feature keynote bob jordan, incoming ceo of southwest airlines co., in conversation with melissa reiff, former &amp; chairwoman container store, as well insight from political, nonprofit industry leaders.&quot; data-message =\"&quot;The\" leaders.\r\n\r\nhttps:>Facebook<span class=\"count\"><\/span><\/div>            <\/div>\n        <\/div>\n    <\/div>\n\n<\/div>\n\n\n\t\t\t<\/div>\n\t\t<\/div>\n\t<\/div>\n\n<\/div>\n\n\n<div class=\"edp-musician-grid m-spacer grad-to-right\">\n\t<div class=\"container\">\n\t\t<div class=\"row\">\n\t\t\t<div class=\"col-12\">\n\t\t\t\t<h1><\/h1>\n\t\t\t\t<h2><\/h2>\n\t\t\t<\/div>\n\t\t<\/div>\n\t\t<div class=\"row\">\n\t\t\t<div class=\"col-lg-6\">\n\t<div class=\"edp__musician-card\">\n\t\t<img loading=\"lazy\" decoding=\"async\" width=\"262\" height=\"262\" src=\"https:\/\/www.dallassymphony.org\/wp-content\/uploads\/2021\/11\/Bob-Jordan-1200x1200-1-262x262.jpg\" class=\"attachment-262x262 size-262x262 wp-post-image\" alt=\"Bob Jordan\" srcset=\"https:\/\/www.dallassymphony.org\/wp-content\/uploads\/2021\/11\/Bob-Jordan-1200x1200-1-262x262.jpg 262w, https:\/\/www.dallassymphony.org\/wp-content\/uploads\/2021\/11\/Bob-Jordan-1200x1200-1-300x300.jpg 300w, https:\/\/www.dallassymphony.org\/wp-content\/uploads\/2021\/11\/Bob-Jordan-1200x1200-1-1024x1024.jpg 1024w, https:\/\/www.dallassymphony.org\/wp-content\/uploads\/2021\/11\/Bob-Jordan-1200x1200-1-150x150.jpg 150w, https:\/\/www.dallassymphony.org\/wp-content\/uploads\/2021\/11\/Bob-Jordan-1200x1200-1-768x768.jpg 768w, https:\/\/www.dallassymphony.org\/wp-content\/uploads\/2021\/11\/Bob-Jordan-1200x1200-1-12x12.jpg 12w, https:\/\/www.dallassymphony.org\/wp-content\/uploads\/2021\/11\/Bob-Jordan-1200x1200-1-350x350.jpg 350w, https:\/\/www.dallassymphony.org\/wp-content\/uploads\/2021\/11\/Bob-Jordan-1200x1200-1-445x445.jpg 445w, https:\/\/www.dallassymphony.org\/wp-content\/uploads\/2021\/11\/Bob-Jordan-1200x1200-1.jpg 1200w\" sizes=\"auto, (max-width: 262px) 100vw, 262px\" \/>\t\t<div class=\"content__wrapper\">\n\t\t\t<h4>Bob Jordan<\/h4>\n\n\t\t\t<p>Vicepresidente Ejecutivo y Director General entrante<\/p>\n\n                            <a class=\"a-hover\" href=\"https:\/\/www.dallassymphony.org\/es\/people\/bob-jordan\/\">Leer m\u00e1s<\/a>\n            \t\t<\/div>\n\t<\/div>\n<\/div>\t\t<\/div>\n\t<\/div>\n<\/div>","protected":false},"excerpt":{"rendered":"<p>El principal evento empresarial de la regi\u00f3n de Dallas re\u00fane a los principales l\u00edderes profesionales y comunitarios para celebrar nuestra vibrante regi\u00f3n. El programa presencial contar\u00e1 con la intervenci\u00f3n de Bob Jordan, nuevo director general de Southwest Airlines Co, en conversaci\u00f3n con Melissa Reiff, antigua directora general y presidenta de The Container Store, as\u00ed como con la opini\u00f3n de los l\u00edderes pol\u00edticos, sin \u00e1nimo de lucro y del sector de nuestra regi\u00f3n.<\/p>","protected":false},"featured_media":7507,"template":"","dso_concert_series":[],"class_list":["post-7498","dso_prod_season","type-dso_prod_season","status-publish","has-post-thumbnail","hentry"],"acf":[],"_links":{"self":[{"href":"https:\/\/www.dallassymphony.org\/es\/wp-json\/wp\/v2\/dso_prod_season\/7498","targetHints":{"allow":["GET"]}}],"collection":[{"href":"https:\/\/www.dallassymphony.org\/es\/wp-json\/wp\/v2\/dso_prod_season"}],"about":[{"href":"https:\/\/www.dallassymphony.org\/es\/wp-json\/wp\/v2\/types\/dso_prod_season"}],"version-history":[{"count":0,"href":"https:\/\/www.dallassymphony.org\/es\/wp-json\/wp\/v2\/dso_prod_season\/7498\/revisions"}],"wp:featuredmedia":[{"embeddable":true,"href":"https:\/\/www.dallassymphony.org\/es\/wp-json\/wp\/v2\/media\/7507"}],"wp:attachment":[{"href":"https:\/\/www.dallassymphony.org\/es\/wp-json\/wp\/v2\/media?parent=7498"}],"wp:term":[{"taxonomy":"dso_concert_series","embeddable":true,"href":"https:\/\/www.dallassymphony.org\/es\/wp-json\/wp\/v2\/dso_concert_series?post=7498"}],"curies":[{"name":"wp","href":"https:\/\/api.w.org\/{rel}","templated":true}]}}

EN MARCHA: Reunión anual de la Cámara Regional de Dallas 2022 presentada por JACOBS

<div class="richtext m-spacer">
	<div class="container">
		<div class="row">
			<div class="col-10">
				

<p>“<strong>EN MARCHA</strong>La Reunión Anual de la DRC, presentada por Jacobs, es el principal evento empresarial de la región de Dallas, que reúne a los principales líderes profesionales y comunitarios para celebrar nuestra vibrante región. El programa presencial contará con la intervención de <strong>Bob Jordan</strong>Vicepresidente Ejecutivo y Director General entrante de Southwest Airlines Co., en conversación con <strong>Melissa Reiff</strong>La Sra. Kolman, ex directora general y presidenta de The Container Store, así como la opinión de los líderes políticos, sin ánimo de lucro y del sector de nuestra región.</p>



<ul class="wp-block-list"><li>3:30-4:30PM | Recepción VIP en la Terraza Loge para los patrocinadores de presentación a través de Bronce* (sólo con invitación)</li><li>4:30-5:45PM | Evento principal en la Sala de Conciertos Eugene McDermott para todos los invitados</li><li>5:45-7:00PM | Hora feliz en el vestíbulo del Renacimiento para todos los invitados</li></ul>



<blockquote class="wp-block-quote is-layout-flow wp-block-quote-is-layout-flow"><p><em>*Se pueden adquirir patrocinios de firma (antes mesa corporativa) de 8 asientos prioritarios en el suelo adyacente a través de este sitio web enviando el código de promoción <strong>FIRMA </strong>en la caja. <strong>Debe elegir 8 plazas para que el precio se refleje en el carrito.</strong></em></p><p></p><p><em><strong>Tenga en cuenta:</strong> Este evento es presentado por un presentador visitante. </em></p></blockquote>



<hr class="wp-block-separator"/>



<p><strong>SEGURIDAD DE LOS INVITADOS</strong>: El DRC está trabajando con nuestros socios de confianza, la Orquesta Sinfónica de Dallas, el servicio de catering, el equipo de aparcacoches y el personal temporal, para garantizar un entorno lo más seguro posible para todos los invitados. Para ello, tenemos varios protocolos en marcha y actualizaremos los detalles en los próximos días <a href="https://www.dallaschamber.org/events/annual-meeting/" target="_blank" rel="noopener">en nuestro sitio web</a>.</p>



<p>Todos los invitados deberán presentar una prueba IMPRESA de una prueba de PCR COVID-19 negative en las 72 horas previas al evento O de una vacunación completa antes de entrar en el recinto. No se aceptarán los resultados de las pruebas realizadas en casa. Alternaativemente, los invitados pueden estar completamente vacunados contra el COVID-19 (al menos dos semanas después de la última dosis) y presentar una prueba de vacunación: la tarjeta de vacunación original, una copia impresa de la tarjeta de vacunación o una versión digital con una prueba de identificación. Es su responsabilidad informar a sus invitados de esta política de seguridad y asegurarse de que están preparados antes de la entrada.</p>



<p>Los invitados deberán llevar máscaras durante todo el evento cuando no estén comiendo o bebiendo activamente.</p>



<hr class="wp-block-separator"/>


			</div>
		</div>
	</div>

</div>


<div class="richtext m-spacer">
	<div class="container">
		<div class="row">
			<div class="col-10">
				
<div class="container">
    <div class="row">
        <div class="col-10">
            <div class="share d-flex align-items-center">
                <p class="mb-0 serif__light-16">COMPARTIR</p><div data-network="facebook" class="st-custom-button facebook" data-title="&quot;ON" the move: 2022 dallas regional chamber annual meeting presented by jacobs&quot; data-description="&quot;The" region’s premier business event brings together top professional and community leaders to celebrate our vibrant region. in-person program will feature keynote bob jordan, incoming ceo of southwest airlines co., in conversation with melissa reiff, former &amp; chairwoman container store, as well insight from political, nonprofit industry leaders.&quot; data-message ="&quot;The" leaders.

https:>Facebook<span class="count"></span></div>            </div>
        </div>
    </div>

</div>


			</div>
		</div>
	</div>

</div>


<div class="edp-musician-grid m-spacer grad-to-right">
	<div class="container">
		<div class="row">
			<div class="col-12">
				<h1></h1>
				<h2></h2>
			</div>
		</div>
		<div class="row">
			<div class="col-lg-6">
	<div class="edp__musician-card">
		<img loading="lazy" decoding="async" width="262" height="262" src="https://www.dallassymphony.org/wp-content/uploads/2021/11/Bob-Jordan-1200x1200-1-262x262.jpg" class="attachment-262x262 size-262x262 wp-post-image" alt="Bob Jordan" srcset="https://www.dallassymphony.org/wp-content/uploads/2021/11/Bob-Jordan-1200x1200-1-262x262.jpg 262w, https://www.dallassymphony.org/wp-content/uploads/2021/11/Bob-Jordan-1200x1200-1-300x300.jpg 300w, https://www.dallassymphony.org/wp-content/uploads/2021/11/Bob-Jordan-1200x1200-1-1024x1024.jpg 1024w, https://www.dallassymphony.org/wp-content/uploads/2021/11/Bob-Jordan-1200x1200-1-150x150.jpg 150w, https://www.dallassymphony.org/wp-content/uploads/2021/11/Bob-Jordan-1200x1200-1-768x768.jpg 768w, https://www.dallassymphony.org/wp-content/uploads/2021/11/Bob-Jordan-1200x1200-1-12x12.jpg 12w, https://www.dallassymphony.org/wp-content/uploads/2021/11/Bob-Jordan-1200x1200-1-350x350.jpg 350w, https://www.dallassymphony.org/wp-content/uploads/2021/11/Bob-Jordan-1200x1200-1-445x445.jpg 445w, https://www.dallassymphony.org/wp-content/uploads/2021/11/Bob-Jordan-1200x1200-1.jpg 1200w" sizes="auto, (max-width: 262px) 100vw, 262px" />		<div class="content__wrapper">
			<h4>Bob Jordan</h4>

			<p>Vicepresidente Ejecutivo y Director General entrante</p>

                            <a class="a-hover" href="https://www.dallassymphony.org/es/people/bob-jordan/">Leer más</a>
            		</div>
	</div>
</div>		</div>
	</div>
</div>

<p>El principal evento empresarial de la región de Dallas reúne a los principales líderes profesionales y comunitarios para celebrar nuestra vibrante región. El programa presencial contará con la intervención de Bob Jordan, nuevo director general de Southwest Airlines Co, en conversación con Melissa Reiff, antigua directora general y presidenta de The Container Store, así como con la opinión de los líderes políticos, sin ánimo de lucro y del sector de nuestra región.</p>
