{"id":7091,"date":"2021-09-03T11:43:12","date_gmt":"2021-09-03T16:43:12","guid":{"rendered":"https:\/\/www.dallassymphony.org\/?post_type=dso_prod_season&#038;p=7091"},"modified":"2021-09-03T11:45:19","modified_gmt":"2021-09-03T16:45:19","slug":"september-11th-remembrance-concert","status":"publish","type":"dso_prod_season","link":"https:\/\/www.dallassymphony.org\/es\/productions\/september-11th-remembrance-concert\/","title":{"rendered":"Concierto en memoria del 11 de septiembre"},"content":{"rendered":"<div class=\"richtext m-spacer\">\n\t<div class=\"container\">\n\t\t<div class=\"row\">\n\t\t\t<div class=\"col-10\">\n\t\t\t\t\n\n<p><strong>LEONARD SLATKIN <\/strong>lleva a cabo<\/p>\n\n\n\n<p><strong>SMITH<\/strong> <em>Bandera de las Estrellas<\/em><br><strong>COPLAND <\/strong><em>Fanfarria para el hombre com\u00fan<\/em><br><strong>BARBERO <\/strong><em>Adagio para cuerdas<\/em><br><strong>IVES <\/strong><em>La pregunta sin respuesta<\/em><br><strong>WILLIAMS<\/strong> <em>Lincoln: Con malicia hacia nadie<\/em><br><strong>HAILSTORK<\/strong> <em>Fanfarria americana<\/em><br><strong>McTEE<\/strong> <em>Adagio para cuerdas<\/em><br><strong>COPLAND<\/strong> <em>Variaciones de la coctelera<\/em> y <em>Finale<\/em> de <em>Primavera de los Apalaches<\/em> <br><strong>WILLIAMS<\/strong> <em>Fanfarria de la Libertad<\/em><\/p>\n\n\n\n<p>En 2021 se cumple el 20\u00ba aniversario de los devastadores atentados del 11-S.  Los Estados Unidos perdieron tanto y derramaron l\u00e1grimas por tantos, pero ese d\u00eda se demostr\u00f3 el valor y la abnegaci\u00f3n de los primeros en responder, la polic\u00eda, los bomberos y los estadounidenses de a pie.&nbsp; <\/p>\n\n\n\n<p>La DSO se une a la naci\u00f3n para reflexionar sobre aquel d\u00eda de hace dos d\u00e9cadas que cambi\u00f3 nuestras vidas para siempre.  Nos tomaremos un tiempo para recordar a los que perdimos y celebrar la resistencia de nuestro pa\u00eds y el esp\u00edritu estadounidense.&nbsp;<\/p>\n\n\n\n<p>La recaudaci\u00f3n del evento ser\u00e1 a beneficio de <a href=\"http:\/\/www.carrytheload.org\" target=\"_blank\" rel=\"noopener\">Llevar la carga<\/a>una organizaci\u00f3n sin \u00e1nimo de lucro con sede en Dallas que ofrece una forma activa de conectar a los estadounidenses con los sacrificios que realizan a diario nuestros militares, veteranos, personal de primera intervenci\u00f3n y sus familias.<\/p>\n\n\n\n<p>Esperamos que nos acompa\u00f1e en este concierto de una hora de conmovedora m\u00fasica americana mientras el Meyerson se ilumina para el Tributo de las Luces.<\/p>\n\n\n<div class=\"container\">\n    <div class=\"row\">\n        <div class=\"col-10\">\n            <div class=\"share d-flex align-items-center\">\n                <p class=\"mb-0 serif__light-16\">COMPARTIR<\/p><div data-network=\"facebook\" class=\"st-custom-button facebook\" data-title=\"&quot;September\" 11th remembrance concert&quot; data-description=\"&quot;This\" year marks the 20th anniversary of 9 11attacks. events that day are forever etched in minds anyone old enough to remember day. as a country, we lost so much and shed tears for many at same time had opportunity witness firsthand extraordinary acts courage selflessness firefighters, paramedics, police offices, port authority officers civilians. &quot; data-message =\"&quot;This\" https:>Facebook<span class=\"count\"><\/span><\/div>            <\/div>\n        <\/div>\n    <\/div>\n\n<\/div>\n\n\n\t\t\t<\/div>\n\t\t<\/div>\n\t<\/div>\n\n<\/div>\n\n\n\n<p><\/p>","protected":false},"excerpt":{"rendered":"<p>Este a\u00f1o se cumple el 20\u00ba aniversario de los atentados del 11 de septiembre.  Los acontecimientos de ese d\u00eda est\u00e1n grabados para siempre en la mente de cualquiera que tenga la edad suficiente para recordarlo.  Como pa\u00eds, perdimos tanto y derramamos l\u00e1grimas por tantos y, al mismo tiempo, tuvimos la oportunidad de presenciar de primera mano los extraordinarios actos de valor y abnegaci\u00f3n de tantos bomberos, param\u00e9dicos, oficinas de polic\u00eda, funcionarios de la autoridad portuaria y civiles. <\/p>","protected":false},"featured_media":7094,"template":"","dso_concert_series":[],"class_list":["post-7091","dso_prod_season","type-dso_prod_season","status-publish","has-post-thumbnail","hentry"],"acf":[],"_links":{"self":[{"href":"https:\/\/www.dallassymphony.org\/es\/wp-json\/wp\/v2\/dso_prod_season\/7091","targetHints":{"allow":["GET"]}}],"collection":[{"href":"https:\/\/www.dallassymphony.org\/es\/wp-json\/wp\/v2\/dso_prod_season"}],"about":[{"href":"https:\/\/www.dallassymphony.org\/es\/wp-json\/wp\/v2\/types\/dso_prod_season"}],"version-history":[{"count":0,"href":"https:\/\/www.dallassymphony.org\/es\/wp-json\/wp\/v2\/dso_prod_season\/7091\/revisions"}],"wp:featuredmedia":[{"embeddable":true,"href":"https:\/\/www.dallassymphony.org\/es\/wp-json\/wp\/v2\/media\/7094"}],"wp:attachment":[{"href":"https:\/\/www.dallassymphony.org\/es\/wp-json\/wp\/v2\/media?parent=7091"}],"wp:term":[{"taxonomy":"dso_concert_series","embeddable":true,"href":"https:\/\/www.dallassymphony.org\/es\/wp-json\/wp\/v2\/dso_concert_series?post=7091"}],"curies":[{"name":"wp","href":"https:\/\/api.w.org\/{rel}","templated":true}]}}

<div class="richtext m-spacer">
	<div class="container">
		<div class="row">
			<div class="col-10">
				

<p><strong>LEONARD SLATKIN </strong>lleva a cabo</p>



<p><strong>SMITH</strong> <em>Bandera de las Estrellas</em><br><strong>COPLAND </strong><em>Fanfarria para el hombre común</em><br><strong>BARBERO </strong><em>Adagio para cuerdas</em><br><strong>IVES </strong><em>La pregunta sin respuesta</em><br><strong>WILLIAMS</strong> <em>Lincoln: Con malicia hacia nadie</em><br><strong>HAILSTORK</strong> <em>Fanfarria americana</em><br><strong>McTEE</strong> <em>Adagio para cuerdas</em><br><strong>COPLAND</strong> <em>Variaciones de la coctelera</em> y <em>Finale</em> de <em>Primavera de los Apalaches</em> <br><strong>WILLIAMS</strong> <em>Fanfarria de la Libertad</em></p>



<p>En 2021 se cumple el 20º aniversario de los devastadores atentados del 11-S.  Los Estados Unidos perdieron tanto y derramaron lágrimas por tantos, pero ese día se demostró el valor y la abnegación de los primeros en responder, la policía, los bomberos y los estadounidenses de a pie.&nbsp; </p>



<p>La DSO se une a la nación para reflexionar sobre aquel día de hace dos décadas que cambió nuestras vidas para siempre.  Nos tomaremos un tiempo para recordar a los que perdimos y celebrar la resistencia de nuestro país y el espíritu estadounidense.&nbsp;</p>



<p>La recaudación del evento será a beneficio de <a href="http://www.carrytheload.org" target="_blank" rel="noopener">Llevar la carga</a>una organización sin ánimo de lucro con sede en Dallas que ofrece una forma activa de conectar a los estadounidenses con los sacrificios que realizan a diario nuestros militares, veteranos, personal de primera intervención y sus familias.</p>



<p>Esperamos que nos acompañe en este concierto de una hora de conmovedora música americana mientras el Meyerson se ilumina para el Tributo de las Luces.</p>


<div class="container">
    <div class="row">
        <div class="col-10">
            <div class="share d-flex align-items-center">
                <p class="mb-0 serif__light-16">COMPARTIR</p><div data-network="facebook" class="st-custom-button facebook" data-title="&quot;September" 11th remembrance concert&quot; data-description="&quot;This" year marks the 20th anniversary of 9 11attacks. events that day are forever etched in minds anyone old enough to remember day. as a country, we lost so much and shed tears for many at same time had opportunity witness firsthand extraordinary acts courage selflessness firefighters, paramedics, police offices, port authority officers civilians. &quot; data-message ="&quot;This" https:>Facebook<span class="count"></span></div>            </div>
        </div>
    </div>

</div>


			</div>
		</div>
	</div>

</div>



<p></p>

<p>Este año se cumple el 20º aniversario de los atentados del 11 de septiembre.  Los acontecimientos de ese día están grabados para siempre en la mente de cualquiera que tenga la edad suficiente para recordarlo.  Como país, perdimos tanto y derramamos lágrimas por tantos y, al mismo tiempo, tuvimos la oportunidad de presenciar de primera mano los extraordinarios actos de valor y abnegación de tantos bomberos, paramédicos, oficinas de policía, funcionarios de la autoridad portuaria y civiles. </p>
