{"id":27319,"date":"2025-08-15T10:00:00","date_gmt":"2025-08-15T15:00:00","guid":{"rendered":"https:\/\/www.dallassymphony.org\/?post_type=dso_prod_season&#038;p=27319"},"modified":"2025-08-15T10:05:19","modified_gmt":"2025-08-15T15:05:19","slug":"st-olaf-choir","status":"publish","type":"dso_prod_season","link":"https:\/\/www.dallassymphony.org\/es\/productions\/st-olaf-choir\/","title":{"rendered":"Coro de St. Olaf"},"content":{"rendered":"<div class=\"richtext m-spacer\">\n\t<div class=\"container\">\n\t\t<div class=\"row\">\n\t\t\t<div class=\"col-10\">\n\t\t\t\t\n\n<p><strong>ANTON ARMSTRONG<\/strong> conductor<br><strong>CORO ST. CORO DE OLAF<\/strong><\/p>\n\n\n\n<p>Durante m\u00e1s de un siglo, la <strong>Coro de St. Olaf<\/strong>Olaf, dirigido por Anton Armstrong, ha establecido el est\u00e1ndar de oro para el canto coral, actuando para millones de personas en todo el mundo. Compuesto por 75 voces mixtas, el Coro de St. Olaf es aclamado como uno de los principales conjuntos a capella del pa\u00eds, reconocido por su arte y belleza de sonido.&nbsp;<\/p>\n\n\n\n<p>El Coro de St. Olaf fue fundado en 1912 por F. Melius Christiansen, cuyo trabajo estableci\u00f3 el est\u00e1ndar de excelencia del conjunto y su tradici\u00f3n de llevar la m\u00fasica a audiencias fuera del campus. Christiansen eleg\u00eda m\u00fasica espiritualmente profunda y empujaba a los estudiantes de m\u00fasica a perfeccionar un tono disciplinado, controlado y libre de vibrato excesivo. Ese sonido -seguro en la afinaci\u00f3n, controlado en el tono, suave en la emisi\u00f3n- se convirti\u00f3 en el sello distintivo del coro.<\/p>\n\n\n\n<p>Cuando Armstrong tom\u00f3 el tim\u00f3n en 1990, su vasto conocimiento de la m\u00fasica y su capacidad para articular una visi\u00f3n tanto para los cantantes como para el p\u00fablico llevaron al Coro St. Olaf al siguiente nivel, a\u00f1adiendo m\u00e1s sabor a su sonido caracter\u00edstico y ampliando a\u00fan m\u00e1s su repertorio para incluir m\u00fasica de la cuenca del Pac\u00edfico, \u00c1frica y Am\u00e9rica Latina.<\/p>\n\n\n\n<p>Bajo la direcci\u00f3n de Armstrong, el coro sigue ampliando sus horizontes de giras, atrayendo a un p\u00fablico numeroso en las principales salas de conciertos de Estados Unidos y del mundo. El conjunto ha realizado 16 giras internacionales. Recientemente, el Coro de St. Olaf realiz\u00f3 una gira por Sud\u00e1frica durante tres semanas en 2024, actuando junto a Tuks Camerata, Quava Vocal Group y otros destacados conjuntos corales.<\/p>\n\n\n<div class=\"container\">\n    <div class=\"row\">\n        <div class=\"col-10\">\n            <div class=\"share d-flex align-items-center\">\n                <p class=\"mb-0 serif__light-16\">COMPARTIR<\/p><div data-network=\"facebook\" class=\"st-custom-button facebook\" data-title=\"&quot;St.\" olaf choir&quot; data-message=\"&quot;https:\/\/www.dallassymphony.org\/es\/productions\/st-olaf-choir\/&quot;\" >Facebook<span class=\"count\"><\/span><\/div>            <\/div>\n        <\/div>\n    <\/div>\n\n<\/div>\n\n\n\t\t\t<\/div>\n\t\t<\/div>\n\t<\/div>\n\n<\/div>\n\n\n<div class=\"edp-musician-grid m-spacer grad-to-right\">\n\t<div class=\"container\">\n\t\t<div class=\"row\">\n\t\t\t<div class=\"col-12\">\n\t\t\t\t<h1><\/h1>\n\t\t\t\t<h2><\/h2>\n\t\t\t<\/div>\n\t\t<\/div>\n\t\t<div class=\"row\">\n\t\t\t<div class=\"col-lg-6\">\n\t<div class=\"edp__musician-card\">\n\t\t<img loading=\"lazy\" decoding=\"async\" width=\"262\" height=\"262\" src=\"https:\/\/www.dallassymphony.org\/wp-content\/uploads\/2025\/08\/AntonArmstrong_conductor_headshot-262x262.jpg\" class=\"attachment-262x262 size-262x262 wp-post-image\" alt=\"\" srcset=\"https:\/\/www.dallassymphony.org\/wp-content\/uploads\/2025\/08\/AntonArmstrong_conductor_headshot-262x262.jpg 262w, https:\/\/www.dallassymphony.org\/wp-content\/uploads\/2025\/08\/AntonArmstrong_conductor_headshot-300x300.jpg 300w, https:\/\/www.dallassymphony.org\/wp-content\/uploads\/2025\/08\/AntonArmstrong_conductor_headshot-1024x1024.jpg 1024w, https:\/\/www.dallassymphony.org\/wp-content\/uploads\/2025\/08\/AntonArmstrong_conductor_headshot-150x150.jpg 150w, https:\/\/www.dallassymphony.org\/wp-content\/uploads\/2025\/08\/AntonArmstrong_conductor_headshot-768x768.jpg 768w, https:\/\/www.dallassymphony.org\/wp-content\/uploads\/2025\/08\/AntonArmstrong_conductor_headshot-12x12.jpg 12w, https:\/\/www.dallassymphony.org\/wp-content\/uploads\/2025\/08\/AntonArmstrong_conductor_headshot-350x350.jpg 350w, https:\/\/www.dallassymphony.org\/wp-content\/uploads\/2025\/08\/AntonArmstrong_conductor_headshot-445x445.jpg 445w, https:\/\/www.dallassymphony.org\/wp-content\/uploads\/2025\/08\/AntonArmstrong_conductor_headshot-400x400.jpg 400w, https:\/\/www.dallassymphony.org\/wp-content\/uploads\/2025\/08\/AntonArmstrong_conductor_headshot-600x600.jpg 600w, https:\/\/www.dallassymphony.org\/wp-content\/uploads\/2025\/08\/AntonArmstrong_conductor_headshot.jpg 1080w\" sizes=\"auto, (max-width: 262px) 100vw, 262px\" \/>\t\t<div class=\"content__wrapper\">\n\t\t\t<h4>Anton Armstrong<\/h4>\n\n\t\t\t<p>Conductor<\/p>\n\n                            <a class=\"a-hover\" href=\"https:\/\/www.dallassymphony.org\/es\/people\/anton-armstrong\/\">Leer m\u00e1s<\/a>\n            \t\t<\/div>\n\t<\/div>\n<\/div>\t\t<\/div>\n\t<\/div>\n<\/div>\n\n\n\n<p><\/p>","protected":false},"excerpt":{"rendered":"","protected":false},"featured_media":27320,"template":"","dso_concert_series":[],"class_list":["post-27319","dso_prod_season","type-dso_prod_season","status-publish","has-post-thumbnail","hentry"],"acf":[],"_links":{"self":[{"href":"https:\/\/www.dallassymphony.org\/es\/wp-json\/wp\/v2\/dso_prod_season\/27319","targetHints":{"allow":["GET"]}}],"collection":[{"href":"https:\/\/www.dallassymphony.org\/es\/wp-json\/wp\/v2\/dso_prod_season"}],"about":[{"href":"https:\/\/www.dallassymphony.org\/es\/wp-json\/wp\/v2\/types\/dso_prod_season"}],"version-history":[{"count":0,"href":"https:\/\/www.dallassymphony.org\/es\/wp-json\/wp\/v2\/dso_prod_season\/27319\/revisions"}],"wp:featuredmedia":[{"embeddable":true,"href":"https:\/\/www.dallassymphony.org\/es\/wp-json\/wp\/v2\/media\/27320"}],"wp:attachment":[{"href":"https:\/\/www.dallassymphony.org\/es\/wp-json\/wp\/v2\/media?parent=27319"}],"wp:term":[{"taxonomy":"dso_concert_series","embeddable":true,"href":"https:\/\/www.dallassymphony.org\/es\/wp-json\/wp\/v2\/dso_concert_series?post=27319"}],"curies":[{"name":"wp","href":"https:\/\/api.w.org\/{rel}","templated":true}]}}

<div class="richtext m-spacer">
	<div class="container">
		<div class="row">
			<div class="col-10">
				

<p><strong>ANTON ARMSTRONG</strong> conductor<br><strong>CORO ST. CORO DE OLAF</strong></p>



<p>Durante más de un siglo, la <strong>Coro de St. Olaf</strong>Olaf, dirigido por Anton Armstrong, ha establecido el estándar de oro para el canto coral, actuando para millones de personas en todo el mundo. Compuesto por 75 voces mixtas, el Coro de St. Olaf es aclamado como uno de los principales conjuntos a capella del país, reconocido por su arte y belleza de sonido.&nbsp;</p>



<p>El Coro de St. Olaf fue fundado en 1912 por F. Melius Christiansen, cuyo trabajo estableció el estándar de excelencia del conjunto y su tradición de llevar la música a audiencias fuera del campus. Christiansen elegía música espiritualmente profunda y empujaba a los estudiantes de música a perfeccionar un tono disciplinado, controlado y libre de vibrato excesivo. Ese sonido -seguro en la afinación, controlado en el tono, suave en la emisión- se convirtió en el sello distintivo del coro.</p>



<p>Cuando Armstrong tomó el timón en 1990, su vasto conocimiento de la música y su capacidad para articular una visión tanto para los cantantes como para el público llevaron al Coro St. Olaf al siguiente nivel, añadiendo más sabor a su sonido característico y ampliando aún más su repertorio para incluir música de la cuenca del Pacífico, África y América Latina.</p>



<p>Bajo la dirección de Armstrong, el coro sigue ampliando sus horizontes de giras, atrayendo a un público numeroso en las principales salas de conciertos de Estados Unidos y del mundo. El conjunto ha realizado 16 giras internacionales. Recientemente, el Coro de St. Olaf realizó una gira por Sudáfrica durante tres semanas en 2024, actuando junto a Tuks Camerata, Quava Vocal Group y otros destacados conjuntos corales.</p>


<div class="container">
    <div class="row">
        <div class="col-10">
            <div class="share d-flex align-items-center">
                <p class="mb-0 serif__light-16">COMPARTIR</p><div data-network="facebook" class="st-custom-button facebook" data-title="&quot;St." olaf choir&quot; data-message="&quot;https://www.dallassymphony.org/es/productions/st-olaf-choir/&quot;" >Facebook<span class="count"></span></div>            </div>
        </div>
    </div>

</div>


			</div>
		</div>
	</div>

</div>


<div class="edp-musician-grid m-spacer grad-to-right">
	<div class="container">
		<div class="row">
			<div class="col-12">
				<h1></h1>
				<h2></h2>
			</div>
		</div>
		<div class="row">
			<div class="col-lg-6">
	<div class="edp__musician-card">
		<img loading="lazy" decoding="async" width="262" height="262" src="https://www.dallassymphony.org/wp-content/uploads/2025/08/AntonArmstrong_conductor_headshot-262x262.jpg" class="attachment-262x262 size-262x262 wp-post-image" alt="" srcset="https://www.dallassymphony.org/wp-content/uploads/2025/08/AntonArmstrong_conductor_headshot-262x262.jpg 262w, https://www.dallassymphony.org/wp-content/uploads/2025/08/AntonArmstrong_conductor_headshot-300x300.jpg 300w, https://www.dallassymphony.org/wp-content/uploads/2025/08/AntonArmstrong_conductor_headshot-1024x1024.jpg 1024w, https://www.dallassymphony.org/wp-content/uploads/2025/08/AntonArmstrong_conductor_headshot-150x150.jpg 150w, https://www.dallassymphony.org/wp-content/uploads/2025/08/AntonArmstrong_conductor_headshot-768x768.jpg 768w, https://www.dallassymphony.org/wp-content/uploads/2025/08/AntonArmstrong_conductor_headshot-12x12.jpg 12w, https://www.dallassymphony.org/wp-content/uploads/2025/08/AntonArmstrong_conductor_headshot-350x350.jpg 350w, https://www.dallassymphony.org/wp-content/uploads/2025/08/AntonArmstrong_conductor_headshot-445x445.jpg 445w, https://www.dallassymphony.org/wp-content/uploads/2025/08/AntonArmstrong_conductor_headshot-400x400.jpg 400w, https://www.dallassymphony.org/wp-content/uploads/2025/08/AntonArmstrong_conductor_headshot-600x600.jpg 600w, https://www.dallassymphony.org/wp-content/uploads/2025/08/AntonArmstrong_conductor_headshot.jpg 1080w" sizes="auto, (max-width: 262px) 100vw, 262px" />		<div class="content__wrapper">
			<h4>Anton Armstrong</h4>

			<p>Conductor</p>

                            <a class="a-hover" href="https://www.dallassymphony.org/es/people/anton-armstrong/">Leer más</a>
            		</div>
	</div>
</div>		</div>
	</div>
</div>



<p></p>
