{"id":9799,"date":"2022-08-29T12:41:29","date_gmt":"2022-08-29T17:41:29","guid":{"rendered":"https:\/\/www.dallassymphony.org\/?post_type=dso_person&#038;p=9799"},"modified":"2024-08-16T10:35:19","modified_gmt":"2024-08-16T15:35:19","slug":"cory-curvin","status":"publish","type":"dso_person","link":"https:\/\/www.dallassymphony.org\/es\/people\/cory-curvin\/","title":{"rendered":"Cory Curvin"},"content":{"rendered":"<div class=\"hero__no-img bg-blue-8\">\n\t<div class=\"container\">\n\t\t<div class=\"row\">\n\t\t\t<div class=\"col-md-10\">\n\n\t\t\t\t<ul class=\"breadcrumbs\">\n    \t<li class=\"breadcrumb__link\">\n\t\t<a class=\"a-hover\" href=\"https:\/\/www.dallassymphony.org\/es\/\">Inicio<\/a>\n\t<\/li>\n    \t<li class=\"breadcrumb__link a-styles\">\n\t\t<a class=\"a-hover\" href=\"https:\/\/www.dallassymphony.org\/es\/about-the-dso\/\">Sobre el DSO<\/a>\n\t<\/li>\n    \t<li class=\"breadcrumb__link a-styles\">\n\t\t<a class=\"a-hover\" href=\"https:\/\/www.dallassymphony.org\/es\/about-the-dso\/people\/\">Gente<\/a>\n\t<\/li>\n    <\/ul>\n\n                \t\t\t\t<h1>\n                    <span >Cory Curvin<\/span>\n                <\/h1>\n                \t\t\t<\/div>\n\t\t<\/div>\n\t<\/div>\n<\/div>\n\n\n<div class=\"bio__block m-spacer\">\n\t<div class=\"container\">\n\t\t<div class=\"row\">\n\t\t\t<div class=\"col-md-5 position-relative\">\n\t\t\t\t\t\t\t\t<img loading=\"lazy\" decoding=\"async\" width=\"445\" height=\"445\" src=\"https:\/\/www.dallassymphony.org\/wp-content\/uploads\/2022\/08\/Cory-Curvin-Photo-445x445.jpg\" class=\"d-md-block img-fluid w-100 wp-post-image\" alt=\"Cory Curvin\" srcset=\"https:\/\/www.dallassymphony.org\/wp-content\/uploads\/2022\/08\/Cory-Curvin-Photo-445x445.jpg 445w, https:\/\/www.dallassymphony.org\/wp-content\/uploads\/2022\/08\/Cory-Curvin-Photo-300x300.jpg 300w, https:\/\/www.dallassymphony.org\/wp-content\/uploads\/2022\/08\/Cory-Curvin-Photo-150x150.jpg 150w, https:\/\/www.dallassymphony.org\/wp-content\/uploads\/2022\/08\/Cory-Curvin-Photo-768x768.jpg 768w, https:\/\/www.dallassymphony.org\/wp-content\/uploads\/2022\/08\/Cory-Curvin-Photo-12x12.jpg 12w, https:\/\/www.dallassymphony.org\/wp-content\/uploads\/2022\/08\/Cory-Curvin-Photo-262x262.jpg 262w, https:\/\/www.dallassymphony.org\/wp-content\/uploads\/2022\/08\/Cory-Curvin-Photo-350x350.jpg 350w, https:\/\/www.dallassymphony.org\/wp-content\/uploads\/2022\/08\/Cory-Curvin-Photo.jpg 1000w\" sizes=\"auto, (max-width: 445px) 100vw, 445px\" \/>\t\t\t<\/div>\n\t\t\t<div class=\"col-md-7\">\n\t\t\t\t<div class=\"bio__content-wrapper\">\n\t\t\t\t\t<h1>Cory Curvin<\/h1>\n\n                    <div class=\"bio__meta\">\n\t\t\t\t\t<p>DSCC: Asistente de Direcci\u00f3n del Conjunto Mixto<\/p>\n                    <\/div>\n\n\t\t\t\t\t<p>El estreno en p\u00fablico de Cory D. Curvin fue a la edad de seis a\u00f1os, y su interpretaci\u00f3n al piano de \"I'm A Little Teapot\" se complet\u00f3 con una coreograf\u00eda. Native de Mississippi, fue educador musical y director coral en el norte de Texas durante m\u00e1s de una d\u00e9cada antes de comenzar su labor como Director de Educaci\u00f3n en Choristers Guild, una editorial musical con sede en Dallas.<\/p>\n                    \t\t\t\t\t<a href=\"https:\/\/www.dallassymphony.org\/es\/people\/cory-curvin\/\" class=\"a-hover\">Leer m\u00e1s<\/a>\n                                        <div class=\"share d-flex align-items-center\">\n                        \n                                            <\/div>\n\t\t\t\t<\/div>\n\t\t\t<\/div>\n\t\t<\/div>\n\t<\/div>\n<\/div>","protected":false},"excerpt":{"rendered":"<p>El estreno en p\u00fablico de Cory D. Curvin fue a la edad de seis a\u00f1os, y su interpretaci\u00f3n al piano de \"I'm A Little Teapot\" se complet\u00f3 con una coreograf\u00eda. Native de Mississippi, fue educador musical y director coral en el norte de Texas durante m\u00e1s de una d\u00e9cada antes de comenzar su labor como Director de Educaci\u00f3n en Choristers Guild, una editorial musical con sede en Dallas.<\/p>","protected":false},"featured_media":9795,"template":"","dso_musician_instrument":[],"dso_person_role":[58],"class_list":["post-9799","dso_person","type-dso_person","status-publish","has-post-thumbnail","hentry","dso_person_role-leadership"],"acf":[],"_links":{"self":[{"href":"https:\/\/www.dallassymphony.org\/es\/wp-json\/wp\/v2\/dso_person\/9799","targetHints":{"allow":["GET"]}}],"collection":[{"href":"https:\/\/www.dallassymphony.org\/es\/wp-json\/wp\/v2\/dso_person"}],"about":[{"href":"https:\/\/www.dallassymphony.org\/es\/wp-json\/wp\/v2\/types\/dso_person"}],"version-history":[{"count":0,"href":"https:\/\/www.dallassymphony.org\/es\/wp-json\/wp\/v2\/dso_person\/9799\/revisions"}],"wp:featuredmedia":[{"embeddable":true,"href":"https:\/\/www.dallassymphony.org\/es\/wp-json\/wp\/v2\/media\/9795"}],"wp:attachment":[{"href":"https:\/\/www.dallassymphony.org\/es\/wp-json\/wp\/v2\/media?parent=9799"}],"wp:term":[{"taxonomy":"dso_musician_instrument","embeddable":true,"href":"https:\/\/www.dallassymphony.org\/es\/wp-json\/wp\/v2\/dso_musician_instrument?post=9799"},{"taxonomy":"dso_person_role","embeddable":true,"href":"https:\/\/www.dallassymphony.org\/es\/wp-json\/wp\/v2\/dso_person_role?post=9799"}],"curies":[{"name":"wp","href":"https:\/\/api.w.org\/{rel}","templated":true}]}}

<div class="hero__no-img bg-blue-8">
	<div class="container">
		<div class="row">
			<div class="col-md-10">

				<ul class="breadcrumbs">
    	<li class="breadcrumb__link">
		<a class="a-hover" href="https://www.dallassymphony.org/es/">Inicio</a>
	</li>
    	<li class="breadcrumb__link a-styles">
		<a class="a-hover" href="https://www.dallassymphony.org/es/about-the-dso/">Sobre el DSO</a>
	</li>
    	<li class="breadcrumb__link a-styles">
		<a class="a-hover" href="https://www.dallassymphony.org/es/about-the-dso/people/">Gente</a>
	</li>
    </ul>

                				<h1>
                    <span >Cory Curvin</span>
                </h1>
                			</div>
		</div>
	</div>
</div>


<div class="bio__block m-spacer">
	<div class="container">
		<div class="row">
			<div class="col-md-5 position-relative">
								<img loading="lazy" decoding="async" width="445" height="445" src="https://www.dallassymphony.org/wp-content/uploads/2022/08/Cory-Curvin-Photo-445x445.jpg" class="d-md-block img-fluid w-100 wp-post-image" alt="Cory Curvin" srcset="https://www.dallassymphony.org/wp-content/uploads/2022/08/Cory-Curvin-Photo-445x445.jpg 445w, https://www.dallassymphony.org/wp-content/uploads/2022/08/Cory-Curvin-Photo-300x300.jpg 300w, https://www.dallassymphony.org/wp-content/uploads/2022/08/Cory-Curvin-Photo-150x150.jpg 150w, https://www.dallassymphony.org/wp-content/uploads/2022/08/Cory-Curvin-Photo-768x768.jpg 768w, https://www.dallassymphony.org/wp-content/uploads/2022/08/Cory-Curvin-Photo-12x12.jpg 12w, https://www.dallassymphony.org/wp-content/uploads/2022/08/Cory-Curvin-Photo-262x262.jpg 262w, https://www.dallassymphony.org/wp-content/uploads/2022/08/Cory-Curvin-Photo-350x350.jpg 350w, https://www.dallassymphony.org/wp-content/uploads/2022/08/Cory-Curvin-Photo.jpg 1000w" sizes="auto, (max-width: 445px) 100vw, 445px" />			</div>
			<div class="col-md-7">
				<div class="bio__content-wrapper">
					<h1>Cory Curvin</h1>

                    <div class="bio__meta">
					<p>DSCC: Asistente de Dirección del Conjunto Mixto</p>
                    </div>

					<p>El estreno en público de Cory D. Curvin fue a la edad de seis años, y su interpretación al piano de "I'm A Little Teapot" se completó con una coreografía. Native de Mississippi, fue educador musical y director coral en el norte de Texas durante más de una década antes de comenzar su labor como Director de Educación en Choristers Guild, una editorial musical con sede en Dallas.</p>
                    					<a href="https://www.dallassymphony.org/es/people/cory-curvin/" class="a-hover">Leer más</a>
                                        <div class="share d-flex align-items-center">
                        
                                            </div>
				</div>
			</div>
		</div>
	</div>
</div>

<p>El estreno en público de Cory D. Curvin fue a la edad de seis años, y su interpretación al piano de "I'm A Little Teapot" se completó con una coreografía. Native de Mississippi, fue educador musical y director coral en el norte de Texas durante más de una década antes de comenzar su labor como Director de Educación en Choristers Guild, una editorial musical con sede en Dallas.</p>
