{"id":8257,"date":"2022-03-02T10:50:50","date_gmt":"2022-03-02T16:50:50","guid":{"rendered":"https:\/\/www.dallassymphony.org\/?post_type=dso_person&#038;p=8257"},"modified":"2022-03-02T10:50:52","modified_gmt":"2022-03-02T16:50:52","slug":"edo-de-waart","status":"publish","type":"dso_person","link":"https:\/\/www.dallassymphony.org\/es\/people\/edo-de-waart\/","title":{"rendered":"Edo de Waart"},"content":{"rendered":"<div class=\"hero__no-img bg-blue-8\">\n\t<div class=\"container\">\n\t\t<div class=\"row\">\n\t\t\t<div class=\"col-md-10\">\n\n\t\t\t\t<ul class=\"breadcrumbs\">\n    \t<li class=\"breadcrumb__link\">\n\t\t<a class=\"a-hover\" href=\"https:\/\/www.dallassymphony.org\/es\/\">Inicio<\/a>\n\t<\/li>\n    \t<li class=\"breadcrumb__link a-styles\">\n\t\t<a class=\"a-hover\" href=\"https:\/\/www.dallassymphony.org\/es\/about-the-dso\/\">Sobre el DSO<\/a>\n\t<\/li>\n    \t<li class=\"breadcrumb__link a-styles\">\n\t\t<a class=\"a-hover\" href=\"https:\/\/www.dallassymphony.org\/es\/about-the-dso\/people\/\">Gente<\/a>\n\t<\/li>\n    <\/ul>\n\n                \t\t\t\t<h1>\n                    <span >Edo de Waart<\/span>\n                <\/h1>\n                \t\t\t<\/div>\n\t\t<\/div>\n\t<\/div>\n<\/div>\n\n\n<div class=\"bio__block m-spacer\">\n\t<div class=\"container\">\n\t\t<div class=\"row\">\n\t\t\t<div class=\"col-md-5 position-relative\">\n\t\t\t\t\t\t\t\t<img loading=\"lazy\" decoding=\"async\" width=\"445\" height=\"445\" src=\"https:\/\/www.dallassymphony.org\/wp-content\/uploads\/2022\/03\/Edo-de-Waart-445x445.jpg\" class=\"d-md-block img-fluid w-100 wp-post-image\" alt=\"Edo de Waart, director de orquesta\" srcset=\"https:\/\/www.dallassymphony.org\/wp-content\/uploads\/2022\/03\/Edo-de-Waart-445x445.jpg 445w, https:\/\/www.dallassymphony.org\/wp-content\/uploads\/2022\/03\/Edo-de-Waart-300x300.jpg 300w, https:\/\/www.dallassymphony.org\/wp-content\/uploads\/2022\/03\/Edo-de-Waart-1024x1024.jpg 1024w, https:\/\/www.dallassymphony.org\/wp-content\/uploads\/2022\/03\/Edo-de-Waart-150x150.jpg 150w, https:\/\/www.dallassymphony.org\/wp-content\/uploads\/2022\/03\/Edo-de-Waart-768x768.jpg 768w, https:\/\/www.dallassymphony.org\/wp-content\/uploads\/2022\/03\/Edo-de-Waart-12x12.jpg 12w, https:\/\/www.dallassymphony.org\/wp-content\/uploads\/2022\/03\/Edo-de-Waart-262x262.jpg 262w, https:\/\/www.dallassymphony.org\/wp-content\/uploads\/2022\/03\/Edo-de-Waart-350x350.jpg 350w, https:\/\/www.dallassymphony.org\/wp-content\/uploads\/2022\/03\/Edo-de-Waart.jpg 1200w\" sizes=\"auto, (max-width: 445px) 100vw, 445px\" \/>\t\t\t<\/div>\n\t\t\t<div class=\"col-md-7\">\n\t\t\t\t<div class=\"bio__content-wrapper\">\n\t\t\t\t\t<h1>Edo de Waart<\/h1>\n\n                    <div class=\"bio__meta\">\n\t\t\t\t\t<p>Conductor<\/p>\n                    <\/div>\n\n\t\t\t\t\t<p>A lo largo de su larga e ilustre carrera, y junto a sus actuales cargos, el renombrado director de orquesta holand\u00e9s Edo de Waart ha ocupado multitud de puestos en orquestas de todo el mundo, como los de director musical de la Sinf\u00f3nica de San Francisco y la \u00d3pera de San Francisco, la Orquesta de Minnesota, la Orquesta Sinf\u00f3nica de Nueva Zelanda, la Filarm\u00f3nica de Hong Kong, la Orquesta Filarm\u00f3nica de R\u00f3terdam y la Orquesta Sinf\u00f3nica de S\u00eddney, y un puesto de director principal en la De Nederlandse Opera. Tambi\u00e9n ha ocupado puestos en la Orquesta de C\u00e1mara de Saint Paul y en la \u00d3pera de Santa Fe. de Waart celebr\u00f3 su 80 cumplea\u00f1os al final de la temporada 2020\/21 con una serie de conciertos especiales con la Orquesta Filarm\u00f3nica de la Radio de los Pa\u00edses Bajos, con la que ocupa el cargo de Director Laureado.<\/p>\n                    \t\t\t\t\t<a href=\"https:\/\/www.dallassymphony.org\/es\/people\/edo-de-waart\/\" class=\"a-hover\">Leer m\u00e1s<\/a>\n                                        <div class=\"share d-flex align-items-center\">\n                        \n                                            <\/div>\n\t\t\t\t<\/div>\n\t\t\t<\/div>\n\t\t<\/div>\n\t<\/div>\n<\/div>","protected":false},"excerpt":{"rendered":"<p>A lo largo de su dilatada e ilustre carrera, y paralelamente a sus actuales cargos, el renombrado director holand\u00e9s Edo de Waart ha ocupado multitud de puestos en orquestas de todo el mundo, entre los que se incluyen los de director musical de la Sinf\u00f3nica de San Francisco y la \u00d3pera de San Francisco, la Orquesta de Minnesota, la Orquesta Sinf\u00f3nica de Nueva Zelanda, la Filarm\u00f3nica de Hong Kong, la Orquesta Filarm\u00f3nica de Rotterdam y la Orquesta Sinf\u00f3nica de Sydney, as\u00ed como el de director principal de la \u00d3pera de Holanda.<\/p>","protected":false},"featured_media":8258,"template":"","dso_musician_instrument":[],"dso_person_role":[55],"class_list":["post-8257","dso_person","type-dso_person","status-publish","has-post-thumbnail","hentry","dso_person_role-conductor"],"acf":[],"_links":{"self":[{"href":"https:\/\/www.dallassymphony.org\/es\/wp-json\/wp\/v2\/dso_person\/8257","targetHints":{"allow":["GET"]}}],"collection":[{"href":"https:\/\/www.dallassymphony.org\/es\/wp-json\/wp\/v2\/dso_person"}],"about":[{"href":"https:\/\/www.dallassymphony.org\/es\/wp-json\/wp\/v2\/types\/dso_person"}],"version-history":[{"count":0,"href":"https:\/\/www.dallassymphony.org\/es\/wp-json\/wp\/v2\/dso_person\/8257\/revisions"}],"wp:featuredmedia":[{"embeddable":true,"href":"https:\/\/www.dallassymphony.org\/es\/wp-json\/wp\/v2\/media\/8258"}],"wp:attachment":[{"href":"https:\/\/www.dallassymphony.org\/es\/wp-json\/wp\/v2\/media?parent=8257"}],"wp:term":[{"taxonomy":"dso_musician_instrument","embeddable":true,"href":"https:\/\/www.dallassymphony.org\/es\/wp-json\/wp\/v2\/dso_musician_instrument?post=8257"},{"taxonomy":"dso_person_role","embeddable":true,"href":"https:\/\/www.dallassymphony.org\/es\/wp-json\/wp\/v2\/dso_person_role?post=8257"}],"curies":[{"name":"wp","href":"https:\/\/api.w.org\/{rel}","templated":true}]}}

<div class="hero__no-img bg-blue-8">
	<div class="container">
		<div class="row">
			<div class="col-md-10">

				<ul class="breadcrumbs">
    	<li class="breadcrumb__link">
		<a class="a-hover" href="https://www.dallassymphony.org/es/">Inicio</a>
	</li>
    	<li class="breadcrumb__link a-styles">
		<a class="a-hover" href="https://www.dallassymphony.org/es/about-the-dso/">Sobre el DSO</a>
	</li>
    	<li class="breadcrumb__link a-styles">
		<a class="a-hover" href="https://www.dallassymphony.org/es/about-the-dso/people/">Gente</a>
	</li>
    </ul>

                				<h1>
                    <span >Edo de Waart</span>
                </h1>
                			</div>
		</div>
	</div>
</div>


<div class="bio__block m-spacer">
	<div class="container">
		<div class="row">
			<div class="col-md-5 position-relative">
								<img loading="lazy" decoding="async" width="445" height="445" src="https://www.dallassymphony.org/wp-content/uploads/2022/03/Edo-de-Waart-445x445.jpg" class="d-md-block img-fluid w-100 wp-post-image" alt="Edo de Waart, director de orquesta" srcset="https://www.dallassymphony.org/wp-content/uploads/2022/03/Edo-de-Waart-445x445.jpg 445w, https://www.dallassymphony.org/wp-content/uploads/2022/03/Edo-de-Waart-300x300.jpg 300w, https://www.dallassymphony.org/wp-content/uploads/2022/03/Edo-de-Waart-1024x1024.jpg 1024w, https://www.dallassymphony.org/wp-content/uploads/2022/03/Edo-de-Waart-150x150.jpg 150w, https://www.dallassymphony.org/wp-content/uploads/2022/03/Edo-de-Waart-768x768.jpg 768w, https://www.dallassymphony.org/wp-content/uploads/2022/03/Edo-de-Waart-12x12.jpg 12w, https://www.dallassymphony.org/wp-content/uploads/2022/03/Edo-de-Waart-262x262.jpg 262w, https://www.dallassymphony.org/wp-content/uploads/2022/03/Edo-de-Waart-350x350.jpg 350w, https://www.dallassymphony.org/wp-content/uploads/2022/03/Edo-de-Waart.jpg 1200w" sizes="auto, (max-width: 445px) 100vw, 445px" />			</div>
			<div class="col-md-7">
				<div class="bio__content-wrapper">
					<h1>Edo de Waart</h1>

                    <div class="bio__meta">
					<p>Conductor</p>
                    </div>

					<p>A lo largo de su larga e ilustre carrera, y junto a sus actuales cargos, el renombrado director de orquesta holandés Edo de Waart ha ocupado multitud de puestos en orquestas de todo el mundo, como los de director musical de la Sinfónica de San Francisco y la Ópera de San Francisco, la Orquesta de Minnesota, la Orquesta Sinfónica de Nueva Zelanda, la Filarmónica de Hong Kong, la Orquesta Filarmónica de Róterdam y la Orquesta Sinfónica de Sídney, y un puesto de director principal en la De Nederlandse Opera. También ha ocupado puestos en la Orquesta de Cámara de Saint Paul y en la Ópera de Santa Fe. de Waart celebró su 80 cumpleaños al final de la temporada 2020/21 con una serie de conciertos especiales con la Orquesta Filarmónica de la Radio de los Países Bajos, con la que ocupa el cargo de Director Laureado.</p>
                    					<a href="https://www.dallassymphony.org/es/people/edo-de-waart/" class="a-hover">Leer más</a>
                                        <div class="share d-flex align-items-center">
                        
                                            </div>
				</div>
			</div>
		</div>
	</div>
</div>

<p>A lo largo de su dilatada e ilustre carrera, y paralelamente a sus actuales cargos, el renombrado director holandés Edo de Waart ha ocupado multitud de puestos en orquestas de todo el mundo, entre los que se incluyen los de director musical de la Sinfónica de San Francisco y la Ópera de San Francisco, la Orquesta de Minnesota, la Orquesta Sinfónica de Nueva Zelanda, la Filarmónica de Hong Kong, la Orquesta Filarmónica de Rotterdam y la Orquesta Sinfónica de Sydney, así como el de director principal de la Ópera de Holanda.</p>
