{"id":8207,"date":"2022-02-28T15:04:15","date_gmt":"2022-02-28T21:04:15","guid":{"rendered":"https:\/\/www.dallassymphony.org\/?post_type=dso_person&#038;p=8207"},"modified":"2022-02-28T15:04:16","modified_gmt":"2022-02-28T21:04:16","slug":"ryan-bancroft","status":"publish","type":"dso_person","link":"https:\/\/www.dallassymphony.org\/es\/people\/ryan-bancroft\/","title":{"rendered":"Ryan Bancroft"},"content":{"rendered":"<div class=\"hero__no-img bg-blue-8\">\n\t<div class=\"container\">\n\t\t<div class=\"row\">\n\t\t\t<div class=\"col-md-10\">\n\n\t\t\t\t<ul class=\"breadcrumbs\">\n    \t<li class=\"breadcrumb__link\">\n\t\t<a class=\"a-hover\" href=\"https:\/\/www.dallassymphony.org\/es\/\">Inicio<\/a>\n\t<\/li>\n    \t<li class=\"breadcrumb__link a-styles\">\n\t\t<a class=\"a-hover\" href=\"https:\/\/www.dallassymphony.org\/es\/about-the-dso\/\">Sobre el DSO<\/a>\n\t<\/li>\n    \t<li class=\"breadcrumb__link a-styles\">\n\t\t<a class=\"a-hover\" href=\"https:\/\/www.dallassymphony.org\/es\/about-the-dso\/people\/\">Gente<\/a>\n\t<\/li>\n    <\/ul>\n\n                \t\t\t\t<h1>\n                    <span >Ryan Bancroft<\/span>\n                <\/h1>\n                \t\t\t<\/div>\n\t\t<\/div>\n\t<\/div>\n<\/div>\n\n\n<div class=\"bio__block m-spacer\">\n\t<div class=\"container\">\n\t\t<div class=\"row\">\n\t\t\t<div class=\"col-md-5 position-relative\">\n\t\t\t\t\t\t\t\t<img loading=\"lazy\" decoding=\"async\" width=\"445\" height=\"445\" src=\"https:\/\/www.dallassymphony.org\/wp-content\/uploads\/2022\/02\/Ryan-Bancroft-445x445.jpg\" class=\"d-md-block img-fluid w-100 wp-post-image\" alt=\"Ryan Bancroft, director de orquesta\" srcset=\"https:\/\/www.dallassymphony.org\/wp-content\/uploads\/2022\/02\/Ryan-Bancroft-445x445.jpg 445w, https:\/\/www.dallassymphony.org\/wp-content\/uploads\/2022\/02\/Ryan-Bancroft-300x300.jpg 300w, https:\/\/www.dallassymphony.org\/wp-content\/uploads\/2022\/02\/Ryan-Bancroft-1024x1024.jpg 1024w, https:\/\/www.dallassymphony.org\/wp-content\/uploads\/2022\/02\/Ryan-Bancroft-150x150.jpg 150w, https:\/\/www.dallassymphony.org\/wp-content\/uploads\/2022\/02\/Ryan-Bancroft-768x768.jpg 768w, https:\/\/www.dallassymphony.org\/wp-content\/uploads\/2022\/02\/Ryan-Bancroft-12x12.jpg 12w, https:\/\/www.dallassymphony.org\/wp-content\/uploads\/2022\/02\/Ryan-Bancroft-262x262.jpg 262w, https:\/\/www.dallassymphony.org\/wp-content\/uploads\/2022\/02\/Ryan-Bancroft-350x350.jpg 350w, https:\/\/www.dallassymphony.org\/wp-content\/uploads\/2022\/02\/Ryan-Bancroft.jpg 1200w\" sizes=\"auto, (max-width: 445px) 100vw, 445px\" \/>\t\t\t<\/div>\n\t\t\t<div class=\"col-md-7\">\n\t\t\t\t<div class=\"bio__content-wrapper\">\n\t\t\t\t\t<h1>Ryan Bancroft<\/h1>\n\n                    <div class=\"bio__meta\">\n\t\t\t\t\t<p>Conductor<\/p>\n                    <\/div>\n\n\t\t\t\t\t<p>Ryan Bancroft creci\u00f3 en Los \u00c1ngeles y llam\u00f3 la atenci\u00f3n internacionalmente por primera vez en abril de 2018 cuando gan\u00f3 tanto el Primer Premio como el Premio del P\u00fablico en el prestigioso Concurso Malko para J\u00f3venes Directores de Orquesta en Copenhague. En septiembre de 2019 se anunci\u00f3 que Bancroft hab\u00eda sido nombrado director principal de la Orquesta Nacional de Gales de la BBC. Este papel comenz\u00f3 en la temporada 20-21. Tras su primera visita para trabajar con la Tapiola Sinfonietta en Finlandia, Bancroft fue invitado a convertirse en su Artista en Asociaci\u00f3n a partir de la temporada 21-22.<\/p>\n                    \t\t\t\t\t<a href=\"https:\/\/www.dallassymphony.org\/es\/people\/ryan-bancroft\/\" class=\"a-hover\">Leer m\u00e1s<\/a>\n                                        <div class=\"share d-flex align-items-center\">\n                        \n                                            <\/div>\n\t\t\t\t<\/div>\n\t\t\t<\/div>\n\t\t<\/div>\n\t<\/div>\n<\/div>","protected":false},"excerpt":{"rendered":"<p>Ryan Bancroft creci\u00f3 en Los \u00c1ngeles y llam\u00f3 la atenci\u00f3n internacionalmente por primera vez en abril de 2018 cuando gan\u00f3 tanto el Primer Premio como el Premio del P\u00fablico en el prestigioso Concurso Malko para J\u00f3venes Directores de Orquesta en Copenhague. En septiembre de 2019 se anunci\u00f3 que Bancroft hab\u00eda sido nombrado director principal de la Orquesta Nacional de Gales de la BBC.<\/p>","protected":false},"featured_media":8212,"template":"","dso_musician_instrument":[],"dso_person_role":[55],"class_list":["post-8207","dso_person","type-dso_person","status-publish","has-post-thumbnail","hentry","dso_person_role-conductor"],"acf":[],"_links":{"self":[{"href":"https:\/\/www.dallassymphony.org\/es\/wp-json\/wp\/v2\/dso_person\/8207","targetHints":{"allow":["GET"]}}],"collection":[{"href":"https:\/\/www.dallassymphony.org\/es\/wp-json\/wp\/v2\/dso_person"}],"about":[{"href":"https:\/\/www.dallassymphony.org\/es\/wp-json\/wp\/v2\/types\/dso_person"}],"version-history":[{"count":0,"href":"https:\/\/www.dallassymphony.org\/es\/wp-json\/wp\/v2\/dso_person\/8207\/revisions"}],"wp:featuredmedia":[{"embeddable":true,"href":"https:\/\/www.dallassymphony.org\/es\/wp-json\/wp\/v2\/media\/8212"}],"wp:attachment":[{"href":"https:\/\/www.dallassymphony.org\/es\/wp-json\/wp\/v2\/media?parent=8207"}],"wp:term":[{"taxonomy":"dso_musician_instrument","embeddable":true,"href":"https:\/\/www.dallassymphony.org\/es\/wp-json\/wp\/v2\/dso_musician_instrument?post=8207"},{"taxonomy":"dso_person_role","embeddable":true,"href":"https:\/\/www.dallassymphony.org\/es\/wp-json\/wp\/v2\/dso_person_role?post=8207"}],"curies":[{"name":"wp","href":"https:\/\/api.w.org\/{rel}","templated":true}]}}

<div class="hero__no-img bg-blue-8">
	<div class="container">
		<div class="row">
			<div class="col-md-10">

				<ul class="breadcrumbs">
    	<li class="breadcrumb__link">
		<a class="a-hover" href="https://www.dallassymphony.org/es/">Inicio</a>
	</li>
    	<li class="breadcrumb__link a-styles">
		<a class="a-hover" href="https://www.dallassymphony.org/es/about-the-dso/">Sobre el DSO</a>
	</li>
    	<li class="breadcrumb__link a-styles">
		<a class="a-hover" href="https://www.dallassymphony.org/es/about-the-dso/people/">Gente</a>
	</li>
    </ul>

                				<h1>
                    <span >Ryan Bancroft</span>
                </h1>
                			</div>
		</div>
	</div>
</div>


<div class="bio__block m-spacer">
	<div class="container">
		<div class="row">
			<div class="col-md-5 position-relative">
								<img loading="lazy" decoding="async" width="445" height="445" src="https://www.dallassymphony.org/wp-content/uploads/2022/02/Ryan-Bancroft-445x445.jpg" class="d-md-block img-fluid w-100 wp-post-image" alt="Ryan Bancroft, director de orquesta" srcset="https://www.dallassymphony.org/wp-content/uploads/2022/02/Ryan-Bancroft-445x445.jpg 445w, https://www.dallassymphony.org/wp-content/uploads/2022/02/Ryan-Bancroft-300x300.jpg 300w, https://www.dallassymphony.org/wp-content/uploads/2022/02/Ryan-Bancroft-1024x1024.jpg 1024w, https://www.dallassymphony.org/wp-content/uploads/2022/02/Ryan-Bancroft-150x150.jpg 150w, https://www.dallassymphony.org/wp-content/uploads/2022/02/Ryan-Bancroft-768x768.jpg 768w, https://www.dallassymphony.org/wp-content/uploads/2022/02/Ryan-Bancroft-12x12.jpg 12w, https://www.dallassymphony.org/wp-content/uploads/2022/02/Ryan-Bancroft-262x262.jpg 262w, https://www.dallassymphony.org/wp-content/uploads/2022/02/Ryan-Bancroft-350x350.jpg 350w, https://www.dallassymphony.org/wp-content/uploads/2022/02/Ryan-Bancroft.jpg 1200w" sizes="auto, (max-width: 445px) 100vw, 445px" />			</div>
			<div class="col-md-7">
				<div class="bio__content-wrapper">
					<h1>Ryan Bancroft</h1>

                    <div class="bio__meta">
					<p>Conductor</p>
                    </div>

					<p>Ryan Bancroft creció en Los Ángeles y llamó la atención internacionalmente por primera vez en abril de 2018 cuando ganó tanto el Primer Premio como el Premio del Público en el prestigioso Concurso Malko para Jóvenes Directores de Orquesta en Copenhague. En septiembre de 2019 se anunció que Bancroft había sido nombrado director principal de la Orquesta Nacional de Gales de la BBC. Este papel comenzó en la temporada 20-21. Tras su primera visita para trabajar con la Tapiola Sinfonietta en Finlandia, Bancroft fue invitado a convertirse en su Artista en Asociación a partir de la temporada 21-22.</p>
                    					<a href="https://www.dallassymphony.org/es/people/ryan-bancroft/" class="a-hover">Leer más</a>
                                        <div class="share d-flex align-items-center">
                        
                                            </div>
				</div>
			</div>
		</div>
	</div>
</div>

<p>Ryan Bancroft creció en Los Ángeles y llamó la atención internacionalmente por primera vez en abril de 2018 cuando ganó tanto el Primer Premio como el Premio del Público en el prestigioso Concurso Malko para Jóvenes Directores de Orquesta en Copenhague. En septiembre de 2019 se anunció que Bancroft había sido nombrado director principal de la Orquesta Nacional de Gales de la BBC.</p>
