{"id":8129,"date":"2022-02-23T17:01:04","date_gmt":"2022-02-23T23:01:04","guid":{"rendered":"https:\/\/www.dallassymphony.org\/?post_type=dso_person&#038;p=8129"},"modified":"2022-02-23T17:01:06","modified_gmt":"2022-02-23T23:01:06","slug":"sean-michael-plumb","status":"publish","type":"dso_person","link":"https:\/\/www.dallassymphony.org\/es\/people\/sean-michael-plumb\/","title":{"rendered":"Sean Michael Plumb"},"content":{"rendered":"<div class=\"hero__no-img bg-blue-8\">\n\t<div class=\"container\">\n\t\t<div class=\"row\">\n\t\t\t<div class=\"col-md-10\">\n\n\t\t\t\t<ul class=\"breadcrumbs\">\n    \t<li class=\"breadcrumb__link\">\n\t\t<a class=\"a-hover\" href=\"https:\/\/www.dallassymphony.org\/es\/\">Inicio<\/a>\n\t<\/li>\n    \t<li class=\"breadcrumb__link a-styles\">\n\t\t<a class=\"a-hover\" href=\"https:\/\/www.dallassymphony.org\/es\/about-the-dso\/\">Sobre el DSO<\/a>\n\t<\/li>\n    \t<li class=\"breadcrumb__link a-styles\">\n\t\t<a class=\"a-hover\" href=\"https:\/\/www.dallassymphony.org\/es\/about-the-dso\/people\/\">Gente<\/a>\n\t<\/li>\n    <\/ul>\n\n                \t\t\t\t<h1>\n                    <span >Sean Michael Plumb<\/span>\n                <\/h1>\n                \t\t\t<\/div>\n\t\t<\/div>\n\t<\/div>\n<\/div>\n\n\n<div class=\"bio__block m-spacer\">\n\t<div class=\"container\">\n\t\t<div class=\"row\">\n\t\t\t<div class=\"col-md-5 position-relative\">\n\t\t\t\t\t\t\t\t<img loading=\"lazy\" decoding=\"async\" width=\"445\" height=\"445\" src=\"https:\/\/www.dallassymphony.org\/wp-content\/uploads\/2022\/02\/Sean-Michael-Plumb-445x445.jpg\" class=\"d-md-block img-fluid w-100 wp-post-image\" alt=\"Sean Michael Plumb\" srcset=\"https:\/\/www.dallassymphony.org\/wp-content\/uploads\/2022\/02\/Sean-Michael-Plumb-445x445.jpg 445w, https:\/\/www.dallassymphony.org\/wp-content\/uploads\/2022\/02\/Sean-Michael-Plumb-300x300.jpg 300w, https:\/\/www.dallassymphony.org\/wp-content\/uploads\/2022\/02\/Sean-Michael-Plumb-1024x1024.jpg 1024w, https:\/\/www.dallassymphony.org\/wp-content\/uploads\/2022\/02\/Sean-Michael-Plumb-150x150.jpg 150w, https:\/\/www.dallassymphony.org\/wp-content\/uploads\/2022\/02\/Sean-Michael-Plumb-768x768.jpg 768w, https:\/\/www.dallassymphony.org\/wp-content\/uploads\/2022\/02\/Sean-Michael-Plumb-12x12.jpg 12w, https:\/\/www.dallassymphony.org\/wp-content\/uploads\/2022\/02\/Sean-Michael-Plumb-262x262.jpg 262w, https:\/\/www.dallassymphony.org\/wp-content\/uploads\/2022\/02\/Sean-Michael-Plumb-350x350.jpg 350w, https:\/\/www.dallassymphony.org\/wp-content\/uploads\/2022\/02\/Sean-Michael-Plumb.jpg 1200w\" sizes=\"auto, (max-width: 445px) 100vw, 445px\" \/>\t\t\t<\/div>\n\t\t\t<div class=\"col-md-7\">\n\t\t\t\t<div class=\"bio__content-wrapper\">\n\t\t\t\t\t<h1>Sean Michael Plumb<\/h1>\n\n                    <div class=\"bio__meta\">\n\t\t\t\t\t<p>Bar\u00edtono<\/p>\n                    <\/div>\n\n\t\t\t\t\t<p>Aclamado por su \"bar\u00edtono l\u00edrico completo y emocionante\" (<em>Noticias de la \u00d3pera<\/em>) y \"un lirismo elegante y una musicalidad sensible\" (<em>El New York Times<\/em>), Sean Michael Plumb, de 29 a\u00f1os, vuelve al conjunto de la Bayerische Staatsoper en la temporada 2021-22 para producciones de <em>Die Zauberfl\u00f6te<\/em>, <em>La nariz<\/em>, <em>Der Freisch\u00fctz<\/em>...y... <em>Die Teufel von Loudun<\/em> trabajando con directores y directores de orquesta tan distinguidos como Ivor Bolton, Vladimir Jurowski, Lothar Koenigs, Antonello Manacorda, Kirill Petrenko, Kirill Serebrennikov, Simon Stone y Krzysztof Warlikowski. La temporada tambi\u00e9n marca el debut del bar\u00edtono estadounidense en la \u00d3pera Metropolitana en una reposici\u00f3n de <em>Ariadna en Naxos<\/em> dirigido por Marek Janowski.<\/p>\n                    \t\t\t\t\t<a href=\"https:\/\/www.dallassymphony.org\/es\/people\/sean-michael-plumb\/\" class=\"a-hover\">Leer m\u00e1s<\/a>\n                                        <div class=\"share d-flex align-items-center\">\n                        \n                                            <\/div>\n\t\t\t\t<\/div>\n\t\t\t<\/div>\n\t\t<\/div>\n\t<\/div>\n<\/div>","protected":false},"excerpt":{"rendered":"<p>Aclamado por su \"bar\u00edtono l\u00edrico completo y emocionante\" (Opera News) y su \"elegante lirismo y musicalidad receptiva\" (The New York Times), Sean Michael Plumb, de 29 a\u00f1os, vuelve al Ensemble de la Bayerische Staatsoper en la temporada 2021-22 para las producciones de Die Zauberfl\u00f6te, La Nariz, Der Freisch\u00fctz y Die Teufel von Loudun, trabajando con directores de orquesta tan distinguidos como Ivor Bolton, Vladimir Jurowski, Lothar Koenigs, Antonello Manacorda, Kirill Petrenko, Kirill Serebrennikov, Simon Stone y Krzysztof Warlikowski.<\/p>","protected":false},"featured_media":8125,"template":"","dso_musician_instrument":[],"dso_person_role":[29],"class_list":["post-8129","dso_person","type-dso_person","status-publish","has-post-thumbnail","hentry","dso_person_role-guest-artist"],"acf":[],"_links":{"self":[{"href":"https:\/\/www.dallassymphony.org\/es\/wp-json\/wp\/v2\/dso_person\/8129","targetHints":{"allow":["GET"]}}],"collection":[{"href":"https:\/\/www.dallassymphony.org\/es\/wp-json\/wp\/v2\/dso_person"}],"about":[{"href":"https:\/\/www.dallassymphony.org\/es\/wp-json\/wp\/v2\/types\/dso_person"}],"version-history":[{"count":0,"href":"https:\/\/www.dallassymphony.org\/es\/wp-json\/wp\/v2\/dso_person\/8129\/revisions"}],"wp:featuredmedia":[{"embeddable":true,"href":"https:\/\/www.dallassymphony.org\/es\/wp-json\/wp\/v2\/media\/8125"}],"wp:attachment":[{"href":"https:\/\/www.dallassymphony.org\/es\/wp-json\/wp\/v2\/media?parent=8129"}],"wp:term":[{"taxonomy":"dso_musician_instrument","embeddable":true,"href":"https:\/\/www.dallassymphony.org\/es\/wp-json\/wp\/v2\/dso_musician_instrument?post=8129"},{"taxonomy":"dso_person_role","embeddable":true,"href":"https:\/\/www.dallassymphony.org\/es\/wp-json\/wp\/v2\/dso_person_role?post=8129"}],"curies":[{"name":"wp","href":"https:\/\/api.w.org\/{rel}","templated":true}]}}

<div class="hero__no-img bg-blue-8">
	<div class="container">
		<div class="row">
			<div class="col-md-10">

				<ul class="breadcrumbs">
    	<li class="breadcrumb__link">
		<a class="a-hover" href="https://www.dallassymphony.org/es/">Inicio</a>
	</li>
    	<li class="breadcrumb__link a-styles">
		<a class="a-hover" href="https://www.dallassymphony.org/es/about-the-dso/">Sobre el DSO</a>
	</li>
    	<li class="breadcrumb__link a-styles">
		<a class="a-hover" href="https://www.dallassymphony.org/es/about-the-dso/people/">Gente</a>
	</li>
    </ul>

                				<h1>
                    <span >Sean Michael Plumb</span>
                </h1>
                			</div>
		</div>
	</div>
</div>


<div class="bio__block m-spacer">
	<div class="container">
		<div class="row">
			<div class="col-md-5 position-relative">
								<img loading="lazy" decoding="async" width="445" height="445" src="https://www.dallassymphony.org/wp-content/uploads/2022/02/Sean-Michael-Plumb-445x445.jpg" class="d-md-block img-fluid w-100 wp-post-image" alt="Sean Michael Plumb" srcset="https://www.dallassymphony.org/wp-content/uploads/2022/02/Sean-Michael-Plumb-445x445.jpg 445w, https://www.dallassymphony.org/wp-content/uploads/2022/02/Sean-Michael-Plumb-300x300.jpg 300w, https://www.dallassymphony.org/wp-content/uploads/2022/02/Sean-Michael-Plumb-1024x1024.jpg 1024w, https://www.dallassymphony.org/wp-content/uploads/2022/02/Sean-Michael-Plumb-150x150.jpg 150w, https://www.dallassymphony.org/wp-content/uploads/2022/02/Sean-Michael-Plumb-768x768.jpg 768w, https://www.dallassymphony.org/wp-content/uploads/2022/02/Sean-Michael-Plumb-12x12.jpg 12w, https://www.dallassymphony.org/wp-content/uploads/2022/02/Sean-Michael-Plumb-262x262.jpg 262w, https://www.dallassymphony.org/wp-content/uploads/2022/02/Sean-Michael-Plumb-350x350.jpg 350w, https://www.dallassymphony.org/wp-content/uploads/2022/02/Sean-Michael-Plumb.jpg 1200w" sizes="auto, (max-width: 445px) 100vw, 445px" />			</div>
			<div class="col-md-7">
				<div class="bio__content-wrapper">
					<h1>Sean Michael Plumb</h1>

                    <div class="bio__meta">
					<p>Barítono</p>
                    </div>

					<p>Aclamado por su "barítono lírico completo y emocionante" (<em>Noticias de la Ópera</em>) y "un lirismo elegante y una musicalidad sensible" (<em>El New York Times</em>), Sean Michael Plumb, de 29 años, vuelve al conjunto de la Bayerische Staatsoper en la temporada 2021-22 para producciones de <em>Die Zauberflöte</em>, <em>La nariz</em>, <em>Der Freischütz</em>...y... <em>Die Teufel von Loudun</em> trabajando con directores y directores de orquesta tan distinguidos como Ivor Bolton, Vladimir Jurowski, Lothar Koenigs, Antonello Manacorda, Kirill Petrenko, Kirill Serebrennikov, Simon Stone y Krzysztof Warlikowski. La temporada también marca el debut del barítono estadounidense en la Ópera Metropolitana en una reposición de <em>Ariadna en Naxos</em> dirigido por Marek Janowski.</p>
                    					<a href="https://www.dallassymphony.org/es/people/sean-michael-plumb/" class="a-hover">Leer más</a>
                                        <div class="share d-flex align-items-center">
                        
                                            </div>
				</div>
			</div>
		</div>
	</div>
</div>

<p>Aclamado por su "barítono lírico completo y emocionante" (Opera News) y su "elegante lirismo y musicalidad receptiva" (The New York Times), Sean Michael Plumb, de 29 años, vuelve al Ensemble de la Bayerische Staatsoper en la temporada 2021-22 para las producciones de Die Zauberflöte, La Nariz, Der Freischütz y Die Teufel von Loudun, trabajando con directores de orquesta tan distinguidos como Ivor Bolton, Vladimir Jurowski, Lothar Koenigs, Antonello Manacorda, Kirill Petrenko, Kirill Serebrennikov, Simon Stone y Krzysztof Warlikowski.</p>
