{"id":7790,"date":"2022-01-07T12:05:48","date_gmt":"2022-01-07T18:05:48","guid":{"rendered":"https:\/\/www.dallassymphony.org\/?post_type=dso_person&#038;p=7790"},"modified":"2026-01-16T11:44:09","modified_gmt":"2026-01-16T17:44:09","slug":"matthew-sinno","status":"publish","type":"dso_person","link":"https:\/\/www.dallassymphony.org\/es\/people\/matthew-sinno\/","title":{"rendered":"Matthew Sinno"},"content":{"rendered":"<div class=\"hero__no-img bg-blue-8\">\n\t<div class=\"container\">\n\t\t<div class=\"row\">\n\t\t\t<div class=\"col-md-10\">\n\n\t\t\t\t<ul class=\"breadcrumbs\">\n    \t<li class=\"breadcrumb__link\">\n\t\t<a class=\"a-hover\" href=\"https:\/\/www.dallassymphony.org\/es\/\">Inicio<\/a>\n\t<\/li>\n    \t<li class=\"breadcrumb__link a-styles\">\n\t\t<a class=\"a-hover\" href=\"https:\/\/www.dallassymphony.org\/es\/about-the-dso\/\">Sobre el DSO<\/a>\n\t<\/li>\n    \t<li class=\"breadcrumb__link a-styles\">\n\t\t<a class=\"a-hover\" href=\"https:\/\/www.dallassymphony.org\/es\/about-the-dso\/people\/\">Gente<\/a>\n\t<\/li>\n    <\/ul>\n\n                \t\t\t\t<h1>\n                    <span >Matthew Sinno<\/span>\n                <\/h1>\n                \t\t\t<\/div>\n\t\t<\/div>\n\t<\/div>\n<\/div>\n\n\n<div class=\"bio__block m-spacer\">\n\t<div class=\"container\">\n\t\t<div class=\"row\">\n\t\t\t<div class=\"col-md-5 position-relative\">\n\t\t\t\t\t\t\t\t<img loading=\"lazy\" decoding=\"async\" width=\"445\" height=\"445\" src=\"https:\/\/www.dallassymphony.org\/wp-content\/uploads\/2020\/11\/Matthew-Sinno-445x445.png\" class=\"d-md-block img-fluid w-100 wp-post-image\" alt=\"\" srcset=\"https:\/\/www.dallassymphony.org\/wp-content\/uploads\/2020\/11\/Matthew-Sinno-445x445.png 445w, https:\/\/www.dallassymphony.org\/wp-content\/uploads\/2020\/11\/Matthew-Sinno-300x300.png 300w, https:\/\/www.dallassymphony.org\/wp-content\/uploads\/2020\/11\/Matthew-Sinno-1024x1024.png 1024w, https:\/\/www.dallassymphony.org\/wp-content\/uploads\/2020\/11\/Matthew-Sinno-150x150.png 150w, https:\/\/www.dallassymphony.org\/wp-content\/uploads\/2020\/11\/Matthew-Sinno-768x768.png 768w, https:\/\/www.dallassymphony.org\/wp-content\/uploads\/2020\/11\/Matthew-Sinno-12x12.png 12w, https:\/\/www.dallassymphony.org\/wp-content\/uploads\/2020\/11\/Matthew-Sinno-262x262.png 262w, https:\/\/www.dallassymphony.org\/wp-content\/uploads\/2020\/11\/Matthew-Sinno-350x350.png 350w, https:\/\/www.dallassymphony.org\/wp-content\/uploads\/2020\/11\/Matthew-Sinno-400x400.png 400w, https:\/\/www.dallassymphony.org\/wp-content\/uploads\/2020\/11\/Matthew-Sinno-600x600.png 600w, https:\/\/www.dallassymphony.org\/wp-content\/uploads\/2020\/11\/Matthew-Sinno.png 1200w\" sizes=\"auto, (max-width: 445px) 100vw, 445px\" \/>\t\t\t<\/div>\n\t\t\t<div class=\"col-md-7\">\n\t\t\t\t<div class=\"bio__content-wrapper\">\n\t\t\t\t\t<h1>Matthew Sinno<\/h1>\n\n                    <div class=\"bio__meta\">\n\t\t\t\t\t<p>La directora asociada Viola<\/p>\n<p>C\u00e1tedra Jean y Marc Gineris<\/p>\n                    <\/div>\n\n\t\t\t\t\t<p>Matthew Sinno, un native de Massachusetts, se uni\u00f3 a la Orquesta Sinf\u00f3nica de Dallas como Viola Principal Asociado durante la temporada 2021\/22. Antes de eso, sirvi\u00f3 como Principal Asociado y Viola Principal Interino con la Sinf\u00f3nica de Kansas City. El Sr. Sinno tambi\u00e9n ha actuado con la Filarm\u00f3nica de Nueva York, la Orquesta de Filadelfia y la Orquesta de C\u00e1mara de San Pablo como suplente.<\/p>\n                    \t\t\t\t\t<a href=\"https:\/\/www.dallassymphony.org\/es\/people\/matthew-sinno\/\" class=\"a-hover\">Leer m\u00e1s<\/a>\n                                        <div class=\"share d-flex align-items-center\">\n                        \n                                            <\/div>\n\t\t\t\t<\/div>\n\t\t\t<\/div>\n\t\t<\/div>\n\t<\/div>\n<\/div>","protected":false},"excerpt":{"rendered":"<p>Matthew Sinno, un native de Massachusetts, se uni\u00f3 a la Orquesta Sinf\u00f3nica de Dallas como Viola Principal Asociado durante la temporada 2021\/22. Antes de eso, sirvi\u00f3 como Principal Asociado y Viola Principal Interino con la Sinf\u00f3nica de Kansas City. El Sr. Sinno tambi\u00e9n ha actuado con la Filarm\u00f3nica de Nueva York, la Orquesta de Filadelfia y la Orquesta de C\u00e1mara de San Pablo como suplente.<\/p>","protected":false},"featured_media":28407,"template":"","dso_musician_instrument":[26],"dso_person_role":[17],"class_list":["post-7790","dso_person","type-dso_person","status-publish","has-post-thumbnail","hentry","dso_musician_instrument-viola","dso_person_role-musician"],"acf":[],"_links":{"self":[{"href":"https:\/\/www.dallassymphony.org\/es\/wp-json\/wp\/v2\/dso_person\/7790","targetHints":{"allow":["GET"]}}],"collection":[{"href":"https:\/\/www.dallassymphony.org\/es\/wp-json\/wp\/v2\/dso_person"}],"about":[{"href":"https:\/\/www.dallassymphony.org\/es\/wp-json\/wp\/v2\/types\/dso_person"}],"version-history":[{"count":0,"href":"https:\/\/www.dallassymphony.org\/es\/wp-json\/wp\/v2\/dso_person\/7790\/revisions"}],"wp:featuredmedia":[{"embeddable":true,"href":"https:\/\/www.dallassymphony.org\/es\/wp-json\/wp\/v2\/media\/28407"}],"wp:attachment":[{"href":"https:\/\/www.dallassymphony.org\/es\/wp-json\/wp\/v2\/media?parent=7790"}],"wp:term":[{"taxonomy":"dso_musician_instrument","embeddable":true,"href":"https:\/\/www.dallassymphony.org\/es\/wp-json\/wp\/v2\/dso_musician_instrument?post=7790"},{"taxonomy":"dso_person_role","embeddable":true,"href":"https:\/\/www.dallassymphony.org\/es\/wp-json\/wp\/v2\/dso_person_role?post=7790"}],"curies":[{"name":"wp","href":"https:\/\/api.w.org\/{rel}","templated":true}]}}

<div class="hero__no-img bg-blue-8">
	<div class="container">
		<div class="row">
			<div class="col-md-10">

				<ul class="breadcrumbs">
    	<li class="breadcrumb__link">
		<a class="a-hover" href="https://www.dallassymphony.org/es/">Inicio</a>
	</li>
    	<li class="breadcrumb__link a-styles">
		<a class="a-hover" href="https://www.dallassymphony.org/es/about-the-dso/">Sobre el DSO</a>
	</li>
    	<li class="breadcrumb__link a-styles">
		<a class="a-hover" href="https://www.dallassymphony.org/es/about-the-dso/people/">Gente</a>
	</li>
    </ul>

                				<h1>
                    <span >Matthew Sinno</span>
                </h1>
                			</div>
		</div>
	</div>
</div>


<div class="bio__block m-spacer">
	<div class="container">
		<div class="row">
			<div class="col-md-5 position-relative">
								<img loading="lazy" decoding="async" width="445" height="445" src="https://www.dallassymphony.org/wp-content/uploads/2020/11/Matthew-Sinno-445x445.png" class="d-md-block img-fluid w-100 wp-post-image" alt="" srcset="https://www.dallassymphony.org/wp-content/uploads/2020/11/Matthew-Sinno-445x445.png 445w, https://www.dallassymphony.org/wp-content/uploads/2020/11/Matthew-Sinno-300x300.png 300w, https://www.dallassymphony.org/wp-content/uploads/2020/11/Matthew-Sinno-1024x1024.png 1024w, https://www.dallassymphony.org/wp-content/uploads/2020/11/Matthew-Sinno-150x150.png 150w, https://www.dallassymphony.org/wp-content/uploads/2020/11/Matthew-Sinno-768x768.png 768w, https://www.dallassymphony.org/wp-content/uploads/2020/11/Matthew-Sinno-12x12.png 12w, https://www.dallassymphony.org/wp-content/uploads/2020/11/Matthew-Sinno-262x262.png 262w, https://www.dallassymphony.org/wp-content/uploads/2020/11/Matthew-Sinno-350x350.png 350w, https://www.dallassymphony.org/wp-content/uploads/2020/11/Matthew-Sinno-400x400.png 400w, https://www.dallassymphony.org/wp-content/uploads/2020/11/Matthew-Sinno-600x600.png 600w, https://www.dallassymphony.org/wp-content/uploads/2020/11/Matthew-Sinno.png 1200w" sizes="auto, (max-width: 445px) 100vw, 445px" />			</div>
			<div class="col-md-7">
				<div class="bio__content-wrapper">
					<h1>Matthew Sinno</h1>

                    <div class="bio__meta">
					<p>La directora asociada Viola</p>
<p>Cátedra Jean y Marc Gineris</p>
                    </div>

					<p>Matthew Sinno, un native de Massachusetts, se unió a la Orquesta Sinfónica de Dallas como Viola Principal Asociado durante la temporada 2021/22. Antes de eso, sirvió como Principal Asociado y Viola Principal Interino con la Sinfónica de Kansas City. El Sr. Sinno también ha actuado con la Filarmónica de Nueva York, la Orquesta de Filadelfia y la Orquesta de Cámara de San Pablo como suplente.</p>
                    					<a href="https://www.dallassymphony.org/es/people/matthew-sinno/" class="a-hover">Leer más</a>
                                        <div class="share d-flex align-items-center">
                        
                                            </div>
				</div>
			</div>
		</div>
	</div>
</div>

<p>Matthew Sinno, un native de Massachusetts, se unió a la Orquesta Sinfónica de Dallas como Viola Principal Asociado durante la temporada 2021/22. Antes de eso, sirvió como Principal Asociado y Viola Principal Interino con la Sinfónica de Kansas City. El Sr. Sinno también ha actuado con la Filarmónica de Nueva York, la Orquesta de Filadelfia y la Orquesta de Cámara de San Pablo como suplente.</p>
