{"id":5764,"date":"2021-03-30T13:28:19","date_gmt":"2021-03-30T18:28:19","guid":{"rendered":"https:\/\/www.dallassymphony.org\/?post_type=dso_person&#038;p=5764"},"modified":"2022-07-14T16:52:03","modified_gmt":"2022-07-14T21:52:03","slug":"dupuis","status":"publish","type":"dso_person","link":"https:\/\/www.dallassymphony.org\/es\/people\/dupuis\/","title":{"rendered":"Etienne Dupuis"},"content":{"rendered":"<div class=\"hero__no-img bg-blue-8\">\n\t<div class=\"container\">\n\t\t<div class=\"row\">\n\t\t\t<div class=\"col-md-10\">\n\n\t\t\t\t<ul class=\"breadcrumbs\">\n    \t<li class=\"breadcrumb__link\">\n\t\t<a class=\"a-hover\" href=\"https:\/\/www.dallassymphony.org\/es\/\">Inicio<\/a>\n\t<\/li>\n    \t<li class=\"breadcrumb__link a-styles\">\n\t\t<a class=\"a-hover\" href=\"https:\/\/www.dallassymphony.org\/es\/about-the-dso\/\">Sobre el DSO<\/a>\n\t<\/li>\n    \t<li class=\"breadcrumb__link a-styles\">\n\t\t<a class=\"a-hover\" href=\"https:\/\/www.dallassymphony.org\/es\/about-the-dso\/people\/\">Gente<\/a>\n\t<\/li>\n    <\/ul>\n\n                \t\t\t\t<h1>\n                    <span >Etienne Dupuis<\/span>\n                <\/h1>\n                \t\t\t<\/div>\n\t\t<\/div>\n\t<\/div>\n<\/div>\n\n\n<div class=\"bio__block m-spacer\">\n\t<div class=\"container\">\n\t\t<div class=\"row\">\n\t\t\t<div class=\"col-md-5 position-relative\">\n\t\t\t\t\t\t\t\t<img loading=\"lazy\" decoding=\"async\" width=\"445\" height=\"445\" src=\"https:\/\/www.dallassymphony.org\/wp-content\/uploads\/2021\/03\/Etienne-Dupuis-Updated-1200x1200-1-445x445.jpg\" class=\"d-md-block img-fluid w-100 wp-post-image\" alt=\"Etienne Dupuis\" srcset=\"https:\/\/www.dallassymphony.org\/wp-content\/uploads\/2021\/03\/Etienne-Dupuis-Updated-1200x1200-1-445x445.jpg 445w, https:\/\/www.dallassymphony.org\/wp-content\/uploads\/2021\/03\/Etienne-Dupuis-Updated-1200x1200-1-300x300.jpg 300w, https:\/\/www.dallassymphony.org\/wp-content\/uploads\/2021\/03\/Etienne-Dupuis-Updated-1200x1200-1-1024x1024.jpg 1024w, https:\/\/www.dallassymphony.org\/wp-content\/uploads\/2021\/03\/Etienne-Dupuis-Updated-1200x1200-1-150x150.jpg 150w, https:\/\/www.dallassymphony.org\/wp-content\/uploads\/2021\/03\/Etienne-Dupuis-Updated-1200x1200-1-768x768.jpg 768w, https:\/\/www.dallassymphony.org\/wp-content\/uploads\/2021\/03\/Etienne-Dupuis-Updated-1200x1200-1-12x12.jpg 12w, https:\/\/www.dallassymphony.org\/wp-content\/uploads\/2021\/03\/Etienne-Dupuis-Updated-1200x1200-1-262x262.jpg 262w, https:\/\/www.dallassymphony.org\/wp-content\/uploads\/2021\/03\/Etienne-Dupuis-Updated-1200x1200-1-350x350.jpg 350w, https:\/\/www.dallassymphony.org\/wp-content\/uploads\/2021\/03\/Etienne-Dupuis-Updated-1200x1200-1.jpg 1200w\" sizes=\"auto, (max-width: 445px) 100vw, 445px\" \/>\t\t\t<\/div>\n\t\t\t<div class=\"col-md-7\">\n\t\t\t\t<div class=\"bio__content-wrapper\">\n\t\t\t\t\t<h1>Etienne Dupuis<\/h1>\n\n                    <div class=\"bio__meta\">\n\t\t\t\t\t<p>Bar\u00edtono<\/p>\n                    <\/div>\n\n\t\t\t\t\t<p>Elogiado por su \"bar\u00edtono suave y emp\u00e1tico\" y su presencia esc\u00e9nica \"refinada y carism\u00e1tica\" (The New York Times), Etienne Dupuis goza de fama internacional, apareciendo regularmente en los escenarios de \u00f3pera y plataformas de conciertos m\u00e1s importantes del mundo.<\/p>\n                    \t\t\t\t\t<a href=\"https:\/\/www.dallassymphony.org\/es\/people\/dupuis\/\" class=\"a-hover\">Leer m\u00e1s<\/a>\n                                        <div class=\"share d-flex align-items-center\">\n                        \n                                            <\/div>\n\t\t\t\t<\/div>\n\t\t\t<\/div>\n\t\t<\/div>\n\t<\/div>\n<\/div>","protected":false},"excerpt":{"rendered":"<p>Elogiado por su \"suave y emp\u00e1tico bar\u00edtono\" y su \"refinada y carism\u00e1tica\" presencia esc\u00e9nica (The New York Times), Etienne Dupuis goza de fama internacional, apareciendo regularmente en teatros de \u00f3pera tan renombrados como la \u00d3pera Metropolitana, la \u00d3pera Nacional de Par\u00eds, la Royal Opera House, el Covent Garden y la Deutsche Oper Berlin.<\/p>","protected":false},"featured_media":8548,"template":"","dso_musician_instrument":[],"dso_person_role":[29],"class_list":["post-5764","dso_person","type-dso_person","status-publish","has-post-thumbnail","hentry","dso_person_role-guest-artist"],"acf":[],"_links":{"self":[{"href":"https:\/\/www.dallassymphony.org\/es\/wp-json\/wp\/v2\/dso_person\/5764","targetHints":{"allow":["GET"]}}],"collection":[{"href":"https:\/\/www.dallassymphony.org\/es\/wp-json\/wp\/v2\/dso_person"}],"about":[{"href":"https:\/\/www.dallassymphony.org\/es\/wp-json\/wp\/v2\/types\/dso_person"}],"version-history":[{"count":0,"href":"https:\/\/www.dallassymphony.org\/es\/wp-json\/wp\/v2\/dso_person\/5764\/revisions"}],"wp:featuredmedia":[{"embeddable":true,"href":"https:\/\/www.dallassymphony.org\/es\/wp-json\/wp\/v2\/media\/8548"}],"wp:attachment":[{"href":"https:\/\/www.dallassymphony.org\/es\/wp-json\/wp\/v2\/media?parent=5764"}],"wp:term":[{"taxonomy":"dso_musician_instrument","embeddable":true,"href":"https:\/\/www.dallassymphony.org\/es\/wp-json\/wp\/v2\/dso_musician_instrument?post=5764"},{"taxonomy":"dso_person_role","embeddable":true,"href":"https:\/\/www.dallassymphony.org\/es\/wp-json\/wp\/v2\/dso_person_role?post=5764"}],"curies":[{"name":"wp","href":"https:\/\/api.w.org\/{rel}","templated":true}]}}

<div class="hero__no-img bg-blue-8">
	<div class="container">
		<div class="row">
			<div class="col-md-10">

				<ul class="breadcrumbs">
    	<li class="breadcrumb__link">
		<a class="a-hover" href="https://www.dallassymphony.org/es/">Inicio</a>
	</li>
    	<li class="breadcrumb__link a-styles">
		<a class="a-hover" href="https://www.dallassymphony.org/es/about-the-dso/">Sobre el DSO</a>
	</li>
    	<li class="breadcrumb__link a-styles">
		<a class="a-hover" href="https://www.dallassymphony.org/es/about-the-dso/people/">Gente</a>
	</li>
    </ul>

                				<h1>
                    <span >Etienne Dupuis</span>
                </h1>
                			</div>
		</div>
	</div>
</div>


<div class="bio__block m-spacer">
	<div class="container">
		<div class="row">
			<div class="col-md-5 position-relative">
								<img loading="lazy" decoding="async" width="445" height="445" src="https://www.dallassymphony.org/wp-content/uploads/2021/03/Etienne-Dupuis-Updated-1200x1200-1-445x445.jpg" class="d-md-block img-fluid w-100 wp-post-image" alt="Etienne Dupuis" srcset="https://www.dallassymphony.org/wp-content/uploads/2021/03/Etienne-Dupuis-Updated-1200x1200-1-445x445.jpg 445w, https://www.dallassymphony.org/wp-content/uploads/2021/03/Etienne-Dupuis-Updated-1200x1200-1-300x300.jpg 300w, https://www.dallassymphony.org/wp-content/uploads/2021/03/Etienne-Dupuis-Updated-1200x1200-1-1024x1024.jpg 1024w, https://www.dallassymphony.org/wp-content/uploads/2021/03/Etienne-Dupuis-Updated-1200x1200-1-150x150.jpg 150w, https://www.dallassymphony.org/wp-content/uploads/2021/03/Etienne-Dupuis-Updated-1200x1200-1-768x768.jpg 768w, https://www.dallassymphony.org/wp-content/uploads/2021/03/Etienne-Dupuis-Updated-1200x1200-1-12x12.jpg 12w, https://www.dallassymphony.org/wp-content/uploads/2021/03/Etienne-Dupuis-Updated-1200x1200-1-262x262.jpg 262w, https://www.dallassymphony.org/wp-content/uploads/2021/03/Etienne-Dupuis-Updated-1200x1200-1-350x350.jpg 350w, https://www.dallassymphony.org/wp-content/uploads/2021/03/Etienne-Dupuis-Updated-1200x1200-1.jpg 1200w" sizes="auto, (max-width: 445px) 100vw, 445px" />			</div>
			<div class="col-md-7">
				<div class="bio__content-wrapper">
					<h1>Etienne Dupuis</h1>

                    <div class="bio__meta">
					<p>Barítono</p>
                    </div>

					<p>Elogiado por su "barítono suave y empático" y su presencia escénica "refinada y carismática" (The New York Times), Etienne Dupuis goza de fama internacional, apareciendo regularmente en los escenarios de ópera y plataformas de conciertos más importantes del mundo.</p>
                    					<a href="https://www.dallassymphony.org/es/people/dupuis/" class="a-hover">Leer más</a>
                                        <div class="share d-flex align-items-center">
                        
                                            </div>
				</div>
			</div>
		</div>
	</div>
</div>

<p>Elogiado por su "suave y empático barítono" y su "refinada y carismática" presencia escénica (The New York Times), Etienne Dupuis goza de fama internacional, apareciendo regularmente en teatros de ópera tan renombrados como la Ópera Metropolitana, la Ópera Nacional de París, la Royal Opera House, el Covent Garden y la Deutsche Oper Berlin.</p>
