{"id":5084,"date":"2021-01-05T11:07:58","date_gmt":"2021-01-05T17:07:58","guid":{"rendered":"https:\/\/www.dallassymphony.org\/?post_type=dso_person&#038;p=5084"},"modified":"2021-03-19T13:35:03","modified_gmt":"2021-03-19T18:35:03","slug":"joana-mallwitz","status":"publish","type":"dso_person","link":"https:\/\/www.dallassymphony.org\/es\/people\/joana-mallwitz\/","title":{"rendered":"Joana Mallwitz"},"content":{"rendered":"<div class=\"bio__block m-spacer\">\n\t<div class=\"container\">\n\t\t<div class=\"row\">\n\t\t\t<div class=\"col-md-5 position-relative\">\n\t\t\t\t\t\t\t\t<img loading=\"lazy\" decoding=\"async\" width=\"445\" height=\"445\" src=\"https:\/\/www.dallassymphony.org\/wp-content\/uploads\/2021\/01\/Joana-Mallwitz-1000x1000-1-445x445.jpg\" class=\"d-md-block img-fluid w-100 wp-post-image\" alt=\"Joana Mallwitz\" srcset=\"https:\/\/www.dallassymphony.org\/wp-content\/uploads\/2021\/01\/Joana-Mallwitz-1000x1000-1-445x445.jpg 445w, https:\/\/www.dallassymphony.org\/wp-content\/uploads\/2021\/01\/Joana-Mallwitz-1000x1000-1-300x300.jpg 300w, https:\/\/www.dallassymphony.org\/wp-content\/uploads\/2021\/01\/Joana-Mallwitz-1000x1000-1-150x150.jpg 150w, https:\/\/www.dallassymphony.org\/wp-content\/uploads\/2021\/01\/Joana-Mallwitz-1000x1000-1-768x768.jpg 768w, https:\/\/www.dallassymphony.org\/wp-content\/uploads\/2021\/01\/Joana-Mallwitz-1000x1000-1-12x12.jpg 12w, https:\/\/www.dallassymphony.org\/wp-content\/uploads\/2021\/01\/Joana-Mallwitz-1000x1000-1-262x262.jpg 262w, https:\/\/www.dallassymphony.org\/wp-content\/uploads\/2021\/01\/Joana-Mallwitz-1000x1000-1-350x350.jpg 350w, https:\/\/www.dallassymphony.org\/wp-content\/uploads\/2021\/01\/Joana-Mallwitz-1000x1000-1.jpg 1000w\" sizes=\"auto, (max-width: 445px) 100vw, 445px\" \/>\t\t\t<\/div>\n\t\t\t<div class=\"col-md-7\">\n\t\t\t\t<div class=\"bio__content-wrapper\">\n\t\t\t\t\t<h1>Joana Mallwitz<\/h1>\n\n                    <div class=\"bio__meta\">\n\t\t\t\t\t<p>Conductor<\/p>\n                    <\/div>\n\n\t\t\t\t\t<p>\"Es una artista inquisitiva que sabe c\u00f3mo motivar a una orquesta y, al mismo tiempo, exigir el m\u00e1ximo nivel. Sabe sumergirse en las complejidades del color del sonido, pero tambi\u00e9n sabe cu\u00e1ndo dejarse llevar\". Esta fue la opini\u00f3n del jurado de la revista \"Opernwelt\" en oto\u00f1o de 2019 cuando nombr\u00f3 a Joana Mallwitz, directora de orquesta de 33 a\u00f1os, \"Directora del A\u00f1o\".<\/p>\n                    \t\t\t\t\t<a href=\"https:\/\/www.dallassymphony.org\/es\/people\/joana-mallwitz\/\" class=\"a-hover\">Leer m\u00e1s<\/a>\n                                        <div class=\"share d-flex align-items-center\">\n                        \n                                            <\/div>\n\t\t\t\t<\/div>\n\t\t\t<\/div>\n\t\t<\/div>\n\t<\/div>\n<\/div>","protected":false},"excerpt":{"rendered":"","protected":false},"featured_media":5085,"template":"","dso_musician_instrument":[],"dso_person_role":[55],"class_list":["post-5084","dso_person","type-dso_person","status-publish","has-post-thumbnail","hentry","dso_person_role-conductor"],"acf":[],"_links":{"self":[{"href":"https:\/\/www.dallassymphony.org\/es\/wp-json\/wp\/v2\/dso_person\/5084","targetHints":{"allow":["GET"]}}],"collection":[{"href":"https:\/\/www.dallassymphony.org\/es\/wp-json\/wp\/v2\/dso_person"}],"about":[{"href":"https:\/\/www.dallassymphony.org\/es\/wp-json\/wp\/v2\/types\/dso_person"}],"version-history":[{"count":0,"href":"https:\/\/www.dallassymphony.org\/es\/wp-json\/wp\/v2\/dso_person\/5084\/revisions"}],"wp:featuredmedia":[{"embeddable":true,"href":"https:\/\/www.dallassymphony.org\/es\/wp-json\/wp\/v2\/media\/5085"}],"wp:attachment":[{"href":"https:\/\/www.dallassymphony.org\/es\/wp-json\/wp\/v2\/media?parent=5084"}],"wp:term":[{"taxonomy":"dso_musician_instrument","embeddable":true,"href":"https:\/\/www.dallassymphony.org\/es\/wp-json\/wp\/v2\/dso_musician_instrument?post=5084"},{"taxonomy":"dso_person_role","embeddable":true,"href":"https:\/\/www.dallassymphony.org\/es\/wp-json\/wp\/v2\/dso_person_role?post=5084"}],"curies":[{"name":"wp","href":"https:\/\/api.w.org\/{rel}","templated":true}]}}

<div class="bio__block m-spacer">
	<div class="container">
		<div class="row">
			<div class="col-md-5 position-relative">
								<img loading="lazy" decoding="async" width="445" height="445" src="https://www.dallassymphony.org/wp-content/uploads/2021/01/Joana-Mallwitz-1000x1000-1-445x445.jpg" class="d-md-block img-fluid w-100 wp-post-image" alt="Joana Mallwitz" srcset="https://www.dallassymphony.org/wp-content/uploads/2021/01/Joana-Mallwitz-1000x1000-1-445x445.jpg 445w, https://www.dallassymphony.org/wp-content/uploads/2021/01/Joana-Mallwitz-1000x1000-1-300x300.jpg 300w, https://www.dallassymphony.org/wp-content/uploads/2021/01/Joana-Mallwitz-1000x1000-1-150x150.jpg 150w, https://www.dallassymphony.org/wp-content/uploads/2021/01/Joana-Mallwitz-1000x1000-1-768x768.jpg 768w, https://www.dallassymphony.org/wp-content/uploads/2021/01/Joana-Mallwitz-1000x1000-1-12x12.jpg 12w, https://www.dallassymphony.org/wp-content/uploads/2021/01/Joana-Mallwitz-1000x1000-1-262x262.jpg 262w, https://www.dallassymphony.org/wp-content/uploads/2021/01/Joana-Mallwitz-1000x1000-1-350x350.jpg 350w, https://www.dallassymphony.org/wp-content/uploads/2021/01/Joana-Mallwitz-1000x1000-1.jpg 1000w" sizes="auto, (max-width: 445px) 100vw, 445px" />			</div>
			<div class="col-md-7">
				<div class="bio__content-wrapper">
					<h1>Joana Mallwitz</h1>

                    <div class="bio__meta">
					<p>Conductor</p>
                    </div>

					<p>"Es una artista inquisitiva que sabe cómo motivar a una orquesta y, al mismo tiempo, exigir el máximo nivel. Sabe sumergirse en las complejidades del color del sonido, pero también sabe cuándo dejarse llevar". Esta fue la opinión del jurado de la revista "Opernwelt" en otoño de 2019 cuando nombró a Joana Mallwitz, directora de orquesta de 33 años, "Directora del Año".</p>
                    					<a href="https://www.dallassymphony.org/es/people/joana-mallwitz/" class="a-hover">Leer más</a>
                                        <div class="share d-flex align-items-center">
                        
                                            </div>
				</div>
			</div>
		</div>
	</div>
</div>
