{"id":458,"date":"2020-11-05T13:12:52","date_gmt":"2020-11-05T18:12:52","guid":{"rendered":"https:\/\/www.dallassymphony.org\/?post_type=dso_person&#038;p=458"},"modified":"2025-07-17T11:56:44","modified_gmt":"2025-07-17T16:56:44","slug":"stephen-ahearn","status":"publish","type":"dso_person","link":"https:\/\/www.dallassymphony.org\/es\/people\/stephen-ahearn\/","title":{"rendered":"Stephen Ahearn"},"content":{"rendered":"<div class=\"hero__no-img bg-blue-8\">\n\t<div class=\"container\">\n\t\t<div class=\"row\">\n\t\t\t<div class=\"col-md-10\">\n\n\t\t\t\t<ul class=\"breadcrumbs\">\n    \t<li class=\"breadcrumb__link\">\n\t\t<a class=\"a-hover\" href=\"https:\/\/www.dallassymphony.org\/es\/\">Inicio<\/a>\n\t<\/li>\n    \t<li class=\"breadcrumb__link a-styles\">\n\t\t<a class=\"a-hover\" href=\"https:\/\/www.dallassymphony.org\/es\/about-the-dso\/\">Sobre el DSO<\/a>\n\t<\/li>\n    \t<li class=\"breadcrumb__link a-styles\">\n\t\t<a class=\"a-hover\" href=\"https:\/\/www.dallassymphony.org\/es\/about-the-dso\/people\/\">Gente<\/a>\n\t<\/li>\n    <\/ul>\n\n                \t\t\t\t<h1>\n                    <span >Stephen Ahearn<\/span>\n                <\/h1>\n                \t\t\t<\/div>\n\t\t<\/div>\n\t<\/div>\n<\/div>\n\n\n<div class=\"bio__block m-spacer\">\n\t<div class=\"container\">\n\t\t<div class=\"row\">\n\t\t\t<div class=\"col-md-5 position-relative\">\n\t\t\t\t\t\t\t\t<img loading=\"lazy\" decoding=\"async\" width=\"445\" height=\"445\" src=\"https:\/\/www.dallassymphony.org\/wp-content\/uploads\/2020\/11\/Steve-Ahearn-1-445x445.jpg\" class=\"d-md-block img-fluid w-100 wp-post-image\" alt=\"Stephen Ahearn_Clarinet_Sinfon\u00eda de Dallas\" srcset=\"https:\/\/www.dallassymphony.org\/wp-content\/uploads\/2020\/11\/Steve-Ahearn-1-445x445.jpg 445w, https:\/\/www.dallassymphony.org\/wp-content\/uploads\/2020\/11\/Steve-Ahearn-1-300x300.jpg 300w, https:\/\/www.dallassymphony.org\/wp-content\/uploads\/2020\/11\/Steve-Ahearn-1-1024x1024.jpg 1024w, https:\/\/www.dallassymphony.org\/wp-content\/uploads\/2020\/11\/Steve-Ahearn-1-150x150.jpg 150w, https:\/\/www.dallassymphony.org\/wp-content\/uploads\/2020\/11\/Steve-Ahearn-1-768x768.jpg 768w, https:\/\/www.dallassymphony.org\/wp-content\/uploads\/2020\/11\/Steve-Ahearn-1-12x12.jpg 12w, https:\/\/www.dallassymphony.org\/wp-content\/uploads\/2020\/11\/Steve-Ahearn-1-262x262.jpg 262w, https:\/\/www.dallassymphony.org\/wp-content\/uploads\/2020\/11\/Steve-Ahearn-1-350x350.jpg 350w, https:\/\/www.dallassymphony.org\/wp-content\/uploads\/2020\/11\/Steve-Ahearn-1.jpg 1200w\" sizes=\"auto, (max-width: 445px) 100vw, 445px\" \/>\t\t\t<\/div>\n\t\t\t<div class=\"col-md-7\">\n\t\t\t\t<div class=\"bio__content-wrapper\">\n\t\t\t\t\t<h1>Stephen Ahearn<\/h1>\n\n                    <div class=\"bio__meta\">\n\t\t\t\t\t<p>Segundo Clarinete<\/p>\n<p>C\u00e1tedra Courtney &amp; Andrew Nall<\/p>\n                    <\/div>\n\n\t\t\t\t\t<p>Stephen Ahearn se incorpor\u00f3 a la Sinf\u00f3nica de Dallas en oto\u00f1o de 2012. Adem\u00e1s de su trabajo en la DSO, Stephen act\u00faa regularmente con Voices of Change en Dallas y la serie de m\u00fasica de c\u00e1mara Chatter en Albuquerque y Santa Fe. Antes de trasladarse a Dallas, fue segundo clarinetista en funciones y clarinetista en mi bemol de la Orquesta Sinf\u00f3nica de Milwaukee, clarinetista bajo de la Orquesta de la \u00d3pera de Santa Fe, clarinetista principal de la Orquesta de la \u00d3pera de Sarasota y profesor adjunto de clarinete en la Universidad de Wisconsin-Milwaukee. Stephen tambi\u00e9n ha actuado como invitado de la Orquesta de Filadelfia, el Festival de M\u00fasica de Sun Valley, el Festival de M\u00fasica de C\u00e1mara de Santa Fe y el Festival de M\u00fasica Contempor\u00e1nea de Cabrillo. Es licenciado en Biolog\u00eda y M\u00fasica por la Universidad de Richmond, y tiene un M\u00e1ster en M\u00fasica por la Universidad de Wisconsin - Milwaukee. Entre sus profesores se encuentran Todd Levy, Ricardo Morales, David Weber y David Niethamer.<\/p>\n                    \t\t\t\t\t<a href=\"https:\/\/www.dallassymphony.org\/es\/people\/stephen-ahearn\/\" class=\"a-hover\">Leer m\u00e1s<\/a>\n                                        <div class=\"share d-flex align-items-center\">\n                        \n                                            <\/div>\n\t\t\t\t<\/div>\n\t\t\t<\/div>\n\t\t<\/div>\n\t<\/div>\n<\/div>","protected":false},"excerpt":{"rendered":"<p>Stephen Ahearn se uni\u00f3 a la Sinf\u00f3nica de Dallas en el oto\u00f1o de 2012. Adem\u00e1s de su trabajo en la DSO, Stephen act\u00faa regularmente con Voces de Cambio en Dallas y la serie de m\u00fasica de c\u00e1mara Chatter en Albuquerque y Santa Fe.<\/p>","protected":false},"featured_media":1370,"template":"","dso_musician_instrument":[20,22],"dso_person_role":[17],"class_list":["post-458","dso_person","type-dso_person","status-publish","has-post-thumbnail","hentry","dso_musician_instrument-woodwind","dso_musician_instrument-clarinet","dso_person_role-musician"],"acf":[],"_links":{"self":[{"href":"https:\/\/www.dallassymphony.org\/es\/wp-json\/wp\/v2\/dso_person\/458","targetHints":{"allow":["GET"]}}],"collection":[{"href":"https:\/\/www.dallassymphony.org\/es\/wp-json\/wp\/v2\/dso_person"}],"about":[{"href":"https:\/\/www.dallassymphony.org\/es\/wp-json\/wp\/v2\/types\/dso_person"}],"version-history":[{"count":0,"href":"https:\/\/www.dallassymphony.org\/es\/wp-json\/wp\/v2\/dso_person\/458\/revisions"}],"wp:featuredmedia":[{"embeddable":true,"href":"https:\/\/www.dallassymphony.org\/es\/wp-json\/wp\/v2\/media\/1370"}],"wp:attachment":[{"href":"https:\/\/www.dallassymphony.org\/es\/wp-json\/wp\/v2\/media?parent=458"}],"wp:term":[{"taxonomy":"dso_musician_instrument","embeddable":true,"href":"https:\/\/www.dallassymphony.org\/es\/wp-json\/wp\/v2\/dso_musician_instrument?post=458"},{"taxonomy":"dso_person_role","embeddable":true,"href":"https:\/\/www.dallassymphony.org\/es\/wp-json\/wp\/v2\/dso_person_role?post=458"}],"curies":[{"name":"wp","href":"https:\/\/api.w.org\/{rel}","templated":true}]}}

<div class="hero__no-img bg-blue-8">
	<div class="container">
		<div class="row">
			<div class="col-md-10">

				<ul class="breadcrumbs">
    	<li class="breadcrumb__link">
		<a class="a-hover" href="https://www.dallassymphony.org/es/">Inicio</a>
	</li>
    	<li class="breadcrumb__link a-styles">
		<a class="a-hover" href="https://www.dallassymphony.org/es/about-the-dso/">Sobre el DSO</a>
	</li>
    	<li class="breadcrumb__link a-styles">
		<a class="a-hover" href="https://www.dallassymphony.org/es/about-the-dso/people/">Gente</a>
	</li>
    </ul>

                				<h1>
                    <span >Stephen Ahearn</span>
                </h1>
                			</div>
		</div>
	</div>
</div>


<div class="bio__block m-spacer">
	<div class="container">
		<div class="row">
			<div class="col-md-5 position-relative">
								<img loading="lazy" decoding="async" width="445" height="445" src="https://www.dallassymphony.org/wp-content/uploads/2020/11/Steve-Ahearn-1-445x445.jpg" class="d-md-block img-fluid w-100 wp-post-image" alt="Stephen Ahearn_Clarinet_Sinfonía de Dallas" srcset="https://www.dallassymphony.org/wp-content/uploads/2020/11/Steve-Ahearn-1-445x445.jpg 445w, https://www.dallassymphony.org/wp-content/uploads/2020/11/Steve-Ahearn-1-300x300.jpg 300w, https://www.dallassymphony.org/wp-content/uploads/2020/11/Steve-Ahearn-1-1024x1024.jpg 1024w, https://www.dallassymphony.org/wp-content/uploads/2020/11/Steve-Ahearn-1-150x150.jpg 150w, https://www.dallassymphony.org/wp-content/uploads/2020/11/Steve-Ahearn-1-768x768.jpg 768w, https://www.dallassymphony.org/wp-content/uploads/2020/11/Steve-Ahearn-1-12x12.jpg 12w, https://www.dallassymphony.org/wp-content/uploads/2020/11/Steve-Ahearn-1-262x262.jpg 262w, https://www.dallassymphony.org/wp-content/uploads/2020/11/Steve-Ahearn-1-350x350.jpg 350w, https://www.dallassymphony.org/wp-content/uploads/2020/11/Steve-Ahearn-1.jpg 1200w" sizes="auto, (max-width: 445px) 100vw, 445px" />			</div>
			<div class="col-md-7">
				<div class="bio__content-wrapper">
					<h1>Stephen Ahearn</h1>

                    <div class="bio__meta">
					<p>Segundo Clarinete</p>
<p>Cátedra Courtney &amp; Andrew Nall</p>
                    </div>

					<p>Stephen Ahearn se incorporó a la Sinfónica de Dallas en otoño de 2012. Además de su trabajo en la DSO, Stephen actúa regularmente con Voices of Change en Dallas y la serie de música de cámara Chatter en Albuquerque y Santa Fe. Antes de trasladarse a Dallas, fue segundo clarinetista en funciones y clarinetista en mi bemol de la Orquesta Sinfónica de Milwaukee, clarinetista bajo de la Orquesta de la Ópera de Santa Fe, clarinetista principal de la Orquesta de la Ópera de Sarasota y profesor adjunto de clarinete en la Universidad de Wisconsin-Milwaukee. Stephen también ha actuado como invitado de la Orquesta de Filadelfia, el Festival de Música de Sun Valley, el Festival de Música de Cámara de Santa Fe y el Festival de Música Contemporánea de Cabrillo. Es licenciado en Biología y Música por la Universidad de Richmond, y tiene un Máster en Música por la Universidad de Wisconsin - Milwaukee. Entre sus profesores se encuentran Todd Levy, Ricardo Morales, David Weber y David Niethamer.</p>
                    					<a href="https://www.dallassymphony.org/es/people/stephen-ahearn/" class="a-hover">Leer más</a>
                                        <div class="share d-flex align-items-center">
                        
                                            </div>
				</div>
			</div>
		</div>
	</div>
</div>

<p>Stephen Ahearn se unió a la Sinfónica de Dallas en el otoño de 2012. Además de su trabajo en la DSO, Stephen actúa regularmente con Voces de Cambio en Dallas y la serie de música de cámara Chatter en Albuquerque y Santa Fe.</p>
