{"id":417,"date":"2020-11-05T11:24:27","date_gmt":"2020-11-05T16:24:27","guid":{"rendered":"https:\/\/www.dallassymphony.org\/?post_type=dso_person&#038;p=417"},"modified":"2020-12-31T13:03:16","modified_gmt":"2020-12-31T19:03:16","slug":"angela-fuller-heyde","status":"publish","type":"dso_person","link":"https:\/\/www.dallassymphony.org\/es\/people\/angela-fuller-heyde\/","title":{"rendered":"Angela Fuller Heyde"},"content":{"rendered":"<div class=\"hero__no-img bg-blue-8\">\n\t<div class=\"container\">\n\t\t<div class=\"row\">\n\t\t\t<div class=\"col-md-10\">\n\n\t\t\t\t<ul class=\"breadcrumbs\">\n    \t<li class=\"breadcrumb__link\">\n\t\t<a class=\"a-hover\" href=\"https:\/\/www.dallassymphony.org\/es\/\">Inicio<\/a>\n\t<\/li>\n    \t<li class=\"breadcrumb__link a-styles\">\n\t\t<a class=\"a-hover\" href=\"https:\/\/www.dallassymphony.org\/es\/about-the-dso\/\">Sobre el DSO<\/a>\n\t<\/li>\n    \t<li class=\"breadcrumb__link a-styles\">\n\t\t<a class=\"a-hover\" href=\"https:\/\/www.dallassymphony.org\/es\/about-the-dso\/people\/\">Gente<\/a>\n\t<\/li>\n    <\/ul>\n\n                \t\t\t\t<h1>\n                    <span >Angela Fuller Heyde<\/span>\n                <\/h1>\n                \t\t\t<\/div>\n\t\t<\/div>\n\t<\/div>\n<\/div>\n\n\n<div class=\"bio__block m-spacer\">\n\t<div class=\"container\">\n\t\t<div class=\"row\">\n\t\t\t<div class=\"col-md-5 position-relative\">\n\t\t\t\t\t\t\t\t<img loading=\"lazy\" decoding=\"async\" width=\"445\" height=\"445\" src=\"https:\/\/www.dallassymphony.org\/wp-content\/uploads\/2020\/11\/Angela-Fuller-Heyde-1-445x445.jpg\" class=\"d-md-block img-fluid w-100 wp-post-image\" alt=\"Angela Fuller Heyde_Viol\u00edn principal II_Barbara K &amp; Seymour R Thum Chair_Silla sinf\u00f3nica de Dallas\" srcset=\"https:\/\/www.dallassymphony.org\/wp-content\/uploads\/2020\/11\/Angela-Fuller-Heyde-1-445x445.jpg 445w, https:\/\/www.dallassymphony.org\/wp-content\/uploads\/2020\/11\/Angela-Fuller-Heyde-1-300x300.jpg 300w, https:\/\/www.dallassymphony.org\/wp-content\/uploads\/2020\/11\/Angela-Fuller-Heyde-1-1024x1024.jpg 1024w, https:\/\/www.dallassymphony.org\/wp-content\/uploads\/2020\/11\/Angela-Fuller-Heyde-1-150x150.jpg 150w, https:\/\/www.dallassymphony.org\/wp-content\/uploads\/2020\/11\/Angela-Fuller-Heyde-1-768x768.jpg 768w, https:\/\/www.dallassymphony.org\/wp-content\/uploads\/2020\/11\/Angela-Fuller-Heyde-1-12x12.jpg 12w, https:\/\/www.dallassymphony.org\/wp-content\/uploads\/2020\/11\/Angela-Fuller-Heyde-1-262x262.jpg 262w, https:\/\/www.dallassymphony.org\/wp-content\/uploads\/2020\/11\/Angela-Fuller-Heyde-1-350x350.jpg 350w, https:\/\/www.dallassymphony.org\/wp-content\/uploads\/2020\/11\/Angela-Fuller-Heyde-1.jpg 1200w\" sizes=\"auto, (max-width: 445px) 100vw, 445px\" \/>\t\t\t<\/div>\n\t\t\t<div class=\"col-md-7\">\n\t\t\t\t<div class=\"bio__content-wrapper\">\n\t\t\t\t\t<h1>Angela Fuller Heyde<\/h1>\n\n                    <div class=\"bio__meta\">\n\t\t\t\t\t<p>Segundo viol\u00edn principal<\/p>\n<p>Barbara K. &amp; Seymour R. Thum Presidente<\/p>\n                    <\/div>\n\n\t\t\t\t\t<p>La violinista Angela Fuller Heyde se incorpor\u00f3 a la DSO como segunda viol\u00edn principal en septiembre de 2009. Anteriormente, fue concertino de la Sinf\u00f3nica de Houston y primer viol\u00edn de la Orquesta de Minnesota y ha sido concertino invitado de las orquestas de Atlanta, Bergen (NORUEGA), Indian\u00e1polis y Seattle. Fuller Heyde debut\u00f3 como concertista de la Sinf\u00f3nica de Houston en septiembre de 2007 con una interpretaci\u00f3n del concierto de Bruch que fue aclamada por la cr\u00edtica. Como \u00e1vida m\u00fasico de c\u00e1mara, fue miembro de los c\u00e9lebres Prospect Park Players de Minneapolis con el director\/pianista William Eddins y el chelista principal de la Sinf\u00f3nica de Milwaukee, Joseph Johnson. Ha colaborado con artistas como Janos Starker, William Preucil, Charles Castleman y Andrew Litton. Defensora de la m\u00fasica nueva, Fuller Heyde estren\u00f3 en Texas la obra de Hilary Tann\u00a0<em>Aqu\u00ed, los acantilados<\/em>\u00a0con la East Texas Symphony en Tyler, TX y volvi\u00f3 a interpretar esa obra con la Monterey Symphony de California. Otras apariciones como solista han sido los conciertos de Brahms y Sibelius con la Orquesta de Minnesota. Fuller Heyde comenz\u00f3 a estudiar viol\u00edn a los tres a\u00f1os con su madre, Janai. Entre sus profesores se encuentran Camilla Wicks, Sally O'Reilly y William Preucil en el Instituto de M\u00fasica de Cleveland. Fue la ganadora del Concurso Internacional de Cuerda Irving M. Klein 2000, celebrado en San Francisco, as\u00ed como la ganadora del concurso WAMSO de la Orquesta de Minnesota en 1998. Adem\u00e1s de sus frecuentes apariciones en el Sommerfest de la Orquesta de Minnesota, ha actuado en los festivales de m\u00fasica de Aspen, Grand Teton, Tanglewood, el Mainly Mozart Festival de San Diego, la Chautauqua Institution y el Olympic Music Festival. Dedicada a la ense\u00f1anza, Fuller Heyde ha formado parte del cuerpo docente de la Escuela de M\u00fasica Shepherd de la Universidad de Rice y ha impartido clases magistrales por todo Estados Unidos. Ella y su marido, el trompa principal asociado de la DSO, David Heyde, tienen tres hijos, las hijas Lauren y Nicole, y el hijo Adam.<\/p>\n                    \t\t\t\t\t<a href=\"https:\/\/www.dallassymphony.org\/es\/people\/angela-fuller-heyde\/\" class=\"a-hover\">Leer m\u00e1s<\/a>\n                                        <div class=\"share d-flex align-items-center\">\n                        \n                                            <\/div>\n\t\t\t\t<\/div>\n\t\t\t<\/div>\n\t\t<\/div>\n\t<\/div>\n<\/div>","protected":false},"excerpt":{"rendered":"<p>La violinista Angela Fuller Heyde se uni\u00f3 a la DSO como segundo viol\u00edn principal en septiembre de 2009. Anteriormente, se desempe\u00f1\u00f3 como Concertino de la Sinf\u00f3nica de Houston y como primer viol\u00edn de la Orquesta de Minnesota y ha sido Concertino invitado de las orquestas de Atlanta, Bergen (NORUEGA), Indian\u00e1polis y Seattle.<\/p>","protected":false},"featured_media":1484,"template":"","dso_musician_instrument":[15,18],"dso_person_role":[17],"class_list":["post-417","dso_person","type-dso_person","status-publish","has-post-thumbnail","hentry","dso_musician_instrument-strings","dso_musician_instrument-violin-ii","dso_person_role-musician"],"acf":[],"_links":{"self":[{"href":"https:\/\/www.dallassymphony.org\/es\/wp-json\/wp\/v2\/dso_person\/417","targetHints":{"allow":["GET"]}}],"collection":[{"href":"https:\/\/www.dallassymphony.org\/es\/wp-json\/wp\/v2\/dso_person"}],"about":[{"href":"https:\/\/www.dallassymphony.org\/es\/wp-json\/wp\/v2\/types\/dso_person"}],"version-history":[{"count":0,"href":"https:\/\/www.dallassymphony.org\/es\/wp-json\/wp\/v2\/dso_person\/417\/revisions"}],"wp:featuredmedia":[{"embeddable":true,"href":"https:\/\/www.dallassymphony.org\/es\/wp-json\/wp\/v2\/media\/1484"}],"wp:attachment":[{"href":"https:\/\/www.dallassymphony.org\/es\/wp-json\/wp\/v2\/media?parent=417"}],"wp:term":[{"taxonomy":"dso_musician_instrument","embeddable":true,"href":"https:\/\/www.dallassymphony.org\/es\/wp-json\/wp\/v2\/dso_musician_instrument?post=417"},{"taxonomy":"dso_person_role","embeddable":true,"href":"https:\/\/www.dallassymphony.org\/es\/wp-json\/wp\/v2\/dso_person_role?post=417"}],"curies":[{"name":"wp","href":"https:\/\/api.w.org\/{rel}","templated":true}]}}

<div class="hero__no-img bg-blue-8">
	<div class="container">
		<div class="row">
			<div class="col-md-10">

				<ul class="breadcrumbs">
    	<li class="breadcrumb__link">
		<a class="a-hover" href="https://www.dallassymphony.org/es/">Inicio</a>
	</li>
    	<li class="breadcrumb__link a-styles">
		<a class="a-hover" href="https://www.dallassymphony.org/es/about-the-dso/">Sobre el DSO</a>
	</li>
    	<li class="breadcrumb__link a-styles">
		<a class="a-hover" href="https://www.dallassymphony.org/es/about-the-dso/people/">Gente</a>
	</li>
    </ul>

                				<h1>
                    <span >Angela Fuller Heyde</span>
                </h1>
                			</div>
		</div>
	</div>
</div>


<div class="bio__block m-spacer">
	<div class="container">
		<div class="row">
			<div class="col-md-5 position-relative">
								<img loading="lazy" decoding="async" width="445" height="445" src="https://www.dallassymphony.org/wp-content/uploads/2020/11/Angela-Fuller-Heyde-1-445x445.jpg" class="d-md-block img-fluid w-100 wp-post-image" alt="Angela Fuller Heyde_Violín principal II_Barbara K &amp; Seymour R Thum Chair_Silla sinfónica de Dallas" srcset="https://www.dallassymphony.org/wp-content/uploads/2020/11/Angela-Fuller-Heyde-1-445x445.jpg 445w, https://www.dallassymphony.org/wp-content/uploads/2020/11/Angela-Fuller-Heyde-1-300x300.jpg 300w, https://www.dallassymphony.org/wp-content/uploads/2020/11/Angela-Fuller-Heyde-1-1024x1024.jpg 1024w, https://www.dallassymphony.org/wp-content/uploads/2020/11/Angela-Fuller-Heyde-1-150x150.jpg 150w, https://www.dallassymphony.org/wp-content/uploads/2020/11/Angela-Fuller-Heyde-1-768x768.jpg 768w, https://www.dallassymphony.org/wp-content/uploads/2020/11/Angela-Fuller-Heyde-1-12x12.jpg 12w, https://www.dallassymphony.org/wp-content/uploads/2020/11/Angela-Fuller-Heyde-1-262x262.jpg 262w, https://www.dallassymphony.org/wp-content/uploads/2020/11/Angela-Fuller-Heyde-1-350x350.jpg 350w, https://www.dallassymphony.org/wp-content/uploads/2020/11/Angela-Fuller-Heyde-1.jpg 1200w" sizes="auto, (max-width: 445px) 100vw, 445px" />			</div>
			<div class="col-md-7">
				<div class="bio__content-wrapper">
					<h1>Angela Fuller Heyde</h1>

                    <div class="bio__meta">
					<p>Segundo violín principal</p>
<p>Barbara K. &amp; Seymour R. Thum Presidente</p>
                    </div>

					<p>La violinista Angela Fuller Heyde se incorporó a la DSO como segunda violín principal en septiembre de 2009. Anteriormente, fue concertino de la Sinfónica de Houston y primer violín de la Orquesta de Minnesota y ha sido concertino invitado de las orquestas de Atlanta, Bergen (NORUEGA), Indianápolis y Seattle. Fuller Heyde debutó como concertista de la Sinfónica de Houston en septiembre de 2007 con una interpretación del concierto de Bruch que fue aclamada por la crítica. Como ávida músico de cámara, fue miembro de los célebres Prospect Park Players de Minneapolis con el director/pianista William Eddins y el chelista principal de la Sinfónica de Milwaukee, Joseph Johnson. Ha colaborado con artistas como Janos Starker, William Preucil, Charles Castleman y Andrew Litton. Defensora de la música nueva, Fuller Heyde estrenó en Texas la obra de Hilary Tann <em>Aquí, los acantilados</em> con la East Texas Symphony en Tyler, TX y volvió a interpretar esa obra con la Monterey Symphony de California. Otras apariciones como solista han sido los conciertos de Brahms y Sibelius con la Orquesta de Minnesota. Fuller Heyde comenzó a estudiar violín a los tres años con su madre, Janai. Entre sus profesores se encuentran Camilla Wicks, Sally O'Reilly y William Preucil en el Instituto de Música de Cleveland. Fue la ganadora del Concurso Internacional de Cuerda Irving M. Klein 2000, celebrado en San Francisco, así como la ganadora del concurso WAMSO de la Orquesta de Minnesota en 1998. Además de sus frecuentes apariciones en el Sommerfest de la Orquesta de Minnesota, ha actuado en los festivales de música de Aspen, Grand Teton, Tanglewood, el Mainly Mozart Festival de San Diego, la Chautauqua Institution y el Olympic Music Festival. Dedicada a la enseñanza, Fuller Heyde ha formado parte del cuerpo docente de la Escuela de Música Shepherd de la Universidad de Rice y ha impartido clases magistrales por todo Estados Unidos. Ella y su marido, el trompa principal asociado de la DSO, David Heyde, tienen tres hijos, las hijas Lauren y Nicole, y el hijo Adam.</p>
                    					<a href="https://www.dallassymphony.org/es/people/angela-fuller-heyde/" class="a-hover">Leer más</a>
                                        <div class="share d-flex align-items-center">
                        
                                            </div>
				</div>
			</div>
		</div>
	</div>
</div>

<p>La violinista Angela Fuller Heyde se unió a la DSO como segundo violín principal en septiembre de 2009. Anteriormente, se desempeñó como Concertino de la Sinfónica de Houston y como primer violín de la Orquesta de Minnesota y ha sido Concertino invitado de las orquestas de Atlanta, Bergen (NORUEGA), Indianápolis y Seattle.</p>
