{"id":31045,"date":"2026-03-25T18:18:54","date_gmt":"2026-03-25T23:18:54","guid":{"rendered":"https:\/\/www.dallassymphony.org\/?post_type=dso_person&#038;p=31045"},"modified":"2026-03-25T18:18:56","modified_gmt":"2026-03-25T23:18:56","slug":"gabe-globus-hoenich","status":"publish","type":"dso_person","link":"https:\/\/www.dallassymphony.org\/es\/people\/gabe-globus-hoenich\/","title":{"rendered":"Gabe Globus-Hoenich"},"content":{"rendered":"<div class=\"bio__block m-spacer\">\n\t<div class=\"container\">\n\t\t<div class=\"row\">\n\t\t\t<div class=\"col-md-5 position-relative\">\n\t\t\t\t\t\t\t\t<img loading=\"lazy\" decoding=\"async\" width=\"445\" height=\"445\" src=\"https:\/\/www.dallassymphony.org\/wp-content\/uploads\/2026\/03\/Gabriel-Globus-Hoenich-445x445.png\" class=\"d-md-block img-fluid w-100 wp-post-image\" alt=\"\" srcset=\"https:\/\/www.dallassymphony.org\/wp-content\/uploads\/2026\/03\/Gabriel-Globus-Hoenich-445x445.png 445w, https:\/\/www.dallassymphony.org\/wp-content\/uploads\/2026\/03\/Gabriel-Globus-Hoenich-300x300.png 300w, https:\/\/www.dallassymphony.org\/wp-content\/uploads\/2026\/03\/Gabriel-Globus-Hoenich-1024x1024.png 1024w, https:\/\/www.dallassymphony.org\/wp-content\/uploads\/2026\/03\/Gabriel-Globus-Hoenich-150x150.png 150w, https:\/\/www.dallassymphony.org\/wp-content\/uploads\/2026\/03\/Gabriel-Globus-Hoenich-768x768.png 768w, https:\/\/www.dallassymphony.org\/wp-content\/uploads\/2026\/03\/Gabriel-Globus-Hoenich-12x12.png 12w, https:\/\/www.dallassymphony.org\/wp-content\/uploads\/2026\/03\/Gabriel-Globus-Hoenich-262x262.png 262w, https:\/\/www.dallassymphony.org\/wp-content\/uploads\/2026\/03\/Gabriel-Globus-Hoenich-350x350.png 350w, https:\/\/www.dallassymphony.org\/wp-content\/uploads\/2026\/03\/Gabriel-Globus-Hoenich.png 1200w\" sizes=\"auto, (max-width: 445px) 100vw, 445px\" \/>\t\t\t<\/div>\n\t\t\t<div class=\"col-md-7\">\n\t\t\t\t<div class=\"bio__content-wrapper\">\n\t\t\t\t\t<h1>Gabe Globus-Hoenich<\/h1>\n\n                    <div class=\"bio__meta\">\n\t\t\t\t\t<p>Bater\u00eda<\/p>\n                    <\/div>\n\n\t\t\t\t\t<p>El percusionista Gabriel Globus-Hoenich fusiona una gran variedad de influencias musicales en su trabajo como int\u00e9rprete, compositor y educador. Nacido en Montreal, Gabriel reside actualmente en la ciudad de Nueva York, donde su carrera refleja un profundo amor por el jazz, la m\u00fasica cl\u00e1sica y la m\u00fasica del mundo. Gabriel ha tocado y grabado la bater\u00eda y la percusi\u00f3n con una amplia variedad de artistas, entre los que se incluyen Yo-Yo Ma, Jack Harlow, Morgan James, Jim James, Chris Thile, Arturo O\u2019Farrill y la Afro-Latin Jazz Orchestra, Yuja Wang, Omara Portuondo, Telmary D\u00edaz, Roberto Fonseca, Tirso Duarte, Steve Hackman, la Philly Pops, la Sinf\u00f3nica de Pittsburgh, la Sinf\u00f3nica de Detroit y la Orquesta de Louisville, entre otros.<\/p>\n                    \t\t\t\t\t<a href=\"https:\/\/www.dallassymphony.org\/es\/people\/gabe-globus-hoenich\/\" class=\"a-hover\">Leer m\u00e1s<\/a>\n                                        <div class=\"share d-flex align-items-center\">\n                        \n                                            <\/div>\n\t\t\t\t<\/div>\n\t\t\t<\/div>\n\t\t<\/div>\n\t<\/div>\n<\/div>\n\n\n\n\n<p><\/p>","protected":false},"excerpt":{"rendered":"<p>El percusionista Gabriel Globus-Hoenich combina una gran variedad de influencias musicales en su labor como int\u00e9rprete, compositor y educador.<\/p>","protected":false},"featured_media":31029,"template":"","dso_musician_instrument":[],"dso_person_role":[29],"class_list":["post-31045","dso_person","type-dso_person","status-publish","has-post-thumbnail","hentry","dso_person_role-guest-artist"],"acf":[],"_links":{"self":[{"href":"https:\/\/www.dallassymphony.org\/es\/wp-json\/wp\/v2\/dso_person\/31045","targetHints":{"allow":["GET"]}}],"collection":[{"href":"https:\/\/www.dallassymphony.org\/es\/wp-json\/wp\/v2\/dso_person"}],"about":[{"href":"https:\/\/www.dallassymphony.org\/es\/wp-json\/wp\/v2\/types\/dso_person"}],"version-history":[{"count":3,"href":"https:\/\/www.dallassymphony.org\/es\/wp-json\/wp\/v2\/dso_person\/31045\/revisions"}],"predecessor-version":[{"id":31049,"href":"https:\/\/www.dallassymphony.org\/es\/wp-json\/wp\/v2\/dso_person\/31045\/revisions\/31049"}],"wp:featuredmedia":[{"embeddable":true,"href":"https:\/\/www.dallassymphony.org\/es\/wp-json\/wp\/v2\/media\/31029"}],"wp:attachment":[{"href":"https:\/\/www.dallassymphony.org\/es\/wp-json\/wp\/v2\/media?parent=31045"}],"wp:term":[{"taxonomy":"dso_musician_instrument","embeddable":true,"href":"https:\/\/www.dallassymphony.org\/es\/wp-json\/wp\/v2\/dso_musician_instrument?post=31045"},{"taxonomy":"dso_person_role","embeddable":true,"href":"https:\/\/www.dallassymphony.org\/es\/wp-json\/wp\/v2\/dso_person_role?post=31045"}],"curies":[{"name":"wp","href":"https:\/\/api.w.org\/{rel}","templated":true}]}}

<div class="bio__block m-spacer">
	<div class="container">
		<div class="row">
			<div class="col-md-5 position-relative">
								<img loading="lazy" decoding="async" width="445" height="445" src="https://www.dallassymphony.org/wp-content/uploads/2026/03/Gabriel-Globus-Hoenich-445x445.png" class="d-md-block img-fluid w-100 wp-post-image" alt="" srcset="https://www.dallassymphony.org/wp-content/uploads/2026/03/Gabriel-Globus-Hoenich-445x445.png 445w, https://www.dallassymphony.org/wp-content/uploads/2026/03/Gabriel-Globus-Hoenich-300x300.png 300w, https://www.dallassymphony.org/wp-content/uploads/2026/03/Gabriel-Globus-Hoenich-1024x1024.png 1024w, https://www.dallassymphony.org/wp-content/uploads/2026/03/Gabriel-Globus-Hoenich-150x150.png 150w, https://www.dallassymphony.org/wp-content/uploads/2026/03/Gabriel-Globus-Hoenich-768x768.png 768w, https://www.dallassymphony.org/wp-content/uploads/2026/03/Gabriel-Globus-Hoenich-12x12.png 12w, https://www.dallassymphony.org/wp-content/uploads/2026/03/Gabriel-Globus-Hoenich-262x262.png 262w, https://www.dallassymphony.org/wp-content/uploads/2026/03/Gabriel-Globus-Hoenich-350x350.png 350w, https://www.dallassymphony.org/wp-content/uploads/2026/03/Gabriel-Globus-Hoenich.png 1200w" sizes="auto, (max-width: 445px) 100vw, 445px" />			</div>
			<div class="col-md-7">
				<div class="bio__content-wrapper">
					<h1>Gabe Globus-Hoenich</h1>

                    <div class="bio__meta">
					<p>Batería</p>
                    </div>

					<p>El percusionista Gabriel Globus-Hoenich fusiona una gran variedad de influencias musicales en su trabajo como intérprete, compositor y educador. Nacido en Montreal, Gabriel reside actualmente en la ciudad de Nueva York, donde su carrera refleja un profundo amor por el jazz, la música clásica y la música del mundo. Gabriel ha tocado y grabado la batería y la percusión con una amplia variedad de artistas, entre los que se incluyen Yo-Yo Ma, Jack Harlow, Morgan James, Jim James, Chris Thile, Arturo O’Farrill y la Afro-Latin Jazz Orchestra, Yuja Wang, Omara Portuondo, Telmary Díaz, Roberto Fonseca, Tirso Duarte, Steve Hackman, la Philly Pops, la Sinfónica de Pittsburgh, la Sinfónica de Detroit y la Orquesta de Louisville, entre otros.</p>
                    					<a href="https://www.dallassymphony.org/es/people/gabe-globus-hoenich/" class="a-hover">Leer más</a>
                                        <div class="share d-flex align-items-center">
                        
                                            </div>
				</div>
			</div>
		</div>
	</div>
</div>




<p></p>

<p>El percusionista Gabriel Globus-Hoenich combina una gran variedad de influencias musicales en su labor como intérprete, compositor y educador.</p>
