{"id":28924,"date":"2025-10-27T15:10:28","date_gmt":"2025-10-27T20:10:28","guid":{"rendered":"https:\/\/www.dallassymphony.org\/?post_type=dso_person&#038;p=28924"},"modified":"2025-12-12T18:47:48","modified_gmt":"2025-12-13T00:47:48","slug":"ben-rector","status":"publish","type":"dso_person","link":"https:\/\/www.dallassymphony.org\/es\/people\/ben-rector\/","title":{"rendered":"Ben Rector"},"content":{"rendered":"<div class=\"bio__block m-spacer\">\n\t<div class=\"container\">\n\t\t<div class=\"row\">\n\t\t\t<div class=\"col-md-5 position-relative\">\n\t\t\t\t\t\t\t\t<img loading=\"lazy\" decoding=\"async\" width=\"445\" height=\"445\" src=\"https:\/\/www.dallassymphony.org\/wp-content\/uploads\/2025\/10\/Ben-Rector-445x445.png\" class=\"d-md-block img-fluid w-100 wp-post-image\" alt=\"\" srcset=\"https:\/\/www.dallassymphony.org\/wp-content\/uploads\/2025\/10\/Ben-Rector-445x445.png 445w, https:\/\/www.dallassymphony.org\/wp-content\/uploads\/2025\/10\/Ben-Rector-300x300.png 300w, https:\/\/www.dallassymphony.org\/wp-content\/uploads\/2025\/10\/Ben-Rector-1024x1024.png 1024w, https:\/\/www.dallassymphony.org\/wp-content\/uploads\/2025\/10\/Ben-Rector-150x150.png 150w, https:\/\/www.dallassymphony.org\/wp-content\/uploads\/2025\/10\/Ben-Rector-768x768.png 768w, https:\/\/www.dallassymphony.org\/wp-content\/uploads\/2025\/10\/Ben-Rector-12x12.png 12w, https:\/\/www.dallassymphony.org\/wp-content\/uploads\/2025\/10\/Ben-Rector-262x262.png 262w, https:\/\/www.dallassymphony.org\/wp-content\/uploads\/2025\/10\/Ben-Rector-350x350.png 350w, https:\/\/www.dallassymphony.org\/wp-content\/uploads\/2025\/10\/Ben-Rector-400x400.png 400w, https:\/\/www.dallassymphony.org\/wp-content\/uploads\/2025\/10\/Ben-Rector-600x600.png 600w, https:\/\/www.dallassymphony.org\/wp-content\/uploads\/2025\/10\/Ben-Rector.png 1200w\" sizes=\"auto, (max-width: 445px) 100vw, 445px\" \/>\t\t\t<\/div>\n\t\t\t<div class=\"col-md-7\">\n\t\t\t\t<div class=\"bio__content-wrapper\">\n\t\t\t\t\t<h1>Ben Rector<\/h1>\n\n                    <div class=\"bio__meta\">\n\t\t\t\t\t<p>Cantautor<\/p>\n                    <\/div>\n\n\t\t\t\t\t<p>Quince a\u00f1os despu\u00e9s de comenzar su carrera escribiendo canciones y haciendo giras en su Honda Accord los fines de semana, Ben Rector se encontr\u00f3 en casa y al piano en marzo de 2020. La alquimia de las grandes preguntas de la vida, m\u00e1s tiempo de inactividad del que hab\u00eda tenido en una d\u00e9cada y esos \u201ctiempos sin precedentes\u201d, ya demasiado familiares, dieron como resultado el \u00e1lbum de su carrera: The Joy of Music. El proyecto incluye un impresionante cortometraje (con siete canciones que cobran vida gracias a una asombrosa fotograf\u00eda), que invita a oyentes y espectadores a visitar un mundo de ensue\u00f1o que comunica el proceso de creative de Rector y su toma de conciencia de su trabajo como artista. A lo largo de los cap\u00edtulos de la pel\u00edcula, Rector es guiado por su nueva amiga Joy, una marioneta monstruosa que cre\u00f3 con Jim Henson's Creature Shop. En este paisaje fant\u00e1stico y on\u00edrico, vemos y o\u00edmos a Rector superar su arraigado miedo al fracaso, bailando y cantando para redescubrir la alegr\u00eda de la m\u00fasica.<\/p>\n                    \t\t\t\t\t<a href=\"https:\/\/www.dallassymphony.org\/es\/people\/ben-rector\/\" class=\"a-hover\">Leer m\u00e1s<\/a>\n                                        <div class=\"share d-flex align-items-center\">\n                        \n                                            <\/div>\n\t\t\t\t<\/div>\n\t\t\t<\/div>\n\t\t<\/div>\n\t<\/div>\n<\/div>","protected":false},"excerpt":{"rendered":"<p>Quince a\u00f1os despu\u00e9s de comenzar su carrera escribiendo canciones y haciendo giras en su Honda Accord los fines de semana, Ben Rector se encontr\u00f3 en su casa, frente al piano, en marzo de 2020.<\/p>","protected":false},"featured_media":28925,"template":"","dso_musician_instrument":[],"dso_person_role":[29],"class_list":["post-28924","dso_person","type-dso_person","status-publish","has-post-thumbnail","hentry","dso_person_role-guest-artist"],"acf":[],"_links":{"self":[{"href":"https:\/\/www.dallassymphony.org\/es\/wp-json\/wp\/v2\/dso_person\/28924","targetHints":{"allow":["GET"]}}],"collection":[{"href":"https:\/\/www.dallassymphony.org\/es\/wp-json\/wp\/v2\/dso_person"}],"about":[{"href":"https:\/\/www.dallassymphony.org\/es\/wp-json\/wp\/v2\/types\/dso_person"}],"version-history":[{"count":0,"href":"https:\/\/www.dallassymphony.org\/es\/wp-json\/wp\/v2\/dso_person\/28924\/revisions"}],"wp:featuredmedia":[{"embeddable":true,"href":"https:\/\/www.dallassymphony.org\/es\/wp-json\/wp\/v2\/media\/28925"}],"wp:attachment":[{"href":"https:\/\/www.dallassymphony.org\/es\/wp-json\/wp\/v2\/media?parent=28924"}],"wp:term":[{"taxonomy":"dso_musician_instrument","embeddable":true,"href":"https:\/\/www.dallassymphony.org\/es\/wp-json\/wp\/v2\/dso_musician_instrument?post=28924"},{"taxonomy":"dso_person_role","embeddable":true,"href":"https:\/\/www.dallassymphony.org\/es\/wp-json\/wp\/v2\/dso_person_role?post=28924"}],"curies":[{"name":"wp","href":"https:\/\/api.w.org\/{rel}","templated":true}]}}

<div class="bio__block m-spacer">
	<div class="container">
		<div class="row">
			<div class="col-md-5 position-relative">
								<img loading="lazy" decoding="async" width="445" height="445" src="https://www.dallassymphony.org/wp-content/uploads/2025/10/Ben-Rector-445x445.png" class="d-md-block img-fluid w-100 wp-post-image" alt="" srcset="https://www.dallassymphony.org/wp-content/uploads/2025/10/Ben-Rector-445x445.png 445w, https://www.dallassymphony.org/wp-content/uploads/2025/10/Ben-Rector-300x300.png 300w, https://www.dallassymphony.org/wp-content/uploads/2025/10/Ben-Rector-1024x1024.png 1024w, https://www.dallassymphony.org/wp-content/uploads/2025/10/Ben-Rector-150x150.png 150w, https://www.dallassymphony.org/wp-content/uploads/2025/10/Ben-Rector-768x768.png 768w, https://www.dallassymphony.org/wp-content/uploads/2025/10/Ben-Rector-12x12.png 12w, https://www.dallassymphony.org/wp-content/uploads/2025/10/Ben-Rector-262x262.png 262w, https://www.dallassymphony.org/wp-content/uploads/2025/10/Ben-Rector-350x350.png 350w, https://www.dallassymphony.org/wp-content/uploads/2025/10/Ben-Rector-400x400.png 400w, https://www.dallassymphony.org/wp-content/uploads/2025/10/Ben-Rector-600x600.png 600w, https://www.dallassymphony.org/wp-content/uploads/2025/10/Ben-Rector.png 1200w" sizes="auto, (max-width: 445px) 100vw, 445px" />			</div>
			<div class="col-md-7">
				<div class="bio__content-wrapper">
					<h1>Ben Rector</h1>

                    <div class="bio__meta">
					<p>Cantautor</p>
                    </div>

					<p>Quince años después de comenzar su carrera escribiendo canciones y haciendo giras en su Honda Accord los fines de semana, Ben Rector se encontró en casa y al piano en marzo de 2020. La alquimia de las grandes preguntas de la vida, más tiempo de inactividad del que había tenido en una década y esos “tiempos sin precedentes”, ya demasiado familiares, dieron como resultado el álbum de su carrera: The Joy of Music. El proyecto incluye un impresionante cortometraje (con siete canciones que cobran vida gracias a una asombrosa fotografía), que invita a oyentes y espectadores a visitar un mundo de ensueño que comunica el proceso de creative de Rector y su toma de conciencia de su trabajo como artista. A lo largo de los capítulos de la película, Rector es guiado por su nueva amiga Joy, una marioneta monstruosa que creó con Jim Henson's Creature Shop. En este paisaje fantástico y onírico, vemos y oímos a Rector superar su arraigado miedo al fracaso, bailando y cantando para redescubrir la alegría de la música.</p>
                    					<a href="https://www.dallassymphony.org/es/people/ben-rector/" class="a-hover">Leer más</a>
                                        <div class="share d-flex align-items-center">
                        
                                            </div>
				</div>
			</div>
		</div>
	</div>
</div>

<p>Quince años después de comenzar su carrera escribiendo canciones y haciendo giras en su Honda Accord los fines de semana, Ben Rector se encontró en su casa, frente al piano, en marzo de 2020.</p>
