{"id":279,"date":"2020-11-03T08:59:21","date_gmt":"2020-11-03T13:59:21","guid":{"rendered":"https:\/\/www.dallassymphony.org\/en\/?post_type=dso_person&#038;p=279"},"modified":"2025-10-01T17:59:57","modified_gmt":"2025-10-01T22:59:57","slug":"fabio-luisi","status":"publish","type":"dso_person","link":"https:\/\/www.dallassymphony.org\/es\/people\/fabio-luisi\/","title":{"rendered":"Fabio Luisi"},"content":{"rendered":"<div class=\"hero__no-img bg-blue-8\">\n\t<div class=\"container\">\n\t\t<div class=\"row\">\n\t\t\t<div class=\"col-md-10\">\n\n\t\t\t\t<ul class=\"breadcrumbs\">\n    \t<li class=\"breadcrumb__link\">\n\t\t<a class=\"a-hover\" href=\"https:\/\/www.dallassymphony.org\/es\/\">Inicio<\/a>\n\t<\/li>\n    \t<li class=\"breadcrumb__link a-styles\">\n\t\t<a class=\"a-hover\" href=\"https:\/\/www.dallassymphony.org\/es\/about-the-dso\/\">Sobre el DSO<\/a>\n\t<\/li>\n    \t<li class=\"breadcrumb__link a-styles\">\n\t\t<a class=\"a-hover\" href=\"https:\/\/www.dallassymphony.org\/es\/about-the-dso\/people\/\">Gente<\/a>\n\t<\/li>\n    <\/ul>\n\n                \t\t\t\t<h1>\n                    <span >Fabio Luisi<\/span>\n                <\/h1>\n                \t\t\t<\/div>\n\t\t<\/div>\n\t<\/div>\n<\/div>\n\n\n<div class=\"bio__block m-spacer\">\n\t<div class=\"container\">\n\t\t<div class=\"row\">\n\t\t\t<div class=\"col-md-5 position-relative\">\n\t\t\t\t\t\t\t\t<img loading=\"lazy\" decoding=\"async\" width=\"445\" height=\"445\" src=\"https:\/\/www.dallassymphony.org\/wp-content\/uploads\/2020\/12\/Fabio-Luisi-1600-x-1600-1-445x445.jpg\" class=\"d-md-block img-fluid w-100 wp-post-image\" alt=\"FABIO LUISI DIRECTOR MUSICAL LOUISE W. &amp; EDMUND J. KAHN DIRECTOR MUSICAL\" srcset=\"https:\/\/www.dallassymphony.org\/wp-content\/uploads\/2020\/12\/Fabio-Luisi-1600-x-1600-1-445x445.jpg 445w, https:\/\/www.dallassymphony.org\/wp-content\/uploads\/2020\/12\/Fabio-Luisi-1600-x-1600-1-300x300.jpg 300w, https:\/\/www.dallassymphony.org\/wp-content\/uploads\/2020\/12\/Fabio-Luisi-1600-x-1600-1-1024x1024.jpg 1024w, https:\/\/www.dallassymphony.org\/wp-content\/uploads\/2020\/12\/Fabio-Luisi-1600-x-1600-1-150x150.jpg 150w, https:\/\/www.dallassymphony.org\/wp-content\/uploads\/2020\/12\/Fabio-Luisi-1600-x-1600-1-768x768.jpg 768w, https:\/\/www.dallassymphony.org\/wp-content\/uploads\/2020\/12\/Fabio-Luisi-1600-x-1600-1-1536x1536.jpg 1536w, https:\/\/www.dallassymphony.org\/wp-content\/uploads\/2020\/12\/Fabio-Luisi-1600-x-1600-1-12x12.jpg 12w, https:\/\/www.dallassymphony.org\/wp-content\/uploads\/2020\/12\/Fabio-Luisi-1600-x-1600-1-262x262.jpg 262w, https:\/\/www.dallassymphony.org\/wp-content\/uploads\/2020\/12\/Fabio-Luisi-1600-x-1600-1-350x350.jpg 350w, https:\/\/www.dallassymphony.org\/wp-content\/uploads\/2020\/12\/Fabio-Luisi-1600-x-1600-1.jpg 1600w\" sizes=\"auto, (max-width: 445px) 100vw, 445px\" \/>\t\t\t<\/div>\n\t\t\t<div class=\"col-md-7\">\n\t\t\t\t<div class=\"bio__content-wrapper\">\n\t\t\t\t\t<h1>Fabio Luisi<\/h1>\n\n                    <div class=\"bio__meta\">\n\t\t\t\t\t<p>Director musical<\/p>\n<p>Louise W. &amp; Edmund J. Kahn Direcci\u00f3n de M\u00fasica<\/p>\n                    <\/div>\n\n\t\t\t\t\t<p>Fabio Luisi, director de orquesta italiano galardonado con el premio GRAMMY\u00ae, se embarcar\u00e1 en su sexta temporada como Director Musical Louise W. &amp; Edmund J. Kahn de la Orquesta Sinf\u00f3nica de Dallas, la novena como Director Principal de la Orquesta Sinf\u00f3nica Nacional de Dinamarca y la cuarta como Director Principal de la Orquesta NHK de Tokio. Luisi, que tambi\u00e9n ha sido Director Musical del Festival della Valle d'Itria de Apulia y Director Em\u00e9rito de la Orquesta Sinf\u00f3nica Nacional de la RAI de Tur\u00edn, ha ocupado anteriormente puestos clave en orquestas y teatros de \u00f3pera como la Staatskapelle de Dresde, la Sinf\u00f3nica de Viena, la \u00d3pera de Z\u00farich y la Metropolitan Opera de Nueva York.<\/p>\n                    \t\t\t\t\t<a href=\"https:\/\/www.dallassymphony.org\/es\/people\/fabio-luisi\/\" class=\"a-hover\">Leer m\u00e1s<\/a>\n                                        <div class=\"share d-flex align-items-center\">\n                        \n                                            <\/div>\n\t\t\t\t<\/div>\n\t\t\t<\/div>\n\t\t<\/div>\n\t<\/div>\n<\/div>","protected":false},"excerpt":{"rendered":"<p>Fabio Luisi, ganador del premio GRAMMY\u00ae, inici\u00f3 su mandato como director musical de la Orquesta Sinf\u00f3nica de Dallas (DSO), Louise W. &amp; Edmund J. Kahn, al comienzo de la temporada 2020\/21.<\/p>","protected":false},"featured_media":4246,"template":"","dso_musician_instrument":[],"dso_person_role":[55],"class_list":["post-279","dso_person","type-dso_person","status-publish","has-post-thumbnail","hentry","dso_person_role-conductor"],"acf":[],"_links":{"self":[{"href":"https:\/\/www.dallassymphony.org\/es\/wp-json\/wp\/v2\/dso_person\/279","targetHints":{"allow":["GET"]}}],"collection":[{"href":"https:\/\/www.dallassymphony.org\/es\/wp-json\/wp\/v2\/dso_person"}],"about":[{"href":"https:\/\/www.dallassymphony.org\/es\/wp-json\/wp\/v2\/types\/dso_person"}],"version-history":[{"count":0,"href":"https:\/\/www.dallassymphony.org\/es\/wp-json\/wp\/v2\/dso_person\/279\/revisions"}],"wp:featuredmedia":[{"embeddable":true,"href":"https:\/\/www.dallassymphony.org\/es\/wp-json\/wp\/v2\/media\/4246"}],"wp:attachment":[{"href":"https:\/\/www.dallassymphony.org\/es\/wp-json\/wp\/v2\/media?parent=279"}],"wp:term":[{"taxonomy":"dso_musician_instrument","embeddable":true,"href":"https:\/\/www.dallassymphony.org\/es\/wp-json\/wp\/v2\/dso_musician_instrument?post=279"},{"taxonomy":"dso_person_role","embeddable":true,"href":"https:\/\/www.dallassymphony.org\/es\/wp-json\/wp\/v2\/dso_person_role?post=279"}],"curies":[{"name":"wp","href":"https:\/\/api.w.org\/{rel}","templated":true}]}}

<div class="hero__no-img bg-blue-8">
	<div class="container">
		<div class="row">
			<div class="col-md-10">

				<ul class="breadcrumbs">
    	<li class="breadcrumb__link">
		<a class="a-hover" href="https://www.dallassymphony.org/es/">Inicio</a>
	</li>
    	<li class="breadcrumb__link a-styles">
		<a class="a-hover" href="https://www.dallassymphony.org/es/about-the-dso/">Sobre el DSO</a>
	</li>
    	<li class="breadcrumb__link a-styles">
		<a class="a-hover" href="https://www.dallassymphony.org/es/about-the-dso/people/">Gente</a>
	</li>
    </ul>

                				<h1>
                    <span >Fabio Luisi</span>
                </h1>
                			</div>
		</div>
	</div>
</div>


<div class="bio__block m-spacer">
	<div class="container">
		<div class="row">
			<div class="col-md-5 position-relative">
								<img loading="lazy" decoding="async" width="445" height="445" src="https://www.dallassymphony.org/wp-content/uploads/2020/12/Fabio-Luisi-1600-x-1600-1-445x445.jpg" class="d-md-block img-fluid w-100 wp-post-image" alt="FABIO LUISI DIRECTOR MUSICAL LOUISE W. &amp; EDMUND J. KAHN DIRECTOR MUSICAL" srcset="https://www.dallassymphony.org/wp-content/uploads/2020/12/Fabio-Luisi-1600-x-1600-1-445x445.jpg 445w, https://www.dallassymphony.org/wp-content/uploads/2020/12/Fabio-Luisi-1600-x-1600-1-300x300.jpg 300w, https://www.dallassymphony.org/wp-content/uploads/2020/12/Fabio-Luisi-1600-x-1600-1-1024x1024.jpg 1024w, https://www.dallassymphony.org/wp-content/uploads/2020/12/Fabio-Luisi-1600-x-1600-1-150x150.jpg 150w, https://www.dallassymphony.org/wp-content/uploads/2020/12/Fabio-Luisi-1600-x-1600-1-768x768.jpg 768w, https://www.dallassymphony.org/wp-content/uploads/2020/12/Fabio-Luisi-1600-x-1600-1-1536x1536.jpg 1536w, https://www.dallassymphony.org/wp-content/uploads/2020/12/Fabio-Luisi-1600-x-1600-1-12x12.jpg 12w, https://www.dallassymphony.org/wp-content/uploads/2020/12/Fabio-Luisi-1600-x-1600-1-262x262.jpg 262w, https://www.dallassymphony.org/wp-content/uploads/2020/12/Fabio-Luisi-1600-x-1600-1-350x350.jpg 350w, https://www.dallassymphony.org/wp-content/uploads/2020/12/Fabio-Luisi-1600-x-1600-1.jpg 1600w" sizes="auto, (max-width: 445px) 100vw, 445px" />			</div>
			<div class="col-md-7">
				<div class="bio__content-wrapper">
					<h1>Fabio Luisi</h1>

                    <div class="bio__meta">
					<p>Director musical</p>
<p>Louise W. &amp; Edmund J. Kahn Dirección de Música</p>
                    </div>

					<p>Fabio Luisi, director de orquesta italiano galardonado con el premio GRAMMY®, se embarcará en su sexta temporada como Director Musical Louise W. &amp; Edmund J. Kahn de la Orquesta Sinfónica de Dallas, la novena como Director Principal de la Orquesta Sinfónica Nacional de Dinamarca y la cuarta como Director Principal de la Orquesta NHK de Tokio. Luisi, que también ha sido Director Musical del Festival della Valle d'Itria de Apulia y Director Emérito de la Orquesta Sinfónica Nacional de la RAI de Turín, ha ocupado anteriormente puestos clave en orquestas y teatros de ópera como la Staatskapelle de Dresde, la Sinfónica de Viena, la Ópera de Zúrich y la Metropolitan Opera de Nueva York.</p>
                    					<a href="https://www.dallassymphony.org/es/people/fabio-luisi/" class="a-hover">Leer más</a>
                                        <div class="share d-flex align-items-center">
                        
                                            </div>
				</div>
			</div>
		</div>
	</div>
</div>

<p>Fabio Luisi, ganador del premio GRAMMY®, inició su mandato como director musical de la Orquesta Sinfónica de Dallas (DSO), Louise W. &amp; Edmund J. Kahn, al comienzo de la temporada 2020/21.</p>
