{"id":24518,"date":"2025-02-27T14:50:49","date_gmt":"2025-02-27T20:50:49","guid":{"rendered":"https:\/\/www.dallassymphony.org\/?post_type=dso_person&#038;p=24518"},"modified":"2025-03-04T17:58:16","modified_gmt":"2025-03-04T23:58:16","slug":"kidon-choi","status":"publish","type":"dso_person","link":"https:\/\/www.dallassymphony.org\/es\/people\/kidon-choi\/","title":{"rendered":"Kidon Choi"},"content":{"rendered":"<div class=\"bio__block m-spacer\">\n\t<div class=\"container\">\n\t\t<div class=\"row\">\n\t\t\t<div class=\"col-md-5 position-relative\">\n\t\t\t\t\t\t\t\t<img loading=\"lazy\" decoding=\"async\" width=\"445\" height=\"445\" src=\"https:\/\/www.dallassymphony.org\/wp-content\/uploads\/2025\/02\/200412_0167-scaled-e1740689423102-445x445.jpg\" class=\"d-md-block img-fluid w-100 wp-post-image\" alt=\"\" srcset=\"https:\/\/www.dallassymphony.org\/wp-content\/uploads\/2025\/02\/200412_0167-scaled-e1740689423102-445x445.jpg 445w, https:\/\/www.dallassymphony.org\/wp-content\/uploads\/2025\/02\/200412_0167-scaled-e1740689423102-300x300.jpg 300w, https:\/\/www.dallassymphony.org\/wp-content\/uploads\/2025\/02\/200412_0167-scaled-e1740689423102-1024x1024.jpg 1024w, https:\/\/www.dallassymphony.org\/wp-content\/uploads\/2025\/02\/200412_0167-scaled-e1740689423102-150x150.jpg 150w, https:\/\/www.dallassymphony.org\/wp-content\/uploads\/2025\/02\/200412_0167-scaled-e1740689423102-768x768.jpg 768w, https:\/\/www.dallassymphony.org\/wp-content\/uploads\/2025\/02\/200412_0167-scaled-e1740689423102-1536x1536.jpg 1536w, https:\/\/www.dallassymphony.org\/wp-content\/uploads\/2025\/02\/200412_0167-scaled-e1740689423102-12x12.jpg 12w, https:\/\/www.dallassymphony.org\/wp-content\/uploads\/2025\/02\/200412_0167-scaled-e1740689423102-262x262.jpg 262w, https:\/\/www.dallassymphony.org\/wp-content\/uploads\/2025\/02\/200412_0167-scaled-e1740689423102-350x350.jpg 350w, https:\/\/www.dallassymphony.org\/wp-content\/uploads\/2025\/02\/200412_0167-scaled-e1740689423102-400x400.jpg 400w, https:\/\/www.dallassymphony.org\/wp-content\/uploads\/2025\/02\/200412_0167-scaled-e1740689423102-600x600.jpg 600w, https:\/\/www.dallassymphony.org\/wp-content\/uploads\/2025\/02\/200412_0167-scaled-e1740689423102.jpg 2048w\" sizes=\"auto, (max-width: 445px) 100vw, 445px\" \/>\t\t\t<\/div>\n\t\t\t<div class=\"col-md-7\">\n\t\t\t\t<div class=\"bio__content-wrapper\">\n\t\t\t\t\t<h1>Kidon Choi<\/h1>\n\n                    <div class=\"bio__meta\">\n\t\t\t\t\t<p>Bar\u00edtono<\/p>\n                    <\/div>\n\n\t\t\t\t\t\n                    \t\t\t\t\t<a href=\"https:\/\/www.dallassymphony.org\/es\/people\/kidon-choi\/\" class=\"a-hover\">Leer m\u00e1s<\/a>\n                                        <div class=\"share d-flex align-items-center\">\n                        \n                                            <\/div>\n\t\t\t\t<\/div>\n\t\t\t<\/div>\n\t\t<\/div>\n\t<\/div>\n<\/div>","protected":false},"excerpt":{"rendered":"<p>El bar\u00edtono Kidon Choi se ha graduado recientemente en el prestigioso Lindemann Young Artist Development Program de la Metropolitan Opera. Durante su estancia en el programa se le pudo ver en La fanciulla del West (Jos\u00e9 Castro) bajo la direcci\u00f3n de Marco Armiliato, Otello (Heraldo) bajo la direcci\u00f3n de Gustavo Dudamel, y Madama Butterfly (Pr\u00edncipe Yamadori).<br \/>\nLa temporada 24\/25 de Kidon comienza con su regreso a la \u00d3pera de San Jos\u00e9 para La boh\u00e8me (Marcello), seguido de su debut con la \u00d3pera de Arizona en Aida (Amonasro).<\/p>","protected":false},"featured_media":24519,"template":"","dso_musician_instrument":[],"dso_person_role":[],"class_list":["post-24518","dso_person","type-dso_person","status-publish","has-post-thumbnail","hentry"],"acf":[],"_links":{"self":[{"href":"https:\/\/www.dallassymphony.org\/es\/wp-json\/wp\/v2\/dso_person\/24518","targetHints":{"allow":["GET"]}}],"collection":[{"href":"https:\/\/www.dallassymphony.org\/es\/wp-json\/wp\/v2\/dso_person"}],"about":[{"href":"https:\/\/www.dallassymphony.org\/es\/wp-json\/wp\/v2\/types\/dso_person"}],"version-history":[{"count":0,"href":"https:\/\/www.dallassymphony.org\/es\/wp-json\/wp\/v2\/dso_person\/24518\/revisions"}],"wp:featuredmedia":[{"embeddable":true,"href":"https:\/\/www.dallassymphony.org\/es\/wp-json\/wp\/v2\/media\/24519"}],"wp:attachment":[{"href":"https:\/\/www.dallassymphony.org\/es\/wp-json\/wp\/v2\/media?parent=24518"}],"wp:term":[{"taxonomy":"dso_musician_instrument","embeddable":true,"href":"https:\/\/www.dallassymphony.org\/es\/wp-json\/wp\/v2\/dso_musician_instrument?post=24518"},{"taxonomy":"dso_person_role","embeddable":true,"href":"https:\/\/www.dallassymphony.org\/es\/wp-json\/wp\/v2\/dso_person_role?post=24518"}],"curies":[{"name":"wp","href":"https:\/\/api.w.org\/{rel}","templated":true}]}}

<div class="bio__block m-spacer">
	<div class="container">
		<div class="row">
			<div class="col-md-5 position-relative">
								<img loading="lazy" decoding="async" width="445" height="445" src="https://www.dallassymphony.org/wp-content/uploads/2025/02/200412_0167-scaled-e1740689423102-445x445.jpg" class="d-md-block img-fluid w-100 wp-post-image" alt="" srcset="https://www.dallassymphony.org/wp-content/uploads/2025/02/200412_0167-scaled-e1740689423102-445x445.jpg 445w, https://www.dallassymphony.org/wp-content/uploads/2025/02/200412_0167-scaled-e1740689423102-300x300.jpg 300w, https://www.dallassymphony.org/wp-content/uploads/2025/02/200412_0167-scaled-e1740689423102-1024x1024.jpg 1024w, https://www.dallassymphony.org/wp-content/uploads/2025/02/200412_0167-scaled-e1740689423102-150x150.jpg 150w, https://www.dallassymphony.org/wp-content/uploads/2025/02/200412_0167-scaled-e1740689423102-768x768.jpg 768w, https://www.dallassymphony.org/wp-content/uploads/2025/02/200412_0167-scaled-e1740689423102-1536x1536.jpg 1536w, https://www.dallassymphony.org/wp-content/uploads/2025/02/200412_0167-scaled-e1740689423102-12x12.jpg 12w, https://www.dallassymphony.org/wp-content/uploads/2025/02/200412_0167-scaled-e1740689423102-262x262.jpg 262w, https://www.dallassymphony.org/wp-content/uploads/2025/02/200412_0167-scaled-e1740689423102-350x350.jpg 350w, https://www.dallassymphony.org/wp-content/uploads/2025/02/200412_0167-scaled-e1740689423102-400x400.jpg 400w, https://www.dallassymphony.org/wp-content/uploads/2025/02/200412_0167-scaled-e1740689423102-600x600.jpg 600w, https://www.dallassymphony.org/wp-content/uploads/2025/02/200412_0167-scaled-e1740689423102.jpg 2048w" sizes="auto, (max-width: 445px) 100vw, 445px" />			</div>
			<div class="col-md-7">
				<div class="bio__content-wrapper">
					<h1>Kidon Choi</h1>

                    <div class="bio__meta">
					<p>Barítono</p>
                    </div>

					
                    					<a href="https://www.dallassymphony.org/es/people/kidon-choi/" class="a-hover">Leer más</a>
                                        <div class="share d-flex align-items-center">
                        
                                            </div>
				</div>
			</div>
		</div>
	</div>
</div>

<p>El barítono Kidon Choi se ha graduado recientemente en el prestigioso Lindemann Young Artist Development Program de la Metropolitan Opera. Durante su estancia en el programa se le pudo ver en La fanciulla del West (José Castro) bajo la dirección de Marco Armiliato, Otello (Heraldo) bajo la dirección de Gustavo Dudamel, y Madama Butterfly (Príncipe Yamadori).<br />
La temporada 24/25 de Kidon comienza con su regreso a la Ópera de San José para La bohème (Marcello), seguido de su debut con la Ópera de Arizona en Aida (Amonasro).</p>
