{"id":24504,"date":"2025-02-27T14:35:29","date_gmt":"2025-02-27T20:35:29","guid":{"rendered":"https:\/\/www.dallassymphony.org\/?post_type=dso_person&#038;p=24504"},"modified":"2025-02-27T14:35:31","modified_gmt":"2025-02-27T20:35:31","slug":"ana-maria-patino-osorio","status":"publish","type":"dso_person","link":"https:\/\/www.dallassymphony.org\/es\/people\/ana-maria-patino-osorio\/","title":{"rendered":"Ana Mar\u00eda Pati\u00f1o-Osorio"},"content":{"rendered":"<div class=\"bio__block m-spacer\">\n\t<div class=\"container\">\n\t\t<div class=\"row\">\n\t\t\t<div class=\"col-md-5 position-relative\">\n\t\t\t\t\t\t\t\t<img loading=\"lazy\" decoding=\"async\" width=\"445\" height=\"445\" src=\"https:\/\/www.dallassymphony.org\/wp-content\/uploads\/2025\/02\/Ana-Maria-Patino-Osorio-photo-4-Oscar-Bernal-scaled-e1740688431490-445x445.jpeg\" class=\"d-md-block img-fluid w-100 wp-post-image\" alt=\"\" srcset=\"https:\/\/www.dallassymphony.org\/wp-content\/uploads\/2025\/02\/Ana-Maria-Patino-Osorio-photo-4-Oscar-Bernal-scaled-e1740688431490-445x445.jpeg 445w, https:\/\/www.dallassymphony.org\/wp-content\/uploads\/2025\/02\/Ana-Maria-Patino-Osorio-photo-4-Oscar-Bernal-scaled-e1740688431490-300x300.jpeg 300w, https:\/\/www.dallassymphony.org\/wp-content\/uploads\/2025\/02\/Ana-Maria-Patino-Osorio-photo-4-Oscar-Bernal-scaled-e1740688431490-1024x1024.jpeg 1024w, https:\/\/www.dallassymphony.org\/wp-content\/uploads\/2025\/02\/Ana-Maria-Patino-Osorio-photo-4-Oscar-Bernal-scaled-e1740688431490-150x150.jpeg 150w, https:\/\/www.dallassymphony.org\/wp-content\/uploads\/2025\/02\/Ana-Maria-Patino-Osorio-photo-4-Oscar-Bernal-scaled-e1740688431490-768x768.jpeg 768w, https:\/\/www.dallassymphony.org\/wp-content\/uploads\/2025\/02\/Ana-Maria-Patino-Osorio-photo-4-Oscar-Bernal-scaled-e1740688431490-1536x1536.jpeg 1536w, https:\/\/www.dallassymphony.org\/wp-content\/uploads\/2025\/02\/Ana-Maria-Patino-Osorio-photo-4-Oscar-Bernal-scaled-e1740688431490-2048x2048.jpeg 2048w, https:\/\/www.dallassymphony.org\/wp-content\/uploads\/2025\/02\/Ana-Maria-Patino-Osorio-photo-4-Oscar-Bernal-scaled-e1740688431490-12x12.jpeg 12w, https:\/\/www.dallassymphony.org\/wp-content\/uploads\/2025\/02\/Ana-Maria-Patino-Osorio-photo-4-Oscar-Bernal-scaled-e1740688431490-262x262.jpeg 262w, https:\/\/www.dallassymphony.org\/wp-content\/uploads\/2025\/02\/Ana-Maria-Patino-Osorio-photo-4-Oscar-Bernal-scaled-e1740688431490-350x350.jpeg 350w, https:\/\/www.dallassymphony.org\/wp-content\/uploads\/2025\/02\/Ana-Maria-Patino-Osorio-photo-4-Oscar-Bernal-scaled-e1740688431490-400x400.jpeg 400w, https:\/\/www.dallassymphony.org\/wp-content\/uploads\/2025\/02\/Ana-Maria-Patino-Osorio-photo-4-Oscar-Bernal-scaled-e1740688431490-600x600.jpeg 600w\" sizes=\"auto, (max-width: 445px) 100vw, 445px\" \/>\t\t\t<\/div>\n\t\t\t<div class=\"col-md-7\">\n\t\t\t\t<div class=\"bio__content-wrapper\">\n\t\t\t\t\t<h1>Ana Mar\u00eda Pati\u00f1o-Osorio<\/h1>\n\n                    <div class=\"bio__meta\">\n\t\t\t\t\t<p>Conductor<\/p>\n                    <\/div>\n\n\t\t\t\t\t\n                    \t\t\t\t\t<a href=\"https:\/\/www.dallassymphony.org\/es\/people\/ana-maria-patino-osorio\/\" class=\"a-hover\">Leer m\u00e1s<\/a>\n                                        <div class=\"share d-flex align-items-center\">\n                        \n                                            <\/div>\n\t\t\t\t<\/div>\n\t\t\t<\/div>\n\t\t<\/div>\n\t<\/div>\n<\/div>","protected":false},"excerpt":{"rendered":"<p>Ana Mar\u00eda Pati\u00f1o-Osorio es la ganadora del Segundo Premio, el Premio del P\u00fablico y el Premio del Jurado Joven en el Concurso Malko para J\u00f3venes Directores de Copenhague en 2024. Entre 2022 y 2024 ha sido Directora Asistente de la Orchestre de la Suisse Romande, trabajando estrechamente con Jonathan Nott. En enero de 2023, Ana asumi\u00f3 con \u00e9xito la direcci\u00f3n de la OSR, de la que Le Temps escribi\u00f3: \"Toda la actuaci\u00f3n de Ana Mar\u00eda Pati\u00f1o-Osorio impresion\u00f3 por su fuerza y su tranquilidad\".<\/p>","protected":false},"featured_media":24505,"template":"","dso_musician_instrument":[],"dso_person_role":[],"class_list":["post-24504","dso_person","type-dso_person","status-publish","has-post-thumbnail","hentry"],"acf":[],"_links":{"self":[{"href":"https:\/\/www.dallassymphony.org\/es\/wp-json\/wp\/v2\/dso_person\/24504","targetHints":{"allow":["GET"]}}],"collection":[{"href":"https:\/\/www.dallassymphony.org\/es\/wp-json\/wp\/v2\/dso_person"}],"about":[{"href":"https:\/\/www.dallassymphony.org\/es\/wp-json\/wp\/v2\/types\/dso_person"}],"version-history":[{"count":0,"href":"https:\/\/www.dallassymphony.org\/es\/wp-json\/wp\/v2\/dso_person\/24504\/revisions"}],"wp:featuredmedia":[{"embeddable":true,"href":"https:\/\/www.dallassymphony.org\/es\/wp-json\/wp\/v2\/media\/24505"}],"wp:attachment":[{"href":"https:\/\/www.dallassymphony.org\/es\/wp-json\/wp\/v2\/media?parent=24504"}],"wp:term":[{"taxonomy":"dso_musician_instrument","embeddable":true,"href":"https:\/\/www.dallassymphony.org\/es\/wp-json\/wp\/v2\/dso_musician_instrument?post=24504"},{"taxonomy":"dso_person_role","embeddable":true,"href":"https:\/\/www.dallassymphony.org\/es\/wp-json\/wp\/v2\/dso_person_role?post=24504"}],"curies":[{"name":"wp","href":"https:\/\/api.w.org\/{rel}","templated":true}]}}

Ana María Patiño-Osorio

<div class="bio__block m-spacer">
	<div class="container">
		<div class="row">
			<div class="col-md-5 position-relative">
								<img loading="lazy" decoding="async" width="445" height="445" src="https://www.dallassymphony.org/wp-content/uploads/2025/02/Ana-Maria-Patino-Osorio-photo-4-Oscar-Bernal-scaled-e1740688431490-445x445.jpeg" class="d-md-block img-fluid w-100 wp-post-image" alt="" srcset="https://www.dallassymphony.org/wp-content/uploads/2025/02/Ana-Maria-Patino-Osorio-photo-4-Oscar-Bernal-scaled-e1740688431490-445x445.jpeg 445w, https://www.dallassymphony.org/wp-content/uploads/2025/02/Ana-Maria-Patino-Osorio-photo-4-Oscar-Bernal-scaled-e1740688431490-300x300.jpeg 300w, https://www.dallassymphony.org/wp-content/uploads/2025/02/Ana-Maria-Patino-Osorio-photo-4-Oscar-Bernal-scaled-e1740688431490-1024x1024.jpeg 1024w, https://www.dallassymphony.org/wp-content/uploads/2025/02/Ana-Maria-Patino-Osorio-photo-4-Oscar-Bernal-scaled-e1740688431490-150x150.jpeg 150w, https://www.dallassymphony.org/wp-content/uploads/2025/02/Ana-Maria-Patino-Osorio-photo-4-Oscar-Bernal-scaled-e1740688431490-768x768.jpeg 768w, https://www.dallassymphony.org/wp-content/uploads/2025/02/Ana-Maria-Patino-Osorio-photo-4-Oscar-Bernal-scaled-e1740688431490-1536x1536.jpeg 1536w, https://www.dallassymphony.org/wp-content/uploads/2025/02/Ana-Maria-Patino-Osorio-photo-4-Oscar-Bernal-scaled-e1740688431490-2048x2048.jpeg 2048w, https://www.dallassymphony.org/wp-content/uploads/2025/02/Ana-Maria-Patino-Osorio-photo-4-Oscar-Bernal-scaled-e1740688431490-12x12.jpeg 12w, https://www.dallassymphony.org/wp-content/uploads/2025/02/Ana-Maria-Patino-Osorio-photo-4-Oscar-Bernal-scaled-e1740688431490-262x262.jpeg 262w, https://www.dallassymphony.org/wp-content/uploads/2025/02/Ana-Maria-Patino-Osorio-photo-4-Oscar-Bernal-scaled-e1740688431490-350x350.jpeg 350w, https://www.dallassymphony.org/wp-content/uploads/2025/02/Ana-Maria-Patino-Osorio-photo-4-Oscar-Bernal-scaled-e1740688431490-400x400.jpeg 400w, https://www.dallassymphony.org/wp-content/uploads/2025/02/Ana-Maria-Patino-Osorio-photo-4-Oscar-Bernal-scaled-e1740688431490-600x600.jpeg 600w" sizes="auto, (max-width: 445px) 100vw, 445px" />			</div>
			<div class="col-md-7">
				<div class="bio__content-wrapper">
					<h1>Ana María Patiño-Osorio</h1>

                    <div class="bio__meta">
					<p>Conductor</p>
                    </div>

					
                    					<a href="https://www.dallassymphony.org/es/people/ana-maria-patino-osorio/" class="a-hover">Leer más</a>
                                        <div class="share d-flex align-items-center">
                        
                                            </div>
				</div>
			</div>
		</div>
	</div>
</div>

<p>Ana María Patiño-Osorio es la ganadora del Segundo Premio, el Premio del Público y el Premio del Jurado Joven en el Concurso Malko para Jóvenes Directores de Copenhague en 2024. Entre 2022 y 2024 ha sido Directora Asistente de la Orchestre de la Suisse Romande, trabajando estrechamente con Jonathan Nott. En enero de 2023, Ana asumió con éxito la dirección de la OSR, de la que Le Temps escribió: "Toda la actuación de Ana María Patiño-Osorio impresionó por su fuerza y su tranquilidad".</p>
