{"id":22586,"date":"2024-09-12T13:52:21","date_gmt":"2024-09-12T18:52:21","guid":{"rendered":"https:\/\/www.dallassymphony.org\/?post_type=dso_person&#038;p=22586"},"modified":"2024-09-12T13:52:23","modified_gmt":"2024-09-12T18:52:23","slug":"reese-farnell","status":"publish","type":"dso_person","link":"https:\/\/www.dallassymphony.org\/es\/people\/reese-farnell\/","title":{"rendered":"Reese Farnell"},"content":{"rendered":"<div class=\"bio__block m-spacer\">\n\t<div class=\"container\">\n\t\t<div class=\"row\">\n\t\t\t<div class=\"col-md-5 position-relative\">\n\t\t\t\t\t\t\t\t<img loading=\"lazy\" decoding=\"async\" width=\"445\" height=\"445\" src=\"https:\/\/www.dallassymphony.org\/wp-content\/uploads\/2024\/09\/Reese-Farnell-scaled-e1726167130492-445x445.jpg\" class=\"d-md-block img-fluid w-100 wp-post-image\" alt=\"\" srcset=\"https:\/\/www.dallassymphony.org\/wp-content\/uploads\/2024\/09\/Reese-Farnell-scaled-e1726167130492-445x445.jpg 445w, https:\/\/www.dallassymphony.org\/wp-content\/uploads\/2024\/09\/Reese-Farnell-scaled-e1726167130492-300x300.jpg 300w, https:\/\/www.dallassymphony.org\/wp-content\/uploads\/2024\/09\/Reese-Farnell-scaled-e1726167130492-1024x1024.jpg 1024w, https:\/\/www.dallassymphony.org\/wp-content\/uploads\/2024\/09\/Reese-Farnell-scaled-e1726167130492-150x150.jpg 150w, https:\/\/www.dallassymphony.org\/wp-content\/uploads\/2024\/09\/Reese-Farnell-scaled-e1726167130492-768x768.jpg 768w, https:\/\/www.dallassymphony.org\/wp-content\/uploads\/2024\/09\/Reese-Farnell-scaled-e1726167130492-1536x1536.jpg 1536w, https:\/\/www.dallassymphony.org\/wp-content\/uploads\/2024\/09\/Reese-Farnell-scaled-e1726167130492-12x12.jpg 12w, https:\/\/www.dallassymphony.org\/wp-content\/uploads\/2024\/09\/Reese-Farnell-scaled-e1726167130492-262x262.jpg 262w, https:\/\/www.dallassymphony.org\/wp-content\/uploads\/2024\/09\/Reese-Farnell-scaled-e1726167130492-350x350.jpg 350w, https:\/\/www.dallassymphony.org\/wp-content\/uploads\/2024\/09\/Reese-Farnell-scaled-e1726167130492.jpg 1689w\" sizes=\"auto, (max-width: 445px) 100vw, 445px\" \/>\t\t\t<\/div>\n\t\t\t<div class=\"col-md-7\">\n\t\t\t\t<div class=\"bio__content-wrapper\">\n\t\t\t\t\t<h1>Reese Farnell<\/h1>\n\n                    <div class=\"bio__meta\">\n\t\t\t\t\t<p>Asistente interino del Director\/Utility Horn<\/p>\n                    <\/div>\n\n\t\t\t\t\t<p>Reese Farnell, natural de Fort Worth (Texas), ocupa el puesto de Asistente principal\/trompa auxiliar interino en la Orquesta Sinf\u00f3nica de Dallas para la temporada 2024\/25. Durante los seis a\u00f1os anteriores actu\u00f3 en la Orquesta Sinf\u00f3nica de Fort Worth, principalmente como segunda trompa. Durante los seis a\u00f1os anteriores, actu\u00f3 con la Orquesta Sinf\u00f3nica de Fort Worth, principalmente como segundo trompa. Reese ha sido trompa principal de la Orquesta Sinf\u00f3nica de Sichuan y ha actuado como trompa principal invitada de la Orquesta Sinf\u00f3nica de Atlanta y como trompa principal invitada de la Sinf\u00f3nica S.O.N.G. de Se\u00fal, Corea. Como m\u00fasico independiente en DFW, Reese ha tenido el privilegio de actuar con la \u00d3pera de Dallas y la Sinf\u00f3nica de C\u00e1mara de Dallas, y ha actuado en el escenario detr\u00e1s de Yo Yo Ma, Andrea Bocelli, The Who, Marvin Sapp y Ben Folds, entre otros. Desde 2023, pasa los veranos en la orquesta del festival Music in the Mountains de Durango, Colorado. Reese es licenciado en M\u00fasica por la Universidad de Texas y posee un m\u00e1ster en M\u00fasica y otro en Artes Musicales por la Universidad de Yale. En su tiempo libre, le gusta pasar tiempo con su esposa Kitt y sus tres perros, correr por senderos, ir de mochilero y todo lo relacionado con las actividades al aire libre.<\/p>\n                    \t\t\t\t\t<a href=\"https:\/\/www.dallassymphony.org\/es\/people\/reese-farnell\/\" class=\"a-hover\">Leer m\u00e1s<\/a>\n                                        <div class=\"share d-flex align-items-center\">\n                        \n                                            <\/div>\n\t\t\t\t<\/div>\n\t\t\t<\/div>\n\t\t<\/div>\n\t<\/div>\n<\/div>","protected":false},"excerpt":{"rendered":"<p>Native de Fort Worth, Texas, Reese Farnell ocupa el puesto de Asistente principal\/trompa auxiliar interino en la Orquesta Sinf\u00f3nica de Dallas para la temporada 2024\/25.<\/p>","protected":false},"featured_media":22633,"template":"","dso_musician_instrument":[],"dso_person_role":[17],"class_list":["post-22586","dso_person","type-dso_person","status-publish","has-post-thumbnail","hentry","dso_person_role-musician"],"acf":[],"_links":{"self":[{"href":"https:\/\/www.dallassymphony.org\/es\/wp-json\/wp\/v2\/dso_person\/22586","targetHints":{"allow":["GET"]}}],"collection":[{"href":"https:\/\/www.dallassymphony.org\/es\/wp-json\/wp\/v2\/dso_person"}],"about":[{"href":"https:\/\/www.dallassymphony.org\/es\/wp-json\/wp\/v2\/types\/dso_person"}],"version-history":[{"count":0,"href":"https:\/\/www.dallassymphony.org\/es\/wp-json\/wp\/v2\/dso_person\/22586\/revisions"}],"wp:featuredmedia":[{"embeddable":true,"href":"https:\/\/www.dallassymphony.org\/es\/wp-json\/wp\/v2\/media\/22633"}],"wp:attachment":[{"href":"https:\/\/www.dallassymphony.org\/es\/wp-json\/wp\/v2\/media?parent=22586"}],"wp:term":[{"taxonomy":"dso_musician_instrument","embeddable":true,"href":"https:\/\/www.dallassymphony.org\/es\/wp-json\/wp\/v2\/dso_musician_instrument?post=22586"},{"taxonomy":"dso_person_role","embeddable":true,"href":"https:\/\/www.dallassymphony.org\/es\/wp-json\/wp\/v2\/dso_person_role?post=22586"}],"curies":[{"name":"wp","href":"https:\/\/api.w.org\/{rel}","templated":true}]}}

<div class="bio__block m-spacer">
	<div class="container">
		<div class="row">
			<div class="col-md-5 position-relative">
								<img loading="lazy" decoding="async" width="445" height="445" src="https://www.dallassymphony.org/wp-content/uploads/2024/09/Reese-Farnell-scaled-e1726167130492-445x445.jpg" class="d-md-block img-fluid w-100 wp-post-image" alt="" srcset="https://www.dallassymphony.org/wp-content/uploads/2024/09/Reese-Farnell-scaled-e1726167130492-445x445.jpg 445w, https://www.dallassymphony.org/wp-content/uploads/2024/09/Reese-Farnell-scaled-e1726167130492-300x300.jpg 300w, https://www.dallassymphony.org/wp-content/uploads/2024/09/Reese-Farnell-scaled-e1726167130492-1024x1024.jpg 1024w, https://www.dallassymphony.org/wp-content/uploads/2024/09/Reese-Farnell-scaled-e1726167130492-150x150.jpg 150w, https://www.dallassymphony.org/wp-content/uploads/2024/09/Reese-Farnell-scaled-e1726167130492-768x768.jpg 768w, https://www.dallassymphony.org/wp-content/uploads/2024/09/Reese-Farnell-scaled-e1726167130492-1536x1536.jpg 1536w, https://www.dallassymphony.org/wp-content/uploads/2024/09/Reese-Farnell-scaled-e1726167130492-12x12.jpg 12w, https://www.dallassymphony.org/wp-content/uploads/2024/09/Reese-Farnell-scaled-e1726167130492-262x262.jpg 262w, https://www.dallassymphony.org/wp-content/uploads/2024/09/Reese-Farnell-scaled-e1726167130492-350x350.jpg 350w, https://www.dallassymphony.org/wp-content/uploads/2024/09/Reese-Farnell-scaled-e1726167130492.jpg 1689w" sizes="auto, (max-width: 445px) 100vw, 445px" />			</div>
			<div class="col-md-7">
				<div class="bio__content-wrapper">
					<h1>Reese Farnell</h1>

                    <div class="bio__meta">
					<p>Asistente interino del Director/Utility Horn</p>
                    </div>

					<p>Reese Farnell, natural de Fort Worth (Texas), ocupa el puesto de Asistente principal/trompa auxiliar interino en la Orquesta Sinfónica de Dallas para la temporada 2024/25. Durante los seis años anteriores actuó en la Orquesta Sinfónica de Fort Worth, principalmente como segunda trompa. Durante los seis años anteriores, actuó con la Orquesta Sinfónica de Fort Worth, principalmente como segundo trompa. Reese ha sido trompa principal de la Orquesta Sinfónica de Sichuan y ha actuado como trompa principal invitada de la Orquesta Sinfónica de Atlanta y como trompa principal invitada de la Sinfónica S.O.N.G. de Seúl, Corea. Como músico independiente en DFW, Reese ha tenido el privilegio de actuar con la Ópera de Dallas y la Sinfónica de Cámara de Dallas, y ha actuado en el escenario detrás de Yo Yo Ma, Andrea Bocelli, The Who, Marvin Sapp y Ben Folds, entre otros. Desde 2023, pasa los veranos en la orquesta del festival Music in the Mountains de Durango, Colorado. Reese es licenciado en Música por la Universidad de Texas y posee un máster en Música y otro en Artes Musicales por la Universidad de Yale. En su tiempo libre, le gusta pasar tiempo con su esposa Kitt y sus tres perros, correr por senderos, ir de mochilero y todo lo relacionado con las actividades al aire libre.</p>
                    					<a href="https://www.dallassymphony.org/es/people/reese-farnell/" class="a-hover">Leer más</a>
                                        <div class="share d-flex align-items-center">
                        
                                            </div>
				</div>
			</div>
		</div>
	</div>
</div>

<p>Native de Fort Worth, Texas, Reese Farnell ocupa el puesto de Asistente principal/trompa auxiliar interino en la Orquesta Sinfónica de Dallas para la temporada 2024/25.</p>
