{"id":22502,"date":"2024-09-05T18:24:39","date_gmt":"2024-09-05T23:24:39","guid":{"rendered":"https:\/\/www.dallassymphony.org\/?post_type=dso_person&#038;p=22502"},"modified":"2024-09-05T18:24:41","modified_gmt":"2024-09-05T23:24:41","slug":"michelle-miller-burns","status":"publish","type":"dso_person","link":"https:\/\/www.dallassymphony.org\/es\/people\/michelle-miller-burns\/","title":{"rendered":"Michelle Miller Burns"},"content":{"rendered":"<div class=\"bio__block m-spacer\">\n\t<div class=\"container\">\n\t\t<div class=\"row\">\n\t\t\t<div class=\"col-md-5 position-relative\">\n\t\t\t\t\t\t\t\t<img loading=\"lazy\" decoding=\"async\" width=\"445\" height=\"445\" src=\"https:\/\/www.dallassymphony.org\/wp-content\/uploads\/2024\/09\/michelle-miller-burns-14135_hi-res-scaled-e1725578661584-445x445.jpg\" class=\"d-md-block img-fluid w-100 wp-post-image\" alt=\"\" srcset=\"https:\/\/www.dallassymphony.org\/wp-content\/uploads\/2024\/09\/michelle-miller-burns-14135_hi-res-scaled-e1725578661584-445x445.jpg 445w, https:\/\/www.dallassymphony.org\/wp-content\/uploads\/2024\/09\/michelle-miller-burns-14135_hi-res-scaled-e1725578661584-300x300.jpg 300w, https:\/\/www.dallassymphony.org\/wp-content\/uploads\/2024\/09\/michelle-miller-burns-14135_hi-res-scaled-e1725578661584-1024x1024.jpg 1024w, https:\/\/www.dallassymphony.org\/wp-content\/uploads\/2024\/09\/michelle-miller-burns-14135_hi-res-scaled-e1725578661584-150x150.jpg 150w, https:\/\/www.dallassymphony.org\/wp-content\/uploads\/2024\/09\/michelle-miller-burns-14135_hi-res-scaled-e1725578661584-768x768.jpg 768w, https:\/\/www.dallassymphony.org\/wp-content\/uploads\/2024\/09\/michelle-miller-burns-14135_hi-res-scaled-e1725578661584-1536x1536.jpg 1536w, https:\/\/www.dallassymphony.org\/wp-content\/uploads\/2024\/09\/michelle-miller-burns-14135_hi-res-scaled-e1725578661584-2048x2048.jpg 2048w, https:\/\/www.dallassymphony.org\/wp-content\/uploads\/2024\/09\/michelle-miller-burns-14135_hi-res-scaled-e1725578661584-12x12.jpg 12w, https:\/\/www.dallassymphony.org\/wp-content\/uploads\/2024\/09\/michelle-miller-burns-14135_hi-res-scaled-e1725578661584-262x262.jpg 262w, https:\/\/www.dallassymphony.org\/wp-content\/uploads\/2024\/09\/michelle-miller-burns-14135_hi-res-scaled-e1725578661584-350x350.jpg 350w\" sizes=\"auto, (max-width: 445px) 100vw, 445px\" \/>\t\t\t<\/div>\n\t\t\t<div class=\"col-md-7\">\n\t\t\t\t<div class=\"bio__content-wrapper\">\n\t\t\t\t\t<h1>Michelle Miller Burns<\/h1>\n\n                    <div class=\"bio__meta\">\n\t\t\t\t\t<p>Sinf\u00f3nica de Dallas, Ross Perot Presidente y Consejero Delegado<\/p>\n                    <\/div>\n\n\t\t\t\t\t<p>Michelle Miller Burns comenzar\u00e1 su mandato como Presidenta y Directora General de la Orquesta Sinf\u00f3nica de Dallas Ross Perot el 23 de septiembre de 2024. La Orquesta Sinf\u00f3nica de Dallas es la mayor organizaci\u00f3n de artes esc\u00e9nicas del suroeste de Estados Unidos, comprometida a inspirar al p\u00fablico m\u00e1s amplio posible con programas cl\u00e1sicos distintivos, conciertos pop inventivos y presentaciones multimedia innovative.<\/p>\n                    \t\t\t\t\t<a href=\"https:\/\/www.dallassymphony.org\/es\/people\/michelle-miller-burns\/\" class=\"a-hover\">Leer m\u00e1s<\/a>\n                                        <div class=\"share d-flex align-items-center\">\n                        \n                                            <\/div>\n\t\t\t\t<\/div>\n\t\t\t<\/div>\n\t\t<\/div>\n\t<\/div>\n<\/div>","protected":false},"excerpt":{"rendered":"<p>Michelle Miller Burns comenzar\u00e1 su mandato como Presidenta y Directora General de la Orquesta Sinf\u00f3nica de Dallas Ross Perot el 23 de septiembre de 2024. La Orquesta Sinf\u00f3nica de Dallas es la mayor organizaci\u00f3n de artes esc\u00e9nicas del suroeste de Estados Unidos, comprometida a inspirar al p\u00fablico m\u00e1s amplio posible con programas cl\u00e1sicos distintivos, conciertos pop inventivos y presentaciones multimedia innovative.<\/p>","protected":false},"featured_media":22503,"template":"","dso_musician_instrument":[],"dso_person_role":[],"class_list":["post-22502","dso_person","type-dso_person","status-publish","has-post-thumbnail","hentry"],"acf":[],"_links":{"self":[{"href":"https:\/\/www.dallassymphony.org\/es\/wp-json\/wp\/v2\/dso_person\/22502","targetHints":{"allow":["GET"]}}],"collection":[{"href":"https:\/\/www.dallassymphony.org\/es\/wp-json\/wp\/v2\/dso_person"}],"about":[{"href":"https:\/\/www.dallassymphony.org\/es\/wp-json\/wp\/v2\/types\/dso_person"}],"version-history":[{"count":0,"href":"https:\/\/www.dallassymphony.org\/es\/wp-json\/wp\/v2\/dso_person\/22502\/revisions"}],"wp:featuredmedia":[{"embeddable":true,"href":"https:\/\/www.dallassymphony.org\/es\/wp-json\/wp\/v2\/media\/22503"}],"wp:attachment":[{"href":"https:\/\/www.dallassymphony.org\/es\/wp-json\/wp\/v2\/media?parent=22502"}],"wp:term":[{"taxonomy":"dso_musician_instrument","embeddable":true,"href":"https:\/\/www.dallassymphony.org\/es\/wp-json\/wp\/v2\/dso_musician_instrument?post=22502"},{"taxonomy":"dso_person_role","embeddable":true,"href":"https:\/\/www.dallassymphony.org\/es\/wp-json\/wp\/v2\/dso_person_role?post=22502"}],"curies":[{"name":"wp","href":"https:\/\/api.w.org\/{rel}","templated":true}]}}

<div class="bio__block m-spacer">
	<div class="container">
		<div class="row">
			<div class="col-md-5 position-relative">
								<img loading="lazy" decoding="async" width="445" height="445" src="https://www.dallassymphony.org/wp-content/uploads/2024/09/michelle-miller-burns-14135_hi-res-scaled-e1725578661584-445x445.jpg" class="d-md-block img-fluid w-100 wp-post-image" alt="" srcset="https://www.dallassymphony.org/wp-content/uploads/2024/09/michelle-miller-burns-14135_hi-res-scaled-e1725578661584-445x445.jpg 445w, https://www.dallassymphony.org/wp-content/uploads/2024/09/michelle-miller-burns-14135_hi-res-scaled-e1725578661584-300x300.jpg 300w, https://www.dallassymphony.org/wp-content/uploads/2024/09/michelle-miller-burns-14135_hi-res-scaled-e1725578661584-1024x1024.jpg 1024w, https://www.dallassymphony.org/wp-content/uploads/2024/09/michelle-miller-burns-14135_hi-res-scaled-e1725578661584-150x150.jpg 150w, https://www.dallassymphony.org/wp-content/uploads/2024/09/michelle-miller-burns-14135_hi-res-scaled-e1725578661584-768x768.jpg 768w, https://www.dallassymphony.org/wp-content/uploads/2024/09/michelle-miller-burns-14135_hi-res-scaled-e1725578661584-1536x1536.jpg 1536w, https://www.dallassymphony.org/wp-content/uploads/2024/09/michelle-miller-burns-14135_hi-res-scaled-e1725578661584-2048x2048.jpg 2048w, https://www.dallassymphony.org/wp-content/uploads/2024/09/michelle-miller-burns-14135_hi-res-scaled-e1725578661584-12x12.jpg 12w, https://www.dallassymphony.org/wp-content/uploads/2024/09/michelle-miller-burns-14135_hi-res-scaled-e1725578661584-262x262.jpg 262w, https://www.dallassymphony.org/wp-content/uploads/2024/09/michelle-miller-burns-14135_hi-res-scaled-e1725578661584-350x350.jpg 350w" sizes="auto, (max-width: 445px) 100vw, 445px" />			</div>
			<div class="col-md-7">
				<div class="bio__content-wrapper">
					<h1>Michelle Miller Burns</h1>

                    <div class="bio__meta">
					<p>Sinfónica de Dallas, Ross Perot Presidente y Consejero Delegado</p>
                    </div>

					<p>Michelle Miller Burns comenzará su mandato como Presidenta y Directora General de la Orquesta Sinfónica de Dallas Ross Perot el 23 de septiembre de 2024. La Orquesta Sinfónica de Dallas es la mayor organización de artes escénicas del suroeste de Estados Unidos, comprometida a inspirar al público más amplio posible con programas clásicos distintivos, conciertos pop inventivos y presentaciones multimedia innovative.</p>
                    					<a href="https://www.dallassymphony.org/es/people/michelle-miller-burns/" class="a-hover">Leer más</a>
                                        <div class="share d-flex align-items-center">
                        
                                            </div>
				</div>
			</div>
		</div>
	</div>
</div>

<p>Michelle Miller Burns comenzará su mandato como Presidenta y Directora General de la Orquesta Sinfónica de Dallas Ross Perot el 23 de septiembre de 2024. La Orquesta Sinfónica de Dallas es la mayor organización de artes escénicas del suroeste de Estados Unidos, comprometida a inspirar al público más amplio posible con programas clásicos distintivos, conciertos pop inventivos y presentaciones multimedia innovative.</p>
