{"id":21495,"date":"2024-07-24T11:28:34","date_gmt":"2024-07-24T16:28:34","guid":{"rendered":"https:\/\/www.dallassymphony.org\/?post_type=dso_person&#038;p=21495"},"modified":"2024-09-26T11:11:04","modified_gmt":"2024-09-26T16:11:04","slug":"hyunjoo-choo","status":"publish","type":"dso_person","link":"https:\/\/www.dallassymphony.org\/es\/people\/hyunjoo-choo\/","title":{"rendered":"Hyunjoo Choo"},"content":{"rendered":"<div class=\"bio__block m-spacer\">\n\t<div class=\"container\">\n\t\t<div class=\"row\">\n\t\t\t<div class=\"col-md-5 position-relative\">\n\t\t\t\t\t\t\t\t<img loading=\"lazy\" decoding=\"async\" width=\"445\" height=\"445\" src=\"https:\/\/www.dallassymphony.org\/wp-content\/uploads\/2024\/07\/Kari-Choo-scaled-e1727367021100-445x445.jpg\" class=\"d-md-block img-fluid w-100 wp-post-image\" alt=\"\" srcset=\"https:\/\/www.dallassymphony.org\/wp-content\/uploads\/2024\/07\/Kari-Choo-scaled-e1727367021100-445x445.jpg 445w, https:\/\/www.dallassymphony.org\/wp-content\/uploads\/2024\/07\/Kari-Choo-scaled-e1727367021100-300x300.jpg 300w, https:\/\/www.dallassymphony.org\/wp-content\/uploads\/2024\/07\/Kari-Choo-scaled-e1727367021100-1024x1024.jpg 1024w, https:\/\/www.dallassymphony.org\/wp-content\/uploads\/2024\/07\/Kari-Choo-scaled-e1727367021100-150x150.jpg 150w, https:\/\/www.dallassymphony.org\/wp-content\/uploads\/2024\/07\/Kari-Choo-scaled-e1727367021100-768x768.jpg 768w, https:\/\/www.dallassymphony.org\/wp-content\/uploads\/2024\/07\/Kari-Choo-scaled-e1727367021100-1536x1536.jpg 1536w, https:\/\/www.dallassymphony.org\/wp-content\/uploads\/2024\/07\/Kari-Choo-scaled-e1727367021100-12x12.jpg 12w, https:\/\/www.dallassymphony.org\/wp-content\/uploads\/2024\/07\/Kari-Choo-scaled-e1727367021100-262x262.jpg 262w, https:\/\/www.dallassymphony.org\/wp-content\/uploads\/2024\/07\/Kari-Choo-scaled-e1727367021100-350x350.jpg 350w, https:\/\/www.dallassymphony.org\/wp-content\/uploads\/2024\/07\/Kari-Choo-scaled-e1727367021100.jpg 1796w\" sizes=\"auto, (max-width: 445px) 100vw, 445px\" \/>\t\t\t<\/div>\n\t\t\t<div class=\"col-md-7\">\n\t\t\t\t<div class=\"bio__content-wrapper\">\n\t\t\t\t\t<h1>Hyunjoo Choo<\/h1>\n\n                    <div class=\"bio__meta\">\n\t\t\t\t\t<p>Asistente del Concertino<\/p>\n                    <\/div>\n\n\t\t\t\t\t<p>Aclamada por la cr\u00edtica por su \"innata destreza instrumental\", la violinista Hyunjoo Choo ha recibido elogios por su \"seguridad t\u00e9cnica y su virtuosismo sin esfuerzo con su hermoso timbre\". A los 11 a\u00f1os debut\u00f3 en concierto con la Orquesta Sinf\u00f3nica Nacional y desde entonces ha actuado como solista, recitalista y m\u00fasico de c\u00e1mara en importantes escenarios internacionales, como el Kennedy Center, el Carnegie Hall, el Festival Internacional de M\u00fasica de Tongyeong, la C\u00e1mara de Comercio de EE.UU., el Sal\u00f3n Internacional de las Banderas, la Embajada de Corea, Estados Unidos, Corea y Europa. Ganadora de numerosos premios internacionales y nacionales, Hyunjoo fue laureada y ganadora del Premio Enrico Costa en el Concurso Internacional de Viol\u00edn Paganini a los 16 a\u00f1os. Adem\u00e1s, fue ganadora del premio a la Mejor Interpretaci\u00f3n de una Obra de Marteau en el Concurso Internacional de Viol\u00edn Henri Marteau y recibi\u00f3 grandes premios en el Concurso Internacional de J\u00f3venes Virtuosos, el Concurso de M\u00fasica de Nueva York y el Concurso Coreano de M\u00fasica, donde tambi\u00e9n fue galardonada con el Premio Embajador de Corea. A los 9 a\u00f1os, Hyunjoo ingres\u00f3 en la Juilliard School of Music. Obtuvo su licenciatura en m\u00fasica como becaria Barbara y David Jacobs en la Escuela de M\u00fasica Jacobs de la Universidad de Indiana, y su m\u00e1ster en m\u00fasica en la Universidad Nacional de Se\u00fal. Actualmente cursa el doctorado como becaria Barbara y David Jacobs en la Jacobs School of Music. Entre sus mentores se encuentran m\u00fasicos de renombre mundial como Ricardo Cyncynates, Alexander Kerr, Jaime Laredo, Young-Uck Kim y Dorothy DeLay.<\/p>\n                    \t\t\t\t\t<a href=\"https:\/\/www.dallassymphony.org\/es\/people\/hyunjoo-choo\/\" class=\"a-hover\">Leer m\u00e1s<\/a>\n                                        <div class=\"share d-flex align-items-center\">\n                        \n                                            <\/div>\n\t\t\t\t<\/div>\n\t\t\t<\/div>\n\t\t<\/div>\n\t<\/div>\n<\/div>","protected":false},"excerpt":{"rendered":"<p>Aclamada por la cr\u00edtica por su \"innata destreza instrumental\", la violinista Hyunjoo Choo ha recibido elogios por su \"seguridad t\u00e9cnica, as\u00ed como por mostrar un virtuosismo sin esfuerzo con su bello timbre\".<\/p>","protected":false},"featured_media":22773,"template":"","dso_musician_instrument":[],"dso_person_role":[17],"class_list":["post-21495","dso_person","type-dso_person","status-publish","has-post-thumbnail","hentry","dso_person_role-musician"],"acf":[],"_links":{"self":[{"href":"https:\/\/www.dallassymphony.org\/es\/wp-json\/wp\/v2\/dso_person\/21495","targetHints":{"allow":["GET"]}}],"collection":[{"href":"https:\/\/www.dallassymphony.org\/es\/wp-json\/wp\/v2\/dso_person"}],"about":[{"href":"https:\/\/www.dallassymphony.org\/es\/wp-json\/wp\/v2\/types\/dso_person"}],"version-history":[{"count":0,"href":"https:\/\/www.dallassymphony.org\/es\/wp-json\/wp\/v2\/dso_person\/21495\/revisions"}],"wp:featuredmedia":[{"embeddable":true,"href":"https:\/\/www.dallassymphony.org\/es\/wp-json\/wp\/v2\/media\/22773"}],"wp:attachment":[{"href":"https:\/\/www.dallassymphony.org\/es\/wp-json\/wp\/v2\/media?parent=21495"}],"wp:term":[{"taxonomy":"dso_musician_instrument","embeddable":true,"href":"https:\/\/www.dallassymphony.org\/es\/wp-json\/wp\/v2\/dso_musician_instrument?post=21495"},{"taxonomy":"dso_person_role","embeddable":true,"href":"https:\/\/www.dallassymphony.org\/es\/wp-json\/wp\/v2\/dso_person_role?post=21495"}],"curies":[{"name":"wp","href":"https:\/\/api.w.org\/{rel}","templated":true}]}}

<div class="bio__block m-spacer">
	<div class="container">
		<div class="row">
			<div class="col-md-5 position-relative">
								<img loading="lazy" decoding="async" width="445" height="445" src="https://www.dallassymphony.org/wp-content/uploads/2024/07/Kari-Choo-scaled-e1727367021100-445x445.jpg" class="d-md-block img-fluid w-100 wp-post-image" alt="" srcset="https://www.dallassymphony.org/wp-content/uploads/2024/07/Kari-Choo-scaled-e1727367021100-445x445.jpg 445w, https://www.dallassymphony.org/wp-content/uploads/2024/07/Kari-Choo-scaled-e1727367021100-300x300.jpg 300w, https://www.dallassymphony.org/wp-content/uploads/2024/07/Kari-Choo-scaled-e1727367021100-1024x1024.jpg 1024w, https://www.dallassymphony.org/wp-content/uploads/2024/07/Kari-Choo-scaled-e1727367021100-150x150.jpg 150w, https://www.dallassymphony.org/wp-content/uploads/2024/07/Kari-Choo-scaled-e1727367021100-768x768.jpg 768w, https://www.dallassymphony.org/wp-content/uploads/2024/07/Kari-Choo-scaled-e1727367021100-1536x1536.jpg 1536w, https://www.dallassymphony.org/wp-content/uploads/2024/07/Kari-Choo-scaled-e1727367021100-12x12.jpg 12w, https://www.dallassymphony.org/wp-content/uploads/2024/07/Kari-Choo-scaled-e1727367021100-262x262.jpg 262w, https://www.dallassymphony.org/wp-content/uploads/2024/07/Kari-Choo-scaled-e1727367021100-350x350.jpg 350w, https://www.dallassymphony.org/wp-content/uploads/2024/07/Kari-Choo-scaled-e1727367021100.jpg 1796w" sizes="auto, (max-width: 445px) 100vw, 445px" />			</div>
			<div class="col-md-7">
				<div class="bio__content-wrapper">
					<h1>Hyunjoo Choo</h1>

                    <div class="bio__meta">
					<p>Asistente del Concertino</p>
                    </div>

					<p>Aclamada por la crítica por su "innata destreza instrumental", la violinista Hyunjoo Choo ha recibido elogios por su "seguridad técnica y su virtuosismo sin esfuerzo con su hermoso timbre". A los 11 años debutó en concierto con la Orquesta Sinfónica Nacional y desde entonces ha actuado como solista, recitalista y músico de cámara en importantes escenarios internacionales, como el Kennedy Center, el Carnegie Hall, el Festival Internacional de Música de Tongyeong, la Cámara de Comercio de EE.UU., el Salón Internacional de las Banderas, la Embajada de Corea, Estados Unidos, Corea y Europa. Ganadora de numerosos premios internacionales y nacionales, Hyunjoo fue laureada y ganadora del Premio Enrico Costa en el Concurso Internacional de Violín Paganini a los 16 años. Además, fue ganadora del premio a la Mejor Interpretación de una Obra de Marteau en el Concurso Internacional de Violín Henri Marteau y recibió grandes premios en el Concurso Internacional de Jóvenes Virtuosos, el Concurso de Música de Nueva York y el Concurso Coreano de Música, donde también fue galardonada con el Premio Embajador de Corea. A los 9 años, Hyunjoo ingresó en la Juilliard School of Music. Obtuvo su licenciatura en música como becaria Barbara y David Jacobs en la Escuela de Música Jacobs de la Universidad de Indiana, y su máster en música en la Universidad Nacional de Seúl. Actualmente cursa el doctorado como becaria Barbara y David Jacobs en la Jacobs School of Music. Entre sus mentores se encuentran músicos de renombre mundial como Ricardo Cyncynates, Alexander Kerr, Jaime Laredo, Young-Uck Kim y Dorothy DeLay.</p>
                    					<a href="https://www.dallassymphony.org/es/people/hyunjoo-choo/" class="a-hover">Leer más</a>
                                        <div class="share d-flex align-items-center">
                        
                                            </div>
				</div>
			</div>
		</div>
	</div>
</div>

<p>Aclamada por la crítica por su "innata destreza instrumental", la violinista Hyunjoo Choo ha recibido elogios por su "seguridad técnica, así como por mostrar un virtuosismo sin esfuerzo con su bello timbre".</p>
