{"id":19821,"date":"2024-04-11T13:40:23","date_gmt":"2024-04-11T18:40:23","guid":{"rendered":"https:\/\/www.dallassymphony.org\/?post_type=dso_person&#038;p=19821"},"modified":"2024-04-12T15:58:13","modified_gmt":"2024-04-12T20:58:13","slug":"andrew-brady","status":"publish","type":"dso_person","link":"https:\/\/www.dallassymphony.org\/es\/people\/andrew-brady\/","title":{"rendered":"Andrew Brady"},"content":{"rendered":"<div class=\"bio__block m-spacer\">\n\t<div class=\"container\">\n\t\t<div class=\"row\">\n\t\t\t<div class=\"col-md-5 position-relative\">\n\t\t\t\t\t\t\t\t<img loading=\"lazy\" decoding=\"async\" width=\"445\" height=\"445\" src=\"https:\/\/www.dallassymphony.org\/wp-content\/uploads\/2024\/04\/2024-People-1200x1200-37-445x445.png\" class=\"d-md-block img-fluid w-100 wp-post-image\" alt=\"\" srcset=\"https:\/\/www.dallassymphony.org\/wp-content\/uploads\/2024\/04\/2024-People-1200x1200-37-445x445.png 445w, https:\/\/www.dallassymphony.org\/wp-content\/uploads\/2024\/04\/2024-People-1200x1200-37-300x300.png 300w, https:\/\/www.dallassymphony.org\/wp-content\/uploads\/2024\/04\/2024-People-1200x1200-37-1024x1024.png 1024w, https:\/\/www.dallassymphony.org\/wp-content\/uploads\/2024\/04\/2024-People-1200x1200-37-150x150.png 150w, https:\/\/www.dallassymphony.org\/wp-content\/uploads\/2024\/04\/2024-People-1200x1200-37-768x768.png 768w, https:\/\/www.dallassymphony.org\/wp-content\/uploads\/2024\/04\/2024-People-1200x1200-37-12x12.png 12w, https:\/\/www.dallassymphony.org\/wp-content\/uploads\/2024\/04\/2024-People-1200x1200-37-262x262.png 262w, https:\/\/www.dallassymphony.org\/wp-content\/uploads\/2024\/04\/2024-People-1200x1200-37-350x350.png 350w, https:\/\/www.dallassymphony.org\/wp-content\/uploads\/2024\/04\/2024-People-1200x1200-37.png 1200w\" sizes=\"auto, (max-width: 445px) 100vw, 445px\" \/>\t\t\t<\/div>\n\t\t\t<div class=\"col-md-7\">\n\t\t\t\t<div class=\"bio__content-wrapper\">\n\t\t\t\t\t<h1>Andrew Brady<\/h1>\n\n                    <div class=\"bio__meta\">\n\t\t\t\t\t<p>Fagot<\/p>\n                    <\/div>\n\n\t\t\t\t\t<p>Native El tennesse Andrew Brady se uni\u00f3 a la Orquesta de C\u00e1mara de Saint Paul en la temporada 2022-23 como Fagot Principal. Brady llega a Minnesota procedente de la Orquesta Sinf\u00f3nica de Atlanta, donde ha ocupado el puesto de fagot principal desde enero de 2016. Antes de la ASO, Brady ocup\u00f3 el mismo puesto durante dos a\u00f1os en la Filarm\u00f3nica de Luisiana.<\/p>\n                    \t\t\t\t\t<a href=\"https:\/\/www.dallassymphony.org\/es\/people\/andrew-brady\/\" class=\"a-hover\">Leer m\u00e1s<\/a>\n                                        <div class=\"share d-flex align-items-center\">\n                        \n                                            <\/div>\n\t\t\t\t<\/div>\n\t\t\t<\/div>\n\t\t<\/div>\n\t<\/div>\n<\/div>","protected":false},"excerpt":{"rendered":"<p>Native El tennesse Andrew Brady se uni\u00f3 a la Orquesta de C\u00e1mara de Saint Paul en la temporada 2022-23 como Fagot Principal. Brady llega a Minnesota procedente de la Orquesta Sinf\u00f3nica de Atlanta, donde ha ocupado el puesto de fagot principal desde enero de 2016. Antes de la ASO, Brady ocup\u00f3 el mismo puesto durante dos a\u00f1os en la Filarm\u00f3nica de Luisiana.<\/p>","protected":false},"featured_media":19822,"template":"","dso_musician_instrument":[],"dso_person_role":[29],"class_list":["post-19821","dso_person","type-dso_person","status-publish","has-post-thumbnail","hentry","dso_person_role-guest-artist"],"acf":[],"_links":{"self":[{"href":"https:\/\/www.dallassymphony.org\/es\/wp-json\/wp\/v2\/dso_person\/19821","targetHints":{"allow":["GET"]}}],"collection":[{"href":"https:\/\/www.dallassymphony.org\/es\/wp-json\/wp\/v2\/dso_person"}],"about":[{"href":"https:\/\/www.dallassymphony.org\/es\/wp-json\/wp\/v2\/types\/dso_person"}],"version-history":[{"count":0,"href":"https:\/\/www.dallassymphony.org\/es\/wp-json\/wp\/v2\/dso_person\/19821\/revisions"}],"wp:featuredmedia":[{"embeddable":true,"href":"https:\/\/www.dallassymphony.org\/es\/wp-json\/wp\/v2\/media\/19822"}],"wp:attachment":[{"href":"https:\/\/www.dallassymphony.org\/es\/wp-json\/wp\/v2\/media?parent=19821"}],"wp:term":[{"taxonomy":"dso_musician_instrument","embeddable":true,"href":"https:\/\/www.dallassymphony.org\/es\/wp-json\/wp\/v2\/dso_musician_instrument?post=19821"},{"taxonomy":"dso_person_role","embeddable":true,"href":"https:\/\/www.dallassymphony.org\/es\/wp-json\/wp\/v2\/dso_person_role?post=19821"}],"curies":[{"name":"wp","href":"https:\/\/api.w.org\/{rel}","templated":true}]}}

<div class="bio__block m-spacer">
	<div class="container">
		<div class="row">
			<div class="col-md-5 position-relative">
								<img loading="lazy" decoding="async" width="445" height="445" src="https://www.dallassymphony.org/wp-content/uploads/2024/04/2024-People-1200x1200-37-445x445.png" class="d-md-block img-fluid w-100 wp-post-image" alt="" srcset="https://www.dallassymphony.org/wp-content/uploads/2024/04/2024-People-1200x1200-37-445x445.png 445w, https://www.dallassymphony.org/wp-content/uploads/2024/04/2024-People-1200x1200-37-300x300.png 300w, https://www.dallassymphony.org/wp-content/uploads/2024/04/2024-People-1200x1200-37-1024x1024.png 1024w, https://www.dallassymphony.org/wp-content/uploads/2024/04/2024-People-1200x1200-37-150x150.png 150w, https://www.dallassymphony.org/wp-content/uploads/2024/04/2024-People-1200x1200-37-768x768.png 768w, https://www.dallassymphony.org/wp-content/uploads/2024/04/2024-People-1200x1200-37-12x12.png 12w, https://www.dallassymphony.org/wp-content/uploads/2024/04/2024-People-1200x1200-37-262x262.png 262w, https://www.dallassymphony.org/wp-content/uploads/2024/04/2024-People-1200x1200-37-350x350.png 350w, https://www.dallassymphony.org/wp-content/uploads/2024/04/2024-People-1200x1200-37.png 1200w" sizes="auto, (max-width: 445px) 100vw, 445px" />			</div>
			<div class="col-md-7">
				<div class="bio__content-wrapper">
					<h1>Andrew Brady</h1>

                    <div class="bio__meta">
					<p>Fagot</p>
                    </div>

					<p>Native El tennesse Andrew Brady se unió a la Orquesta de Cámara de Saint Paul en la temporada 2022-23 como Fagot Principal. Brady llega a Minnesota procedente de la Orquesta Sinfónica de Atlanta, donde ha ocupado el puesto de fagot principal desde enero de 2016. Antes de la ASO, Brady ocupó el mismo puesto durante dos años en la Filarmónica de Luisiana.</p>
                    					<a href="https://www.dallassymphony.org/es/people/andrew-brady/" class="a-hover">Leer más</a>
                                        <div class="share d-flex align-items-center">
                        
                                            </div>
				</div>
			</div>
		</div>
	</div>
</div>

<p>Native El tennesse Andrew Brady se unió a la Orquesta de Cámara de Saint Paul en la temporada 2022-23 como Fagot Principal. Brady llega a Minnesota procedente de la Orquesta Sinfónica de Atlanta, donde ha ocupado el puesto de fagot principal desde enero de 2016. Antes de la ASO, Brady ocupó el mismo puesto durante dos años en la Filarmónica de Luisiana.</p>
