{"id":19392,"date":"2024-03-28T14:01:52","date_gmt":"2024-03-28T19:01:52","guid":{"rendered":"https:\/\/www.dallassymphony.org\/?post_type=dso_person&#038;p=19392"},"modified":"2024-03-29T10:02:44","modified_gmt":"2024-03-29T15:02:44","slug":"teddy-abrahms","status":"publish","type":"dso_person","link":"https:\/\/www.dallassymphony.org\/es\/people\/teddy-abrahms\/","title":{"rendered":"Teddy Abrams"},"content":{"rendered":"<div class=\"bio__block m-spacer\">\n\t<div class=\"container\">\n\t\t<div class=\"row\">\n\t\t\t<div class=\"col-md-5 position-relative\">\n\t\t\t\t\t\t\t\t<img loading=\"lazy\" decoding=\"async\" width=\"445\" height=\"445\" src=\"https:\/\/www.dallassymphony.org\/wp-content\/uploads\/2024\/03\/2024-People-1200x1200-34-445x445.png\" class=\"d-md-block img-fluid w-100 wp-post-image\" alt=\"\" srcset=\"https:\/\/www.dallassymphony.org\/wp-content\/uploads\/2024\/03\/2024-People-1200x1200-34-445x445.png 445w, https:\/\/www.dallassymphony.org\/wp-content\/uploads\/2024\/03\/2024-People-1200x1200-34-300x300.png 300w, https:\/\/www.dallassymphony.org\/wp-content\/uploads\/2024\/03\/2024-People-1200x1200-34-1024x1024.png 1024w, https:\/\/www.dallassymphony.org\/wp-content\/uploads\/2024\/03\/2024-People-1200x1200-34-150x150.png 150w, https:\/\/www.dallassymphony.org\/wp-content\/uploads\/2024\/03\/2024-People-1200x1200-34-768x768.png 768w, https:\/\/www.dallassymphony.org\/wp-content\/uploads\/2024\/03\/2024-People-1200x1200-34-12x12.png 12w, https:\/\/www.dallassymphony.org\/wp-content\/uploads\/2024\/03\/2024-People-1200x1200-34-262x262.png 262w, https:\/\/www.dallassymphony.org\/wp-content\/uploads\/2024\/03\/2024-People-1200x1200-34-350x350.png 350w, https:\/\/www.dallassymphony.org\/wp-content\/uploads\/2024\/03\/2024-People-1200x1200-34.png 1200w\" sizes=\"auto, (max-width: 445px) 100vw, 445px\" \/>\t\t\t<\/div>\n\t\t\t<div class=\"col-md-7\">\n\t\t\t\t<div class=\"bio__content-wrapper\">\n\t\t\t\t\t<h1>Teddy Abrams<\/h1>\n\n                    <div class=\"bio__meta\">\n\t\t\t\t\t<p>Conductor<\/p>\n                    <\/div>\n\n\t\t\t\t\t<p>Teddy Abrams, Director del A\u00f1o de Musical America en 2022, inicia este oto\u00f1o su d\u00e9cima temporada como Director Musical de la Orquesta de Louisville (LO). Desde su nombramiento en septiembre de 2014, Teddy Abrams ha sido la fuerza impulsora de la extraordinaria renovaci\u00f3n art\u00edstica de la orquesta y de su compromiso con la participaci\u00f3n innovativeora de la comunidad, y ha sido presentado en CBS Sunday Morning, The New Yorker, NPR, Opera News, The Wall Street Journal, PBS's Articulate y PBS NewsHour.<\/p>\n                    \t\t\t\t\t<a href=\"https:\/\/www.dallassymphony.org\/es\/people\/teddy-abrahms\/\" class=\"a-hover\">Leer m\u00e1s<\/a>\n                                        <div class=\"share d-flex align-items-center\">\n                        \n                                            <\/div>\n\t\t\t\t<\/div>\n\t\t\t<\/div>\n\t\t<\/div>\n\t<\/div>\n<\/div>","protected":false},"excerpt":{"rendered":"<p>Teddy Abrams, Director del A\u00f1o de Musical America en 2022, inicia este oto\u00f1o su d\u00e9cima temporada como Director Musical de la Orquesta de Louisville (LO). Desde su nombramiento en septiembre de 2014, Teddy Abrams ha sido la fuerza impulsora de la extraordinaria renovaci\u00f3n art\u00edstica de la orquesta y de su compromiso con la participaci\u00f3n innovativeora de la comunidad, y ha sido presentado en CBS Sunday Morning, The New Yorker, NPR, Opera News, The Wall Street Journal, PBS's Articulate y PBS NewsHour.<\/p>","protected":false},"featured_media":19395,"template":"","dso_musician_instrument":[],"dso_person_role":[55],"class_list":["post-19392","dso_person","type-dso_person","status-publish","has-post-thumbnail","hentry","dso_person_role-conductor"],"acf":[],"_links":{"self":[{"href":"https:\/\/www.dallassymphony.org\/es\/wp-json\/wp\/v2\/dso_person\/19392","targetHints":{"allow":["GET"]}}],"collection":[{"href":"https:\/\/www.dallassymphony.org\/es\/wp-json\/wp\/v2\/dso_person"}],"about":[{"href":"https:\/\/www.dallassymphony.org\/es\/wp-json\/wp\/v2\/types\/dso_person"}],"version-history":[{"count":0,"href":"https:\/\/www.dallassymphony.org\/es\/wp-json\/wp\/v2\/dso_person\/19392\/revisions"}],"wp:featuredmedia":[{"embeddable":true,"href":"https:\/\/www.dallassymphony.org\/es\/wp-json\/wp\/v2\/media\/19395"}],"wp:attachment":[{"href":"https:\/\/www.dallassymphony.org\/es\/wp-json\/wp\/v2\/media?parent=19392"}],"wp:term":[{"taxonomy":"dso_musician_instrument","embeddable":true,"href":"https:\/\/www.dallassymphony.org\/es\/wp-json\/wp\/v2\/dso_musician_instrument?post=19392"},{"taxonomy":"dso_person_role","embeddable":true,"href":"https:\/\/www.dallassymphony.org\/es\/wp-json\/wp\/v2\/dso_person_role?post=19392"}],"curies":[{"name":"wp","href":"https:\/\/api.w.org\/{rel}","templated":true}]}}

<div class="bio__block m-spacer">
	<div class="container">
		<div class="row">
			<div class="col-md-5 position-relative">
								<img loading="lazy" decoding="async" width="445" height="445" src="https://www.dallassymphony.org/wp-content/uploads/2024/03/2024-People-1200x1200-34-445x445.png" class="d-md-block img-fluid w-100 wp-post-image" alt="" srcset="https://www.dallassymphony.org/wp-content/uploads/2024/03/2024-People-1200x1200-34-445x445.png 445w, https://www.dallassymphony.org/wp-content/uploads/2024/03/2024-People-1200x1200-34-300x300.png 300w, https://www.dallassymphony.org/wp-content/uploads/2024/03/2024-People-1200x1200-34-1024x1024.png 1024w, https://www.dallassymphony.org/wp-content/uploads/2024/03/2024-People-1200x1200-34-150x150.png 150w, https://www.dallassymphony.org/wp-content/uploads/2024/03/2024-People-1200x1200-34-768x768.png 768w, https://www.dallassymphony.org/wp-content/uploads/2024/03/2024-People-1200x1200-34-12x12.png 12w, https://www.dallassymphony.org/wp-content/uploads/2024/03/2024-People-1200x1200-34-262x262.png 262w, https://www.dallassymphony.org/wp-content/uploads/2024/03/2024-People-1200x1200-34-350x350.png 350w, https://www.dallassymphony.org/wp-content/uploads/2024/03/2024-People-1200x1200-34.png 1200w" sizes="auto, (max-width: 445px) 100vw, 445px" />			</div>
			<div class="col-md-7">
				<div class="bio__content-wrapper">
					<h1>Teddy Abrams</h1>

                    <div class="bio__meta">
					<p>Conductor</p>
                    </div>

					<p>Teddy Abrams, Director del Año de Musical America en 2022, inicia este otoño su décima temporada como Director Musical de la Orquesta de Louisville (LO). Desde su nombramiento en septiembre de 2014, Teddy Abrams ha sido la fuerza impulsora de la extraordinaria renovación artística de la orquesta y de su compromiso con la participación innovativeora de la comunidad, y ha sido presentado en CBS Sunday Morning, The New Yorker, NPR, Opera News, The Wall Street Journal, PBS's Articulate y PBS NewsHour.</p>
                    					<a href="https://www.dallassymphony.org/es/people/teddy-abrahms/" class="a-hover">Leer más</a>
                                        <div class="share d-flex align-items-center">
                        
                                            </div>
				</div>
			</div>
		</div>
	</div>
</div>

<p>Teddy Abrams, Director del Año de Musical America en 2022, inicia este otoño su décima temporada como Director Musical de la Orquesta de Louisville (LO). Desde su nombramiento en septiembre de 2014, Teddy Abrams ha sido la fuerza impulsora de la extraordinaria renovación artística de la orquesta y de su compromiso con la participación innovativeora de la comunidad, y ha sido presentado en CBS Sunday Morning, The New Yorker, NPR, Opera News, The Wall Street Journal, PBS's Articulate y PBS NewsHour.</p>
