{"id":1661,"date":"2020-11-21T09:22:47","date_gmt":"2020-11-21T14:22:47","guid":{"rendered":"https:\/\/www.dallassymphony.org\/?post_type=dso_person&#038;p=1661"},"modified":"2025-07-17T12:14:27","modified_gmt":"2025-07-17T17:14:27","slug":"lydia-umlauf","status":"publish","type":"dso_person","link":"https:\/\/www.dallassymphony.org\/es\/people\/lydia-umlauf\/","title":{"rendered":"Lydia Umlauf"},"content":{"rendered":"<div class=\"hero__no-img bg-blue-8\">\n\t<div class=\"container\">\n\t\t<div class=\"row\">\n\t\t\t<div class=\"col-md-10\">\n\n\t\t\t\t<ul class=\"breadcrumbs\">\n    \t<li class=\"breadcrumb__link\">\n\t\t<a class=\"a-hover\" href=\"https:\/\/www.dallassymphony.org\/es\/\">Inicio<\/a>\n\t<\/li>\n    \t<li class=\"breadcrumb__link a-styles\">\n\t\t<a class=\"a-hover\" href=\"https:\/\/www.dallassymphony.org\/es\/about-the-dso\/\">Sobre el DSO<\/a>\n\t<\/li>\n    \t<li class=\"breadcrumb__link a-styles\">\n\t\t<a class=\"a-hover\" href=\"https:\/\/www.dallassymphony.org\/es\/about-the-dso\/people\/\">Gente<\/a>\n\t<\/li>\n    <\/ul>\n\n                \t\t\t\t<h1>\n                    <span >Lydia Umlauf<\/span>\n                <\/h1>\n                \t\t\t<\/div>\n\t\t<\/div>\n\t<\/div>\n<\/div>\n\n\n<div class=\"bio__block m-spacer\">\n\t<div class=\"container\">\n\t\t<div class=\"row\">\n\t\t\t<div class=\"col-md-5 position-relative\">\n\t\t\t\t\t\t\t\t<img loading=\"lazy\" decoding=\"async\" width=\"445\" height=\"445\" src=\"https:\/\/www.dallassymphony.org\/wp-content\/uploads\/2020\/11\/Lydia-Umlauf-1-445x445.jpg\" class=\"d-md-block img-fluid w-100 wp-post-image\" alt=\"Lydia Umlauf_Viol\u00edn II_Sinfon\u00eda de Dallas\" srcset=\"https:\/\/www.dallassymphony.org\/wp-content\/uploads\/2020\/11\/Lydia-Umlauf-1-445x445.jpg 445w, https:\/\/www.dallassymphony.org\/wp-content\/uploads\/2020\/11\/Lydia-Umlauf-1-300x300.jpg 300w, https:\/\/www.dallassymphony.org\/wp-content\/uploads\/2020\/11\/Lydia-Umlauf-1-1024x1024.jpg 1024w, https:\/\/www.dallassymphony.org\/wp-content\/uploads\/2020\/11\/Lydia-Umlauf-1-150x150.jpg 150w, https:\/\/www.dallassymphony.org\/wp-content\/uploads\/2020\/11\/Lydia-Umlauf-1-768x768.jpg 768w, https:\/\/www.dallassymphony.org\/wp-content\/uploads\/2020\/11\/Lydia-Umlauf-1-12x12.jpg 12w, https:\/\/www.dallassymphony.org\/wp-content\/uploads\/2020\/11\/Lydia-Umlauf-1-262x262.jpg 262w, https:\/\/www.dallassymphony.org\/wp-content\/uploads\/2020\/11\/Lydia-Umlauf-1-350x350.jpg 350w, https:\/\/www.dallassymphony.org\/wp-content\/uploads\/2020\/11\/Lydia-Umlauf-1.jpg 1200w\" sizes=\"auto, (max-width: 445px) 100vw, 445px\" \/>\t\t\t<\/div>\n\t\t\t<div class=\"col-md-7\">\n\t\t\t\t<div class=\"bio__content-wrapper\">\n\t\t\t\t\t<h1>Lydia Umlauf<\/h1>\n\n                    <div class=\"bio__meta\">\n\t\t\t\t\t<p>Viol\u00edn<\/p>\n<p>|ON LEAVE|<\/p>\n                    <\/div>\n\n\t\t\t\t\t<p>Lydia Umlauf, una native de Indiana, se uni\u00f3 a la Orquesta Sinf\u00f3nica de Dallas en 2014.  Lydia se licenci\u00f3 en la Escuela de M\u00fasica Jacob de la Universidad de Indiana estudiando con Alexander Kerr. Es ex alumna del programa de la Academia del Instituto de M\u00fasica de Chicago para m\u00fasicos preuniversitarios superdotados, donde estudi\u00f3 con Desiree Ruhstrat y, antes de sus estudios en Chicago, Lydia recibi\u00f3 clases de viol\u00edn de Tamara Ringas en Indiana.<\/p>\n                    \t\t\t\t\t<a href=\"https:\/\/www.dallassymphony.org\/es\/people\/lydia-umlauf\/\" class=\"a-hover\">Leer m\u00e1s<\/a>\n                                        <div class=\"share d-flex align-items-center\">\n                        \n                                            <\/div>\n\t\t\t\t<\/div>\n\t\t\t<\/div>\n\t\t<\/div>\n\t<\/div>\n<\/div>","protected":false},"excerpt":{"rendered":"<p>Lydia Umlauf, una native de Indiana, se uni\u00f3 a la Orquesta Sinf\u00f3nica de Dallas en 2014.  Lydia se licenci\u00f3 en la Escuela de M\u00fasica Jacob de la Universidad de Indiana estudiando con Alexander Kerr. Es ex alumna del programa de la Academia del Instituto de M\u00fasica de Chicago para m\u00fasicos preuniversitarios superdotados, donde estudi\u00f3 con Desiree Ruhstrat y, antes de sus estudios en Chicago, Lydia recibi\u00f3 clases de viol\u00edn de Tamara Ringas en Indiana.<\/p>","protected":false},"featured_media":1470,"template":"","dso_musician_instrument":[18,15],"dso_person_role":[17],"class_list":["post-1661","dso_person","type-dso_person","status-publish","has-post-thumbnail","hentry","dso_musician_instrument-violin-ii","dso_musician_instrument-strings","dso_person_role-musician"],"acf":[],"_links":{"self":[{"href":"https:\/\/www.dallassymphony.org\/es\/wp-json\/wp\/v2\/dso_person\/1661","targetHints":{"allow":["GET"]}}],"collection":[{"href":"https:\/\/www.dallassymphony.org\/es\/wp-json\/wp\/v2\/dso_person"}],"about":[{"href":"https:\/\/www.dallassymphony.org\/es\/wp-json\/wp\/v2\/types\/dso_person"}],"version-history":[{"count":0,"href":"https:\/\/www.dallassymphony.org\/es\/wp-json\/wp\/v2\/dso_person\/1661\/revisions"}],"wp:featuredmedia":[{"embeddable":true,"href":"https:\/\/www.dallassymphony.org\/es\/wp-json\/wp\/v2\/media\/1470"}],"wp:attachment":[{"href":"https:\/\/www.dallassymphony.org\/es\/wp-json\/wp\/v2\/media?parent=1661"}],"wp:term":[{"taxonomy":"dso_musician_instrument","embeddable":true,"href":"https:\/\/www.dallassymphony.org\/es\/wp-json\/wp\/v2\/dso_musician_instrument?post=1661"},{"taxonomy":"dso_person_role","embeddable":true,"href":"https:\/\/www.dallassymphony.org\/es\/wp-json\/wp\/v2\/dso_person_role?post=1661"}],"curies":[{"name":"wp","href":"https:\/\/api.w.org\/{rel}","templated":true}]}}

<div class="hero__no-img bg-blue-8">
	<div class="container">
		<div class="row">
			<div class="col-md-10">

				<ul class="breadcrumbs">
    	<li class="breadcrumb__link">
		<a class="a-hover" href="https://www.dallassymphony.org/es/">Inicio</a>
	</li>
    	<li class="breadcrumb__link a-styles">
		<a class="a-hover" href="https://www.dallassymphony.org/es/about-the-dso/">Sobre el DSO</a>
	</li>
    	<li class="breadcrumb__link a-styles">
		<a class="a-hover" href="https://www.dallassymphony.org/es/about-the-dso/people/">Gente</a>
	</li>
    </ul>

                				<h1>
                    <span >Lydia Umlauf</span>
                </h1>
                			</div>
		</div>
	</div>
</div>


<div class="bio__block m-spacer">
	<div class="container">
		<div class="row">
			<div class="col-md-5 position-relative">
								<img loading="lazy" decoding="async" width="445" height="445" src="https://www.dallassymphony.org/wp-content/uploads/2020/11/Lydia-Umlauf-1-445x445.jpg" class="d-md-block img-fluid w-100 wp-post-image" alt="Lydia Umlauf_Violín II_Sinfonía de Dallas" srcset="https://www.dallassymphony.org/wp-content/uploads/2020/11/Lydia-Umlauf-1-445x445.jpg 445w, https://www.dallassymphony.org/wp-content/uploads/2020/11/Lydia-Umlauf-1-300x300.jpg 300w, https://www.dallassymphony.org/wp-content/uploads/2020/11/Lydia-Umlauf-1-1024x1024.jpg 1024w, https://www.dallassymphony.org/wp-content/uploads/2020/11/Lydia-Umlauf-1-150x150.jpg 150w, https://www.dallassymphony.org/wp-content/uploads/2020/11/Lydia-Umlauf-1-768x768.jpg 768w, https://www.dallassymphony.org/wp-content/uploads/2020/11/Lydia-Umlauf-1-12x12.jpg 12w, https://www.dallassymphony.org/wp-content/uploads/2020/11/Lydia-Umlauf-1-262x262.jpg 262w, https://www.dallassymphony.org/wp-content/uploads/2020/11/Lydia-Umlauf-1-350x350.jpg 350w, https://www.dallassymphony.org/wp-content/uploads/2020/11/Lydia-Umlauf-1.jpg 1200w" sizes="auto, (max-width: 445px) 100vw, 445px" />			</div>
			<div class="col-md-7">
				<div class="bio__content-wrapper">
					<h1>Lydia Umlauf</h1>

                    <div class="bio__meta">
					<p>Violín</p>
<p>|ON LEAVE|</p>
                    </div>

					<p>Lydia Umlauf, una native de Indiana, se unió a la Orquesta Sinfónica de Dallas en 2014.  Lydia se licenció en la Escuela de Música Jacob de la Universidad de Indiana estudiando con Alexander Kerr. Es ex alumna del programa de la Academia del Instituto de Música de Chicago para músicos preuniversitarios superdotados, donde estudió con Desiree Ruhstrat y, antes de sus estudios en Chicago, Lydia recibió clases de violín de Tamara Ringas en Indiana.</p>
                    					<a href="https://www.dallassymphony.org/es/people/lydia-umlauf/" class="a-hover">Leer más</a>
                                        <div class="share d-flex align-items-center">
                        
                                            </div>
				</div>
			</div>
		</div>
	</div>
</div>

<p>Lydia Umlauf, una native de Indiana, se unió a la Orquesta Sinfónica de Dallas en 2014.  Lydia se licenció en la Escuela de Música Jacob de la Universidad de Indiana estudiando con Alexander Kerr. Es ex alumna del programa de la Academia del Instituto de Música de Chicago para músicos preuniversitarios superdotados, donde estudió con Desiree Ruhstrat y, antes de sus estudios en Chicago, Lydia recibió clases de violín de Tamara Ringas en Indiana.</p>
