{"id":1298,"date":"2020-11-18T17:31:15","date_gmt":"2020-11-18T22:31:15","guid":{"rendered":"https:\/\/www.dallassymphony.org\/?post_type=dso_person&#038;p=1298"},"modified":"2023-06-05T09:23:00","modified_gmt":"2023-06-05T14:23:00","slug":"filip-fenrych","status":"publish","type":"dso_person","link":"https:\/\/www.dallassymphony.org\/es\/people\/filip-fenrych\/","title":{"rendered":"Filip Fenrych"},"content":{"rendered":"<div class=\"hero__no-img bg-blue-8\">\n\t<div class=\"container\">\n\t\t<div class=\"row\">\n\t\t\t<div class=\"col-md-10\">\n\n\t\t\t\t<ul class=\"breadcrumbs\">\n    \t<li class=\"breadcrumb__link\">\n\t\t<a class=\"a-hover\" href=\"https:\/\/www.dallassymphony.org\/es\/\">Inicio<\/a>\n\t<\/li>\n    \t<li class=\"breadcrumb__link a-styles\">\n\t\t<a class=\"a-hover\" href=\"https:\/\/www.dallassymphony.org\/es\/about-the-dso\/\">Sobre el DSO<\/a>\n\t<\/li>\n    \t<li class=\"breadcrumb__link a-styles\">\n\t\t<a class=\"a-hover\" href=\"https:\/\/www.dallassymphony.org\/es\/about-the-dso\/people\/\">Gente<\/a>\n\t<\/li>\n    <\/ul>\n\n                \t\t\t\t<h1>\n                    <span >Filip Fenrych<\/span>\n                <\/h1>\n                \t\t\t<\/div>\n\t\t<\/div>\n\t<\/div>\n<\/div>\n\n\n<div class=\"bio__block m-spacer\">\n\t<div class=\"container\">\n\t\t<div class=\"row\">\n\t\t\t<div class=\"col-md-5 position-relative\">\n\t\t\t\t\t\t\t\t<img loading=\"lazy\" decoding=\"async\" width=\"445\" height=\"445\" src=\"https:\/\/www.dallassymphony.org\/wp-content\/uploads\/2020\/11\/Filip-Fenrych-445x445.jpg\" class=\"d-md-block img-fluid w-100 wp-post-image\" alt=\"Filip Fenrych_Viol\u00edn I_Sinfon\u00eda de Dallas\" srcset=\"https:\/\/www.dallassymphony.org\/wp-content\/uploads\/2020\/11\/Filip-Fenrych-445x445.jpg 445w, https:\/\/www.dallassymphony.org\/wp-content\/uploads\/2020\/11\/Filip-Fenrych-300x300.jpg 300w, https:\/\/www.dallassymphony.org\/wp-content\/uploads\/2020\/11\/Filip-Fenrych-1024x1024.jpg 1024w, https:\/\/www.dallassymphony.org\/wp-content\/uploads\/2020\/11\/Filip-Fenrych-150x150.jpg 150w, https:\/\/www.dallassymphony.org\/wp-content\/uploads\/2020\/11\/Filip-Fenrych-768x768.jpg 768w, https:\/\/www.dallassymphony.org\/wp-content\/uploads\/2020\/11\/Filip-Fenrych-12x12.jpg 12w, https:\/\/www.dallassymphony.org\/wp-content\/uploads\/2020\/11\/Filip-Fenrych-262x262.jpg 262w, https:\/\/www.dallassymphony.org\/wp-content\/uploads\/2020\/11\/Filip-Fenrych-350x350.jpg 350w, https:\/\/www.dallassymphony.org\/wp-content\/uploads\/2020\/11\/Filip-Fenrych.jpg 1200w\" sizes=\"auto, (max-width: 445px) 100vw, 445px\" \/>\t\t\t<\/div>\n\t\t\t<div class=\"col-md-7\">\n\t\t\t\t<div class=\"bio__content-wrapper\">\n\t\t\t\t\t<h1>Filip Fenrych<\/h1>\n\n                    <div class=\"bio__meta\">\n\t\t\t\t\t<p>Viol\u00edn<\/p>\n<p>W. Paul Radman, DDS &amp; Jane Vandecar Presidente<\/p>\n                    <\/div>\n\n\t\t\t\t\t<p>Nacido en Polonia, el violinista Filip Fenrych se incorpor\u00f3 a la Sinf\u00f3nica de Dallas en 2008. Antes de incorporarse a la DSO, fue asistente de concertino en la Sinf\u00f3nica de San Antonio. Su debut como concertista a los 14 a\u00f1os tuvo lugar en Alemania y desde entonces ha actuado por todo el mundo. El Sr. Fenrych se licenci\u00f3 en el Conservatorio de Oberlin, la Universidad del Norte de Texas y el Instituto de M\u00fasica de Cleveland. Sus principales profesores fueron Julia Bushkova, Almita y Roland Vamos, y William Preucil. Adem\u00e1s de recibir becas completas, apoy\u00f3 su formaci\u00f3n ganando numerosos concursos, como el Virtu Foundation Award, las medallas de oro de Entergy y los Crescendo Music Awards. \u00c1vido m\u00fasico de c\u00e1mara y fundador del Tr\u00edo Klimt, el Sr. Fenrych gan\u00f3 el Gran Premio en el Concurso Coleman y una medalla de plata en el Concurso de M\u00fasica de C\u00e1mara Fischoff. Particip\u00f3 en prestigiosos festivales de m\u00fasica como el de Taos, la Academia de M\u00fasica del Oeste y el Festival de Verbier. Ha grabado para CBS Radio en Canad\u00e1 y Voice of America, Polish Art Division. Su aparici\u00f3n m\u00e1s reciente como concertista fue con la Orquesta Sinf\u00f3nica de Tulsa. Adem\u00e1s de la DSO, el Sr. Fenrych es actualmente miembro de la Orquesta de C\u00e1mara de Verbier, en Suiza.<\/p>\n                    \t\t\t\t\t<a href=\"https:\/\/www.dallassymphony.org\/es\/people\/filip-fenrych\/\" class=\"a-hover\">Leer m\u00e1s<\/a>\n                                        <div class=\"share d-flex align-items-center\">\n                        \n                                            <\/div>\n\t\t\t\t<\/div>\n\t\t\t<\/div>\n\t\t<\/div>\n\t<\/div>\n<\/div>","protected":false},"excerpt":{"rendered":"<p>Nacido en Polonia, el violinista Filip Fenrych se uni\u00f3 a la Sinf\u00f3nica de Dallas en 2008. Antes de unirse a la DSO, sirvi\u00f3 como Concertino Asistente en la Sinf\u00f3nica de San Antonio.<\/p>","protected":false},"featured_media":1515,"template":"","dso_musician_instrument":[15,16],"dso_person_role":[17],"class_list":["post-1298","dso_person","type-dso_person","status-publish","has-post-thumbnail","hentry","dso_musician_instrument-strings","dso_musician_instrument-violin-i","dso_person_role-musician"],"acf":[],"_links":{"self":[{"href":"https:\/\/www.dallassymphony.org\/es\/wp-json\/wp\/v2\/dso_person\/1298","targetHints":{"allow":["GET"]}}],"collection":[{"href":"https:\/\/www.dallassymphony.org\/es\/wp-json\/wp\/v2\/dso_person"}],"about":[{"href":"https:\/\/www.dallassymphony.org\/es\/wp-json\/wp\/v2\/types\/dso_person"}],"version-history":[{"count":0,"href":"https:\/\/www.dallassymphony.org\/es\/wp-json\/wp\/v2\/dso_person\/1298\/revisions"}],"wp:featuredmedia":[{"embeddable":true,"href":"https:\/\/www.dallassymphony.org\/es\/wp-json\/wp\/v2\/media\/1515"}],"wp:attachment":[{"href":"https:\/\/www.dallassymphony.org\/es\/wp-json\/wp\/v2\/media?parent=1298"}],"wp:term":[{"taxonomy":"dso_musician_instrument","embeddable":true,"href":"https:\/\/www.dallassymphony.org\/es\/wp-json\/wp\/v2\/dso_musician_instrument?post=1298"},{"taxonomy":"dso_person_role","embeddable":true,"href":"https:\/\/www.dallassymphony.org\/es\/wp-json\/wp\/v2\/dso_person_role?post=1298"}],"curies":[{"name":"wp","href":"https:\/\/api.w.org\/{rel}","templated":true}]}}

<div class="hero__no-img bg-blue-8">
	<div class="container">
		<div class="row">
			<div class="col-md-10">

				<ul class="breadcrumbs">
    	<li class="breadcrumb__link">
		<a class="a-hover" href="https://www.dallassymphony.org/es/">Inicio</a>
	</li>
    	<li class="breadcrumb__link a-styles">
		<a class="a-hover" href="https://www.dallassymphony.org/es/about-the-dso/">Sobre el DSO</a>
	</li>
    	<li class="breadcrumb__link a-styles">
		<a class="a-hover" href="https://www.dallassymphony.org/es/about-the-dso/people/">Gente</a>
	</li>
    </ul>

                				<h1>
                    <span >Filip Fenrych</span>
                </h1>
                			</div>
		</div>
	</div>
</div>


<div class="bio__block m-spacer">
	<div class="container">
		<div class="row">
			<div class="col-md-5 position-relative">
								<img loading="lazy" decoding="async" width="445" height="445" src="https://www.dallassymphony.org/wp-content/uploads/2020/11/Filip-Fenrych-445x445.jpg" class="d-md-block img-fluid w-100 wp-post-image" alt="Filip Fenrych_Violín I_Sinfonía de Dallas" srcset="https://www.dallassymphony.org/wp-content/uploads/2020/11/Filip-Fenrych-445x445.jpg 445w, https://www.dallassymphony.org/wp-content/uploads/2020/11/Filip-Fenrych-300x300.jpg 300w, https://www.dallassymphony.org/wp-content/uploads/2020/11/Filip-Fenrych-1024x1024.jpg 1024w, https://www.dallassymphony.org/wp-content/uploads/2020/11/Filip-Fenrych-150x150.jpg 150w, https://www.dallassymphony.org/wp-content/uploads/2020/11/Filip-Fenrych-768x768.jpg 768w, https://www.dallassymphony.org/wp-content/uploads/2020/11/Filip-Fenrych-12x12.jpg 12w, https://www.dallassymphony.org/wp-content/uploads/2020/11/Filip-Fenrych-262x262.jpg 262w, https://www.dallassymphony.org/wp-content/uploads/2020/11/Filip-Fenrych-350x350.jpg 350w, https://www.dallassymphony.org/wp-content/uploads/2020/11/Filip-Fenrych.jpg 1200w" sizes="auto, (max-width: 445px) 100vw, 445px" />			</div>
			<div class="col-md-7">
				<div class="bio__content-wrapper">
					<h1>Filip Fenrych</h1>

                    <div class="bio__meta">
					<p>Violín</p>
<p>W. Paul Radman, DDS &amp; Jane Vandecar Presidente</p>
                    </div>

					<p>Nacido en Polonia, el violinista Filip Fenrych se incorporó a la Sinfónica de Dallas en 2008. Antes de incorporarse a la DSO, fue asistente de concertino en la Sinfónica de San Antonio. Su debut como concertista a los 14 años tuvo lugar en Alemania y desde entonces ha actuado por todo el mundo. El Sr. Fenrych se licenció en el Conservatorio de Oberlin, la Universidad del Norte de Texas y el Instituto de Música de Cleveland. Sus principales profesores fueron Julia Bushkova, Almita y Roland Vamos, y William Preucil. Además de recibir becas completas, apoyó su formación ganando numerosos concursos, como el Virtu Foundation Award, las medallas de oro de Entergy y los Crescendo Music Awards. Ávido músico de cámara y fundador del Trío Klimt, el Sr. Fenrych ganó el Gran Premio en el Concurso Coleman y una medalla de plata en el Concurso de Música de Cámara Fischoff. Participó en prestigiosos festivales de música como el de Taos, la Academia de Música del Oeste y el Festival de Verbier. Ha grabado para CBS Radio en Canadá y Voice of America, Polish Art Division. Su aparición más reciente como concertista fue con la Orquesta Sinfónica de Tulsa. Además de la DSO, el Sr. Fenrych es actualmente miembro de la Orquesta de Cámara de Verbier, en Suiza.</p>
                    					<a href="https://www.dallassymphony.org/es/people/filip-fenrych/" class="a-hover">Leer más</a>
                                        <div class="share d-flex align-items-center">
                        
                                            </div>
				</div>
			</div>
		</div>
	</div>
</div>

<p>Nacido en Polonia, el violinista Filip Fenrych se unió a la Sinfónica de Dallas en 2008. Antes de unirse a la DSO, sirvió como Concertino Asistente en la Sinfónica de San Antonio.</p>
