{"id":11168,"date":"2023-03-21T11:14:27","date_gmt":"2023-03-21T16:14:27","guid":{"rendered":"https:\/\/www.dallassymphony.org\/?post_type=dso_person&#038;p=11168"},"modified":"2024-08-16T10:32:36","modified_gmt":"2024-08-16T15:32:36","slug":"emma-jensen","status":"publish","type":"dso_person","link":"https:\/\/www.dallassymphony.org\/es\/people\/emma-jensen\/","title":{"rendered":"Emma Jensen"},"content":{"rendered":"<div class=\"hero__no-img bg-blue-8\">\n\t<div class=\"container\">\n\t\t<div class=\"row\">\n\t\t\t<div class=\"col-md-10\">\n\n\t\t\t\t<ul class=\"breadcrumbs\">\n    \t<li class=\"breadcrumb__link\">\n\t\t<a class=\"a-hover\" href=\"https:\/\/www.dallassymphony.org\/es\/\">Inicio<\/a>\n\t<\/li>\n    \t<li class=\"breadcrumb__link a-styles\">\n\t\t<a class=\"a-hover\" href=\"https:\/\/www.dallassymphony.org\/es\/about-the-dso\/\">Sobre el DSO<\/a>\n\t<\/li>\n    \t<li class=\"breadcrumb__link a-styles\">\n\t\t<a class=\"a-hover\" href=\"https:\/\/www.dallassymphony.org\/es\/about-the-dso\/people\/\">Gente<\/a>\n\t<\/li>\n    <\/ul>\n\n                \t\t\t\t<h1>\n                    <span >Emma Jensen<\/span>\n                <\/h1>\n                \t\t\t<\/div>\n\t\t<\/div>\n\t<\/div>\n<\/div>\n\n\n<div class=\"bio__block m-spacer\">\n\t<div class=\"container\">\n\t\t<div class=\"row\">\n\t\t\t<div class=\"col-md-5 position-relative\">\n\t\t\t\t\t\t\t\t<img loading=\"lazy\" decoding=\"async\" width=\"445\" height=\"445\" src=\"https:\/\/www.dallassymphony.org\/wp-content\/uploads\/2023\/03\/Emma-Jensen-445x445.png\" class=\"d-md-block img-fluid w-100 wp-post-image\" alt=\"\" srcset=\"https:\/\/www.dallassymphony.org\/wp-content\/uploads\/2023\/03\/Emma-Jensen-445x445.png 445w, https:\/\/www.dallassymphony.org\/wp-content\/uploads\/2023\/03\/Emma-Jensen-300x300.png 300w, https:\/\/www.dallassymphony.org\/wp-content\/uploads\/2023\/03\/Emma-Jensen-150x150.png 150w, https:\/\/www.dallassymphony.org\/wp-content\/uploads\/2023\/03\/Emma-Jensen-768x768.png 768w, https:\/\/www.dallassymphony.org\/wp-content\/uploads\/2023\/03\/Emma-Jensen-12x12.png 12w, https:\/\/www.dallassymphony.org\/wp-content\/uploads\/2023\/03\/Emma-Jensen-262x262.png 262w, https:\/\/www.dallassymphony.org\/wp-content\/uploads\/2023\/03\/Emma-Jensen-350x350.png 350w, https:\/\/www.dallassymphony.org\/wp-content\/uploads\/2023\/03\/Emma-Jensen.png 1024w\" sizes=\"auto, (max-width: 445px) 100vw, 445px\" \/>\t\t\t<\/div>\n\t\t\t<div class=\"col-md-7\">\n\t\t\t\t<div class=\"bio__content-wrapper\">\n\t\t\t\t\t<h1>Emma Jensen<\/h1>\n\n                    <div class=\"bio__meta\">\n\t\t\t\t\t<p>DSCC: Director de Operaciones<\/p>\n                    <\/div>\n\n\t\t\t\t\t<p>A Emma Jensen le encanta trabajar como administradora art\u00edstica, actualmente como Directora de Operaciones del Coro Infantil de la Sinf\u00f3nica de Dallas. Se licenci\u00f3 en Interpretaci\u00f3n de Trompa en el Lawrence Conservatory of Music de Appleton (Wisconsin) y curs\u00f3 estudios de posgrado en la Southern Methodist University. Emma ha trabajado en el \u00e1mbito educativo como profesora particular de trompa y ha colaborado en adaptaciones acad\u00e9micas en colegios. Sus aficiones incluyen viajar y pasar tiempo con la familia y los amigos.<\/p>\n                    \t\t\t\t\t<a href=\"https:\/\/www.dallassymphony.org\/es\/people\/emma-jensen\/\" class=\"a-hover\">Leer m\u00e1s<\/a>\n                                        <div class=\"share d-flex align-items-center\">\n                        \n                                            <\/div>\n\t\t\t\t<\/div>\n\t\t\t<\/div>\n\t\t<\/div>\n\t<\/div>\n<\/div>","protected":false},"excerpt":{"rendered":"<p>A Emma Jensen le encanta trabajar como administradora art\u00edstica, actualmente como Directora de Operaciones del Coro Infantil de la Sinf\u00f3nica de Dallas. Se licenci\u00f3 en Interpretaci\u00f3n de Trompa en el Lawrence Conservatory of Music de Appleton (Wisconsin) y curs\u00f3 estudios de posgrado en la Southern Methodist University.<\/p>","protected":false},"featured_media":14591,"template":"","dso_musician_instrument":[],"dso_person_role":[58],"class_list":["post-11168","dso_person","type-dso_person","status-publish","has-post-thumbnail","hentry","dso_person_role-leadership"],"acf":[],"_links":{"self":[{"href":"https:\/\/www.dallassymphony.org\/es\/wp-json\/wp\/v2\/dso_person\/11168","targetHints":{"allow":["GET"]}}],"collection":[{"href":"https:\/\/www.dallassymphony.org\/es\/wp-json\/wp\/v2\/dso_person"}],"about":[{"href":"https:\/\/www.dallassymphony.org\/es\/wp-json\/wp\/v2\/types\/dso_person"}],"version-history":[{"count":0,"href":"https:\/\/www.dallassymphony.org\/es\/wp-json\/wp\/v2\/dso_person\/11168\/revisions"}],"wp:featuredmedia":[{"embeddable":true,"href":"https:\/\/www.dallassymphony.org\/es\/wp-json\/wp\/v2\/media\/14591"}],"wp:attachment":[{"href":"https:\/\/www.dallassymphony.org\/es\/wp-json\/wp\/v2\/media?parent=11168"}],"wp:term":[{"taxonomy":"dso_musician_instrument","embeddable":true,"href":"https:\/\/www.dallassymphony.org\/es\/wp-json\/wp\/v2\/dso_musician_instrument?post=11168"},{"taxonomy":"dso_person_role","embeddable":true,"href":"https:\/\/www.dallassymphony.org\/es\/wp-json\/wp\/v2\/dso_person_role?post=11168"}],"curies":[{"name":"wp","href":"https:\/\/api.w.org\/{rel}","templated":true}]}}

<div class="hero__no-img bg-blue-8">
	<div class="container">
		<div class="row">
			<div class="col-md-10">

				<ul class="breadcrumbs">
    	<li class="breadcrumb__link">
		<a class="a-hover" href="https://www.dallassymphony.org/es/">Inicio</a>
	</li>
    	<li class="breadcrumb__link a-styles">
		<a class="a-hover" href="https://www.dallassymphony.org/es/about-the-dso/">Sobre el DSO</a>
	</li>
    	<li class="breadcrumb__link a-styles">
		<a class="a-hover" href="https://www.dallassymphony.org/es/about-the-dso/people/">Gente</a>
	</li>
    </ul>

                				<h1>
                    <span >Emma Jensen</span>
                </h1>
                			</div>
		</div>
	</div>
</div>


<div class="bio__block m-spacer">
	<div class="container">
		<div class="row">
			<div class="col-md-5 position-relative">
								<img loading="lazy" decoding="async" width="445" height="445" src="https://www.dallassymphony.org/wp-content/uploads/2023/03/Emma-Jensen-445x445.png" class="d-md-block img-fluid w-100 wp-post-image" alt="" srcset="https://www.dallassymphony.org/wp-content/uploads/2023/03/Emma-Jensen-445x445.png 445w, https://www.dallassymphony.org/wp-content/uploads/2023/03/Emma-Jensen-300x300.png 300w, https://www.dallassymphony.org/wp-content/uploads/2023/03/Emma-Jensen-150x150.png 150w, https://www.dallassymphony.org/wp-content/uploads/2023/03/Emma-Jensen-768x768.png 768w, https://www.dallassymphony.org/wp-content/uploads/2023/03/Emma-Jensen-12x12.png 12w, https://www.dallassymphony.org/wp-content/uploads/2023/03/Emma-Jensen-262x262.png 262w, https://www.dallassymphony.org/wp-content/uploads/2023/03/Emma-Jensen-350x350.png 350w, https://www.dallassymphony.org/wp-content/uploads/2023/03/Emma-Jensen.png 1024w" sizes="auto, (max-width: 445px) 100vw, 445px" />			</div>
			<div class="col-md-7">
				<div class="bio__content-wrapper">
					<h1>Emma Jensen</h1>

                    <div class="bio__meta">
					<p>DSCC: Director de Operaciones</p>
                    </div>

					<p>A Emma Jensen le encanta trabajar como administradora artística, actualmente como Directora de Operaciones del Coro Infantil de la Sinfónica de Dallas. Se licenció en Interpretación de Trompa en el Lawrence Conservatory of Music de Appleton (Wisconsin) y cursó estudios de posgrado en la Southern Methodist University. Emma ha trabajado en el ámbito educativo como profesora particular de trompa y ha colaborado en adaptaciones académicas en colegios. Sus aficiones incluyen viajar y pasar tiempo con la familia y los amigos.</p>
                    					<a href="https://www.dallassymphony.org/es/people/emma-jensen/" class="a-hover">Leer más</a>
                                        <div class="share d-flex align-items-center">
                        
                                            </div>
				</div>
			</div>
		</div>
	</div>
</div>

<p>A Emma Jensen le encanta trabajar como administradora artística, actualmente como Directora de Operaciones del Coro Infantil de la Sinfónica de Dallas. Se licenció en Interpretación de Trompa en el Lawrence Conservatory of Music de Appleton (Wisconsin) y cursó estudios de posgrado en la Southern Methodist University.</p>
