{"id":11072,"date":"2023-03-09T11:18:55","date_gmt":"2023-03-09T17:18:55","guid":{"rendered":"https:\/\/www.dallassymphony.org\/?post_type=dso_person&#038;p=11072"},"modified":"2023-03-09T11:19:07","modified_gmt":"2023-03-09T17:19:07","slug":"matthew-pearce","status":"publish","type":"dso_person","link":"https:\/\/www.dallassymphony.org\/es\/people\/matthew-pearce\/","title":{"rendered":"Matthew Pearce"},"content":{"rendered":"<div class=\"hero__no-img bg-blue-8\">\n\t<div class=\"container\">\n\t\t<div class=\"row\">\n\t\t\t<div class=\"col-md-10\">\n\n\t\t\t\t<ul class=\"breadcrumbs\">\n    \t<li class=\"breadcrumb__link\">\n\t\t<a class=\"a-hover\" href=\"https:\/\/www.dallassymphony.org\/es\/\">Inicio<\/a>\n\t<\/li>\n    \t<li class=\"breadcrumb__link a-styles\">\n\t\t<a class=\"a-hover\" href=\"https:\/\/www.dallassymphony.org\/es\/about-the-dso\/\">Sobre el DSO<\/a>\n\t<\/li>\n    \t<li class=\"breadcrumb__link a-styles\">\n\t\t<a class=\"a-hover\" href=\"https:\/\/www.dallassymphony.org\/es\/about-the-dso\/people\/\">Gente<\/a>\n\t<\/li>\n    <\/ul>\n\n                \t\t\t\t<h1>\n                    <span >Matthew Pearce<\/span>\n                <\/h1>\n                \t\t\t<\/div>\n\t\t<\/div>\n\t<\/div>\n<\/div>\n\n\n<div class=\"bio__block m-spacer\">\n\t<div class=\"container\">\n\t\t<div class=\"row\">\n\t\t\t<div class=\"col-md-5 position-relative\">\n\t\t\t\t\t\t\t\t<img loading=\"lazy\" decoding=\"async\" width=\"445\" height=\"445\" src=\"https:\/\/www.dallassymphony.org\/wp-content\/uploads\/2023\/03\/Matthew-Pearce-Tenor-445x445.jpg\" class=\"d-md-block img-fluid w-100 wp-post-image\" alt=\"\" srcset=\"https:\/\/www.dallassymphony.org\/wp-content\/uploads\/2023\/03\/Matthew-Pearce-Tenor-445x445.jpg 445w, https:\/\/www.dallassymphony.org\/wp-content\/uploads\/2023\/03\/Matthew-Pearce-Tenor-300x300.jpg 300w, https:\/\/www.dallassymphony.org\/wp-content\/uploads\/2023\/03\/Matthew-Pearce-Tenor-1024x1024.jpg 1024w, https:\/\/www.dallassymphony.org\/wp-content\/uploads\/2023\/03\/Matthew-Pearce-Tenor-150x150.jpg 150w, https:\/\/www.dallassymphony.org\/wp-content\/uploads\/2023\/03\/Matthew-Pearce-Tenor-768x768.jpg 768w, https:\/\/www.dallassymphony.org\/wp-content\/uploads\/2023\/03\/Matthew-Pearce-Tenor-12x12.jpg 12w, https:\/\/www.dallassymphony.org\/wp-content\/uploads\/2023\/03\/Matthew-Pearce-Tenor-262x262.jpg 262w, https:\/\/www.dallassymphony.org\/wp-content\/uploads\/2023\/03\/Matthew-Pearce-Tenor-350x350.jpg 350w, https:\/\/www.dallassymphony.org\/wp-content\/uploads\/2023\/03\/Matthew-Pearce-Tenor.jpg 1200w\" sizes=\"auto, (max-width: 445px) 100vw, 445px\" \/>\t\t\t<\/div>\n\t\t\t<div class=\"col-md-7\">\n\t\t\t\t<div class=\"bio__content-wrapper\">\n\t\t\t\t\t<h1>Matthew Pearce<\/h1>\n\n                    <div class=\"bio__meta\">\n\t\t\t\t\t<p>Tenor<\/p>\n                    <\/div>\n\n\t\t\t\t\t<p>Elogiado por su \"Confianza\", \"Brillo\" y \"Alto nivel de control\" (Opera Wire), Pearce es un reci\u00e9n graduado del Cafritz Young Artist de la \u00d3pera Nacional de Washington que procede de la peque\u00f1a localidad de Union, Kentucky. En la temporada 22-23, el ascendente spinto har\u00e1 su debut profesional con Portland Opera como Don Jos\u00e9 en su producci\u00f3n de <em>Carmen<\/em>. Durante la temporada 21-22 como joven artista, Pearce interpret\u00f3 el papel de Don Jos\u00e9 en el debut de la compa\u00f1\u00eda en la producci\u00f3n de Francesca Zambello de <em>Carmen<\/em> dirigida por Evan Rogister en la \u00d3pera Nacional de Washington y particip\u00f3 en el Kennedy Center's Honors en un homenaje a Justino D\u00edaz. Durante la temporada 2019-20, el Sr. Pearce interpret\u00f3 el papel de Monostatos en la producci\u00f3n de Maurice Sendak de la obra de Mozart <em>Die Zauberfl\u00f6te<\/em> y Primer Filisteo en la obra de Saint-Sa\u00ebns<em> Sans\u00f3n y Dalila<\/em> dirigida por John Fiore en la \u00d3pera Nacional de Washington. El tenor l\u00edrico tambi\u00e9n cant\u00f3 la Guardia en el estreno mundial de la nueva \u00f3pera de David Lang <em>El prisionero del Estado <\/em>con la Filarm\u00f3nica de Nueva York bajo la batuta de Jaap van Zweden en el David Geffen Hall. Entre las actuaciones m\u00e1s destacadas de temporadas anteriores figuran <em>Poema en octubre\u00a0<\/em>(1970) con la Juilliard Orchestra y el conjunto AXIOM de Juilliard dirigido por Jeffrey Milarsky y un debut en el David Geffen Hall para el estreno en Nueva York del Oratorio de Pascua de Angela Rice. <em>H\u00e1gase tu voluntad<\/em> con la Coral Nacional. El Sr. Pearce pas\u00f3 dos veranos en la Chautauqua Institution, donde actu\u00f3 como Don Jos\u00e9 en la obra de Bizet <em>Carmen<\/em> y Tebaldo en Bellini<em> I Capuleti e I Montecchi<\/em>. El Sr. Pearce obtuvo su M\u00e1ster en M\u00fasica en la Juilliard School, donde estudi\u00f3 con la legendaria Marlena Malas, y una Licenciatura en M\u00fasica en la Universidad de Kentucky bajo la tutela del Dr. Everett McCorvey. Actualmente estudia con Laura Brooks Rice.<\/p>\n                    \t\t\t\t\t<a href=\"https:\/\/www.dallassymphony.org\/es\/people\/matthew-pearce\/\" class=\"a-hover\">Leer m\u00e1s<\/a>\n                                        <div class=\"share d-flex align-items-center\">\n                        \n                                            <\/div>\n\t\t\t\t<\/div>\n\t\t\t<\/div>\n\t\t<\/div>\n\t<\/div>\n<\/div>","protected":false},"excerpt":{"rendered":"<p>Elogiado por su \"Confianza\", \"Brillo\" y \"Alto nivel de control\" (Opera Wire), Pearce es un reci\u00e9n graduado del Cafritz Young Artist de la \u00d3pera Nacional de Washington que procede de la peque\u00f1a localidad de Union, Kentucky. En la temporada 22-23, el ascendente spinto har\u00e1 su debut profesional con Portland Opera como Don Jos\u00e9 en su producci\u00f3n de Carmen.<\/p>","protected":false},"featured_media":11074,"template":"","dso_musician_instrument":[],"dso_person_role":[29],"class_list":["post-11072","dso_person","type-dso_person","status-publish","has-post-thumbnail","hentry","dso_person_role-guest-artist"],"acf":[],"_links":{"self":[{"href":"https:\/\/www.dallassymphony.org\/es\/wp-json\/wp\/v2\/dso_person\/11072","targetHints":{"allow":["GET"]}}],"collection":[{"href":"https:\/\/www.dallassymphony.org\/es\/wp-json\/wp\/v2\/dso_person"}],"about":[{"href":"https:\/\/www.dallassymphony.org\/es\/wp-json\/wp\/v2\/types\/dso_person"}],"version-history":[{"count":0,"href":"https:\/\/www.dallassymphony.org\/es\/wp-json\/wp\/v2\/dso_person\/11072\/revisions"}],"wp:featuredmedia":[{"embeddable":true,"href":"https:\/\/www.dallassymphony.org\/es\/wp-json\/wp\/v2\/media\/11074"}],"wp:attachment":[{"href":"https:\/\/www.dallassymphony.org\/es\/wp-json\/wp\/v2\/media?parent=11072"}],"wp:term":[{"taxonomy":"dso_musician_instrument","embeddable":true,"href":"https:\/\/www.dallassymphony.org\/es\/wp-json\/wp\/v2\/dso_musician_instrument?post=11072"},{"taxonomy":"dso_person_role","embeddable":true,"href":"https:\/\/www.dallassymphony.org\/es\/wp-json\/wp\/v2\/dso_person_role?post=11072"}],"curies":[{"name":"wp","href":"https:\/\/api.w.org\/{rel}","templated":true}]}}

<div class="hero__no-img bg-blue-8">
	<div class="container">
		<div class="row">
			<div class="col-md-10">

				<ul class="breadcrumbs">
    	<li class="breadcrumb__link">
		<a class="a-hover" href="https://www.dallassymphony.org/es/">Inicio</a>
	</li>
    	<li class="breadcrumb__link a-styles">
		<a class="a-hover" href="https://www.dallassymphony.org/es/about-the-dso/">Sobre el DSO</a>
	</li>
    	<li class="breadcrumb__link a-styles">
		<a class="a-hover" href="https://www.dallassymphony.org/es/about-the-dso/people/">Gente</a>
	</li>
    </ul>

                				<h1>
                    <span >Matthew Pearce</span>
                </h1>
                			</div>
		</div>
	</div>
</div>


<div class="bio__block m-spacer">
	<div class="container">
		<div class="row">
			<div class="col-md-5 position-relative">
								<img loading="lazy" decoding="async" width="445" height="445" src="https://www.dallassymphony.org/wp-content/uploads/2023/03/Matthew-Pearce-Tenor-445x445.jpg" class="d-md-block img-fluid w-100 wp-post-image" alt="" srcset="https://www.dallassymphony.org/wp-content/uploads/2023/03/Matthew-Pearce-Tenor-445x445.jpg 445w, https://www.dallassymphony.org/wp-content/uploads/2023/03/Matthew-Pearce-Tenor-300x300.jpg 300w, https://www.dallassymphony.org/wp-content/uploads/2023/03/Matthew-Pearce-Tenor-1024x1024.jpg 1024w, https://www.dallassymphony.org/wp-content/uploads/2023/03/Matthew-Pearce-Tenor-150x150.jpg 150w, https://www.dallassymphony.org/wp-content/uploads/2023/03/Matthew-Pearce-Tenor-768x768.jpg 768w, https://www.dallassymphony.org/wp-content/uploads/2023/03/Matthew-Pearce-Tenor-12x12.jpg 12w, https://www.dallassymphony.org/wp-content/uploads/2023/03/Matthew-Pearce-Tenor-262x262.jpg 262w, https://www.dallassymphony.org/wp-content/uploads/2023/03/Matthew-Pearce-Tenor-350x350.jpg 350w, https://www.dallassymphony.org/wp-content/uploads/2023/03/Matthew-Pearce-Tenor.jpg 1200w" sizes="auto, (max-width: 445px) 100vw, 445px" />			</div>
			<div class="col-md-7">
				<div class="bio__content-wrapper">
					<h1>Matthew Pearce</h1>

                    <div class="bio__meta">
					<p>Tenor</p>
                    </div>

					<p>Elogiado por su "Confianza", "Brillo" y "Alto nivel de control" (Opera Wire), Pearce es un recién graduado del Cafritz Young Artist de la Ópera Nacional de Washington que procede de la pequeña localidad de Union, Kentucky. En la temporada 22-23, el ascendente spinto hará su debut profesional con Portland Opera como Don José en su producción de <em>Carmen</em>. Durante la temporada 21-22 como joven artista, Pearce interpretó el papel de Don José en el debut de la compañía en la producción de Francesca Zambello de <em>Carmen</em> dirigida por Evan Rogister en la Ópera Nacional de Washington y participó en el Kennedy Center's Honors en un homenaje a Justino Díaz. Durante la temporada 2019-20, el Sr. Pearce interpretó el papel de Monostatos en la producción de Maurice Sendak de la obra de Mozart <em>Die Zauberflöte</em> y Primer Filisteo en la obra de Saint-Saëns<em> Sansón y Dalila</em> dirigida por John Fiore en la Ópera Nacional de Washington. El tenor lírico también cantó la Guardia en el estreno mundial de la nueva ópera de David Lang <em>El prisionero del Estado </em>con la Filarmónica de Nueva York bajo la batuta de Jaap van Zweden en el David Geffen Hall. Entre las actuaciones más destacadas de temporadas anteriores figuran <em>Poema en octubre </em>(1970) con la Juilliard Orchestra y el conjunto AXIOM de Juilliard dirigido por Jeffrey Milarsky y un debut en el David Geffen Hall para el estreno en Nueva York del Oratorio de Pascua de Angela Rice. <em>Hágase tu voluntad</em> con la Coral Nacional. El Sr. Pearce pasó dos veranos en la Chautauqua Institution, donde actuó como Don José en la obra de Bizet <em>Carmen</em> y Tebaldo en Bellini<em> I Capuleti e I Montecchi</em>. El Sr. Pearce obtuvo su Máster en Música en la Juilliard School, donde estudió con la legendaria Marlena Malas, y una Licenciatura en Música en la Universidad de Kentucky bajo la tutela del Dr. Everett McCorvey. Actualmente estudia con Laura Brooks Rice.</p>
                    					<a href="https://www.dallassymphony.org/es/people/matthew-pearce/" class="a-hover">Leer más</a>
                                        <div class="share d-flex align-items-center">
                        
                                            </div>
				</div>
			</div>
		</div>
	</div>
</div>

<p>Elogiado por su "Confianza", "Brillo" y "Alto nivel de control" (Opera Wire), Pearce es un recién graduado del Cafritz Young Artist de la Ópera Nacional de Washington que procede de la pequeña localidad de Union, Kentucky. En la temporada 22-23, el ascendente spinto hará su debut profesional con Portland Opera como Don José en su producción de Carmen.</p>
