{"id":11065,"date":"2023-03-09T11:03:31","date_gmt":"2023-03-09T17:03:31","guid":{"rendered":"https:\/\/www.dallassymphony.org\/?post_type=dso_person&#038;p=11065"},"modified":"2023-03-09T11:03:38","modified_gmt":"2023-03-09T17:03:38","slug":"franz-josef-selig","status":"publish","type":"dso_person","link":"https:\/\/www.dallassymphony.org\/es\/people\/franz-josef-selig\/","title":{"rendered":"Franz-Josef Selig"},"content":{"rendered":"<div class=\"hero__no-img bg-blue-8\">\n\t<div class=\"container\">\n\t\t<div class=\"row\">\n\t\t\t<div class=\"col-md-10\">\n\n\t\t\t\t<ul class=\"breadcrumbs\">\n    \t<li class=\"breadcrumb__link\">\n\t\t<a class=\"a-hover\" href=\"https:\/\/www.dallassymphony.org\/es\/\">Inicio<\/a>\n\t<\/li>\n    \t<li class=\"breadcrumb__link a-styles\">\n\t\t<a class=\"a-hover\" href=\"https:\/\/www.dallassymphony.org\/es\/about-the-dso\/\">Sobre el DSO<\/a>\n\t<\/li>\n    \t<li class=\"breadcrumb__link a-styles\">\n\t\t<a class=\"a-hover\" href=\"https:\/\/www.dallassymphony.org\/es\/about-the-dso\/people\/\">Gente<\/a>\n\t<\/li>\n    <\/ul>\n\n                \t\t\t\t<h1>\n                    <span >Franz-Josef Selig<\/span>\n                <\/h1>\n                \t\t\t<\/div>\n\t\t<\/div>\n\t<\/div>\n<\/div>\n\n\n<div class=\"bio__block m-spacer\">\n\t<div class=\"container\">\n\t\t<div class=\"row\">\n\t\t\t<div class=\"col-md-5 position-relative\">\n\t\t\t\t\t\t\t\t<img loading=\"lazy\" decoding=\"async\" width=\"445\" height=\"445\" src=\"https:\/\/www.dallassymphony.org\/wp-content\/uploads\/2023\/03\/Franz-Josef-Selig-Portrait-1-445x445.jpg\" class=\"d-md-block img-fluid w-100 wp-post-image\" alt=\"\" srcset=\"https:\/\/www.dallassymphony.org\/wp-content\/uploads\/2023\/03\/Franz-Josef-Selig-Portrait-1-445x445.jpg 445w, https:\/\/www.dallassymphony.org\/wp-content\/uploads\/2023\/03\/Franz-Josef-Selig-Portrait-1-300x300.jpg 300w, https:\/\/www.dallassymphony.org\/wp-content\/uploads\/2023\/03\/Franz-Josef-Selig-Portrait-1-1024x1024.jpg 1024w, https:\/\/www.dallassymphony.org\/wp-content\/uploads\/2023\/03\/Franz-Josef-Selig-Portrait-1-150x150.jpg 150w, https:\/\/www.dallassymphony.org\/wp-content\/uploads\/2023\/03\/Franz-Josef-Selig-Portrait-1-768x768.jpg 768w, https:\/\/www.dallassymphony.org\/wp-content\/uploads\/2023\/03\/Franz-Josef-Selig-Portrait-1-12x12.jpg 12w, https:\/\/www.dallassymphony.org\/wp-content\/uploads\/2023\/03\/Franz-Josef-Selig-Portrait-1-262x262.jpg 262w, https:\/\/www.dallassymphony.org\/wp-content\/uploads\/2023\/03\/Franz-Josef-Selig-Portrait-1-350x350.jpg 350w, https:\/\/www.dallassymphony.org\/wp-content\/uploads\/2023\/03\/Franz-Josef-Selig-Portrait-1.jpg 1200w\" sizes=\"auto, (max-width: 445px) 100vw, 445px\" \/>\t\t\t<\/div>\n\t\t\t<div class=\"col-md-7\">\n\t\t\t\t<div class=\"bio__content-wrapper\">\n\t\t\t\t\t<h1>Franz-Josef Selig<\/h1>\n\n                    <div class=\"bio__meta\">\n\t\t\t\t\t<p>Bass<\/p>\n                    <\/div>\n\n\t\t\t\t\t<p>Franz-Josef Selig se ha consolidado en la escena internacional como uno de los bajos bar\u00edtonos serios m\u00e1s conocidos. Act\u00faa regularmente como Gurnemanz, Rey Marke, Sarastro, Rocco, Osmin, Daland, Fiesco y Fasolt en los principales teatros de \u00f3pera del mundo (como la \u00d3pera Estatal de Viena, la \u00d3pera Estatal de Baviera, el Teatro alla Scala de Mil\u00e1n, el Teatro Real de Madrid, los teatros de \u00f3pera parisinos o el Metropolitan Opera de Nueva York) y en prestigiosos festivales como los de Bayreuth y Salzburgo y el Festival d'Aix-en-Provence. Tanto las producciones de \u00f3pera como los conciertos le re\u00fanen frecuentemente con orquestas y directores de renombre, como Christian Thielemann, Sir Simon Rattle, Marek Janowski, Semyon Bychkov, Riccardo Muti, Yannick Nez\u00e9t-S\u00e9guin, Antonio Pappano, Phillipe Jordan, Zubin Mehta y muchos otros.<\/p>\n                    \t\t\t\t\t<a href=\"https:\/\/www.dallassymphony.org\/es\/people\/franz-josef-selig\/\" class=\"a-hover\">Leer m\u00e1s<\/a>\n                                        <div class=\"share d-flex align-items-center\">\n                        \n                                            <\/div>\n\t\t\t\t<\/div>\n\t\t\t<\/div>\n\t\t<\/div>\n\t<\/div>\n<\/div>","protected":false},"excerpt":{"rendered":"<p>Franz-Josef Selig se ha consolidado en la escena internacional como uno de los bajos bar\u00edtonos serios m\u00e1s conocidos. Act\u00faa regularmente como Gurnemanz, Rey Marke, Sarastro, Rocco, Osmin, Daland, Fiesco y Fasolt en los principales teatros de \u00f3pera del mundo (como la \u00d3pera Estatal de Viena, la \u00d3pera Estatal de Baviera, el Teatro alla Scala de Mil\u00e1n, el Teatro Real de Madrid, los teatros de \u00f3pera parisinos o el Metropolitan Opera de Nueva York) y en prestigiosos festivales como los de Bayreuth y Salzburgo y el Festival d'Aix-en-Provence. Tanto las producciones de \u00f3pera como los conciertos le re\u00fanen frecuentemente con orquestas y directores de renombre, como Christian Thielemann, Sir Simon Rattle, Marek Janowski, Semyon Bychkov, Riccardo Muti, Yannick Nez\u00e9t-S\u00e9guin, Antonio Pappano, Phillipe Jordan, Zubin Mehta y muchos otros.<\/p>","protected":false},"featured_media":11066,"template":"","dso_musician_instrument":[],"dso_person_role":[29],"class_list":["post-11065","dso_person","type-dso_person","status-publish","has-post-thumbnail","hentry","dso_person_role-guest-artist"],"acf":[],"_links":{"self":[{"href":"https:\/\/www.dallassymphony.org\/es\/wp-json\/wp\/v2\/dso_person\/11065","targetHints":{"allow":["GET"]}}],"collection":[{"href":"https:\/\/www.dallassymphony.org\/es\/wp-json\/wp\/v2\/dso_person"}],"about":[{"href":"https:\/\/www.dallassymphony.org\/es\/wp-json\/wp\/v2\/types\/dso_person"}],"version-history":[{"count":0,"href":"https:\/\/www.dallassymphony.org\/es\/wp-json\/wp\/v2\/dso_person\/11065\/revisions"}],"wp:featuredmedia":[{"embeddable":true,"href":"https:\/\/www.dallassymphony.org\/es\/wp-json\/wp\/v2\/media\/11066"}],"wp:attachment":[{"href":"https:\/\/www.dallassymphony.org\/es\/wp-json\/wp\/v2\/media?parent=11065"}],"wp:term":[{"taxonomy":"dso_musician_instrument","embeddable":true,"href":"https:\/\/www.dallassymphony.org\/es\/wp-json\/wp\/v2\/dso_musician_instrument?post=11065"},{"taxonomy":"dso_person_role","embeddable":true,"href":"https:\/\/www.dallassymphony.org\/es\/wp-json\/wp\/v2\/dso_person_role?post=11065"}],"curies":[{"name":"wp","href":"https:\/\/api.w.org\/{rel}","templated":true}]}}

<div class="hero__no-img bg-blue-8">
	<div class="container">
		<div class="row">
			<div class="col-md-10">

				<ul class="breadcrumbs">
    	<li class="breadcrumb__link">
		<a class="a-hover" href="https://www.dallassymphony.org/es/">Inicio</a>
	</li>
    	<li class="breadcrumb__link a-styles">
		<a class="a-hover" href="https://www.dallassymphony.org/es/about-the-dso/">Sobre el DSO</a>
	</li>
    	<li class="breadcrumb__link a-styles">
		<a class="a-hover" href="https://www.dallassymphony.org/es/about-the-dso/people/">Gente</a>
	</li>
    </ul>

                				<h1>
                    <span >Franz-Josef Selig</span>
                </h1>
                			</div>
		</div>
	</div>
</div>


<div class="bio__block m-spacer">
	<div class="container">
		<div class="row">
			<div class="col-md-5 position-relative">
								<img loading="lazy" decoding="async" width="445" height="445" src="https://www.dallassymphony.org/wp-content/uploads/2023/03/Franz-Josef-Selig-Portrait-1-445x445.jpg" class="d-md-block img-fluid w-100 wp-post-image" alt="" srcset="https://www.dallassymphony.org/wp-content/uploads/2023/03/Franz-Josef-Selig-Portrait-1-445x445.jpg 445w, https://www.dallassymphony.org/wp-content/uploads/2023/03/Franz-Josef-Selig-Portrait-1-300x300.jpg 300w, https://www.dallassymphony.org/wp-content/uploads/2023/03/Franz-Josef-Selig-Portrait-1-1024x1024.jpg 1024w, https://www.dallassymphony.org/wp-content/uploads/2023/03/Franz-Josef-Selig-Portrait-1-150x150.jpg 150w, https://www.dallassymphony.org/wp-content/uploads/2023/03/Franz-Josef-Selig-Portrait-1-768x768.jpg 768w, https://www.dallassymphony.org/wp-content/uploads/2023/03/Franz-Josef-Selig-Portrait-1-12x12.jpg 12w, https://www.dallassymphony.org/wp-content/uploads/2023/03/Franz-Josef-Selig-Portrait-1-262x262.jpg 262w, https://www.dallassymphony.org/wp-content/uploads/2023/03/Franz-Josef-Selig-Portrait-1-350x350.jpg 350w, https://www.dallassymphony.org/wp-content/uploads/2023/03/Franz-Josef-Selig-Portrait-1.jpg 1200w" sizes="auto, (max-width: 445px) 100vw, 445px" />			</div>
			<div class="col-md-7">
				<div class="bio__content-wrapper">
					<h1>Franz-Josef Selig</h1>

                    <div class="bio__meta">
					<p>Bass</p>
                    </div>

					<p>Franz-Josef Selig se ha consolidado en la escena internacional como uno de los bajos barítonos serios más conocidos. Actúa regularmente como Gurnemanz, Rey Marke, Sarastro, Rocco, Osmin, Daland, Fiesco y Fasolt en los principales teatros de ópera del mundo (como la Ópera Estatal de Viena, la Ópera Estatal de Baviera, el Teatro alla Scala de Milán, el Teatro Real de Madrid, los teatros de ópera parisinos o el Metropolitan Opera de Nueva York) y en prestigiosos festivales como los de Bayreuth y Salzburgo y el Festival d'Aix-en-Provence. Tanto las producciones de ópera como los conciertos le reúnen frecuentemente con orquestas y directores de renombre, como Christian Thielemann, Sir Simon Rattle, Marek Janowski, Semyon Bychkov, Riccardo Muti, Yannick Nezét-Séguin, Antonio Pappano, Phillipe Jordan, Zubin Mehta y muchos otros.</p>
                    					<a href="https://www.dallassymphony.org/es/people/franz-josef-selig/" class="a-hover">Leer más</a>
                                        <div class="share d-flex align-items-center">
                        
                                            </div>
				</div>
			</div>
		</div>
	</div>
</div>

<p>Franz-Josef Selig se ha consolidado en la escena internacional como uno de los bajos barítonos serios más conocidos. Actúa regularmente como Gurnemanz, Rey Marke, Sarastro, Rocco, Osmin, Daland, Fiesco y Fasolt en los principales teatros de ópera del mundo (como la Ópera Estatal de Viena, la Ópera Estatal de Baviera, el Teatro alla Scala de Milán, el Teatro Real de Madrid, los teatros de ópera parisinos o el Metropolitan Opera de Nueva York) y en prestigiosos festivales como los de Bayreuth y Salzburgo y el Festival d'Aix-en-Provence. Tanto las producciones de ópera como los conciertos le reúnen frecuentemente con orquestas y directores de renombre, como Christian Thielemann, Sir Simon Rattle, Marek Janowski, Semyon Bychkov, Riccardo Muti, Yannick Nezét-Séguin, Antonio Pappano, Phillipe Jordan, Zubin Mehta y muchos otros.</p>
