{"id":11014,"date":"2023-03-08T14:06:52","date_gmt":"2023-03-08T20:06:52","guid":{"rendered":"https:\/\/www.dallassymphony.org\/?post_type=dso_person&#038;p=11014"},"modified":"2023-03-08T14:43:04","modified_gmt":"2023-03-08T20:43:04","slug":"inbal-segev","status":"publish","type":"dso_person","link":"https:\/\/www.dallassymphony.org\/es\/people\/inbal-segev\/","title":{"rendered":"Inbal Segev"},"content":{"rendered":"<div class=\"hero__no-img bg-blue-8\">\n\t<div class=\"container\">\n\t\t<div class=\"row\">\n\t\t\t<div class=\"col-md-10\">\n\n\t\t\t\t<ul class=\"breadcrumbs\">\n    \t<li class=\"breadcrumb__link\">\n\t\t<a class=\"a-hover\" href=\"https:\/\/www.dallassymphony.org\/es\/\">Inicio<\/a>\n\t<\/li>\n    \t<li class=\"breadcrumb__link a-styles\">\n\t\t<a class=\"a-hover\" href=\"https:\/\/www.dallassymphony.org\/es\/about-the-dso\/\">Sobre el DSO<\/a>\n\t<\/li>\n    \t<li class=\"breadcrumb__link a-styles\">\n\t\t<a class=\"a-hover\" href=\"https:\/\/www.dallassymphony.org\/es\/about-the-dso\/people\/\">Gente<\/a>\n\t<\/li>\n    <\/ul>\n\n                \t\t\t\t<h1>\n                    <span >Inbal Segev<\/span>\n                <\/h1>\n                \t\t\t<\/div>\n\t\t<\/div>\n\t<\/div>\n<\/div>\n\n\n<div class=\"bio__block m-spacer\">\n\t<div class=\"container\">\n\t\t<div class=\"row\">\n\t\t\t<div class=\"col-md-5 position-relative\">\n\t\t\t\t\t\t\t\t<img loading=\"lazy\" decoding=\"async\" width=\"445\" height=\"445\" src=\"https:\/\/www.dallassymphony.org\/wp-content\/uploads\/2023\/03\/03_InbalSegev\u00a9BriElledge-445x445.jpg\" class=\"d-md-block img-fluid w-100 wp-post-image\" alt=\"\" srcset=\"https:\/\/www.dallassymphony.org\/wp-content\/uploads\/2023\/03\/03_InbalSegev\u00a9BriElledge-445x445.jpg 445w, https:\/\/www.dallassymphony.org\/wp-content\/uploads\/2023\/03\/03_InbalSegev\u00a9BriElledge-300x300.jpg 300w, https:\/\/www.dallassymphony.org\/wp-content\/uploads\/2023\/03\/03_InbalSegev\u00a9BriElledge-1024x1024.jpg 1024w, https:\/\/www.dallassymphony.org\/wp-content\/uploads\/2023\/03\/03_InbalSegev\u00a9BriElledge-150x150.jpg 150w, https:\/\/www.dallassymphony.org\/wp-content\/uploads\/2023\/03\/03_InbalSegev\u00a9BriElledge-768x768.jpg 768w, https:\/\/www.dallassymphony.org\/wp-content\/uploads\/2023\/03\/03_InbalSegev\u00a9BriElledge-12x12.jpg 12w, https:\/\/www.dallassymphony.org\/wp-content\/uploads\/2023\/03\/03_InbalSegev\u00a9BriElledge-262x262.jpg 262w, https:\/\/www.dallassymphony.org\/wp-content\/uploads\/2023\/03\/03_InbalSegev\u00a9BriElledge-350x350.jpg 350w, https:\/\/www.dallassymphony.org\/wp-content\/uploads\/2023\/03\/03_InbalSegev\u00a9BriElledge.jpg 1200w\" sizes=\"auto, (max-width: 445px) 100vw, 445px\" \/>\t\t\t<\/div>\n\t\t\t<div class=\"col-md-7\">\n\t\t\t\t<div class=\"bio__content-wrapper\">\n\t\t\t\t\t<h1>Inbal Segev<\/h1>\n\n                    <div class=\"bio__meta\">\n\t\t\t\t\t<p>Violonchelo<\/p>\n                    <\/div>\n\n\t\t\t\t\t<p>Inbal Segev es \"un violonchelista con algo que decir\" (Gramophone). Combinando la riqueza tonal y el dominio t\u00e9cnico con una dedicaci\u00f3n e inteligencia poco comunes, ha actuado con orquestas como la Filarm\u00f3nica de Berl\u00edn, la Filarm\u00f3nica de Londres, la Filarm\u00f3nica de Israel, la Sinf\u00f3nica de Baltimore, la Sinf\u00f3nica de San Luis y la Sinf\u00f3nica de Pittsburgh, colaborando con directores tan destacados como Marin Alsop, St\u00e9phane Den\u00e8ve, Lorin Maazel, Cristian M\u0103celaru y Zubin Mehta. Comprometida con la revitalizaci\u00f3n del repertorio para violonchelo, ha encargado nuevas obras a Timo Andres, Avner Dorman, Gity Razaz, Dan Visconti y Anna Clyne. Grabado con Marin Alsop y la Filarm\u00f3nica de Londres para Avie Records, el estreno en 2020 de la grabaci\u00f3n de Segev del nuevo concierto para violonchelo de Clyne, DANCE, fue un \u00e9xito instant\u00e1neo, encabezando la lista de Amazon Classical Concertos; su movimiento de apertura fue elegido como una de las \"Canciones favoritas de 2020\" de NPR Music, recibiendo ocho millones de escuchas en Spotify, y Segev ha continuado realizando numerosas giras con la pieza. Al comienzo de la pandemia, lanz\u00f3 \"20 for 2020\", un proyecto de encargos, grabaciones y v\u00eddeos en el que participan 20 compositores de vanguardia, entre ellos John Luther Adams, Viet Cuong y Vijay Iyer, que tambi\u00e9n est\u00e1 escribiendo un concierto para Segev que se estrenar\u00e1 e interpretar\u00e1 a lo largo de la temporada 2022-23. Su discograf\u00eda anterior incluye aclamadas grabaciones del Concierto para violonchelo de Elgar, obras rom\u00e1nticas para violonchelo y las Suites para violonchelo de Bach, mientras que su popular serie de clases magistrales en YouTube, Musings with Inbal Segev, cuenta con miles de suscriptores internacionales y m\u00e1s de dos millones de visitas hasta la fecha.<\/p>\n                    \t\t\t\t\t<a href=\"https:\/\/www.dallassymphony.org\/es\/people\/inbal-segev\/\" class=\"a-hover\">Leer m\u00e1s<\/a>\n                                        <div class=\"share d-flex align-items-center\">\n                        \n                                            <\/div>\n\t\t\t\t<\/div>\n\t\t\t<\/div>\n\t\t<\/div>\n\t<\/div>\n<\/div>","protected":false},"excerpt":{"rendered":"<p>Inbal Segev es \"un violonchelista con algo que decir\" (Gramophone). Combinando un tono rico y un dominio t\u00e9cnico con una dedicaci\u00f3n e inteligencia poco comunes, ha actuado con orquestas como la Filarm\u00f3nica de Berl\u00edn, la Filarm\u00f3nica de Londres, la Filarm\u00f3nica de Israel, la Sinf\u00f3nica de Baltimore, la Sinf\u00f3nica de San Luis y la Sinf\u00f3nica de Pittsburgh, colaborando con directores tan destacados como Marin Alsop, St\u00e9phane Den\u00e8ve, Lorin Maazel, Cristian M\u0103celaru y Zubin Mehta.<\/p>","protected":false},"featured_media":11015,"template":"","dso_musician_instrument":[],"dso_person_role":[29],"class_list":["post-11014","dso_person","type-dso_person","status-publish","has-post-thumbnail","hentry","dso_person_role-guest-artist"],"acf":[],"_links":{"self":[{"href":"https:\/\/www.dallassymphony.org\/es\/wp-json\/wp\/v2\/dso_person\/11014","targetHints":{"allow":["GET"]}}],"collection":[{"href":"https:\/\/www.dallassymphony.org\/es\/wp-json\/wp\/v2\/dso_person"}],"about":[{"href":"https:\/\/www.dallassymphony.org\/es\/wp-json\/wp\/v2\/types\/dso_person"}],"version-history":[{"count":0,"href":"https:\/\/www.dallassymphony.org\/es\/wp-json\/wp\/v2\/dso_person\/11014\/revisions"}],"wp:featuredmedia":[{"embeddable":true,"href":"https:\/\/www.dallassymphony.org\/es\/wp-json\/wp\/v2\/media\/11015"}],"wp:attachment":[{"href":"https:\/\/www.dallassymphony.org\/es\/wp-json\/wp\/v2\/media?parent=11014"}],"wp:term":[{"taxonomy":"dso_musician_instrument","embeddable":true,"href":"https:\/\/www.dallassymphony.org\/es\/wp-json\/wp\/v2\/dso_musician_instrument?post=11014"},{"taxonomy":"dso_person_role","embeddable":true,"href":"https:\/\/www.dallassymphony.org\/es\/wp-json\/wp\/v2\/dso_person_role?post=11014"}],"curies":[{"name":"wp","href":"https:\/\/api.w.org\/{rel}","templated":true}]}}

<div class="hero__no-img bg-blue-8">
	<div class="container">
		<div class="row">
			<div class="col-md-10">

				<ul class="breadcrumbs">
    	<li class="breadcrumb__link">
		<a class="a-hover" href="https://www.dallassymphony.org/es/">Inicio</a>
	</li>
    	<li class="breadcrumb__link a-styles">
		<a class="a-hover" href="https://www.dallassymphony.org/es/about-the-dso/">Sobre el DSO</a>
	</li>
    	<li class="breadcrumb__link a-styles">
		<a class="a-hover" href="https://www.dallassymphony.org/es/about-the-dso/people/">Gente</a>
	</li>
    </ul>

                				<h1>
                    <span >Inbal Segev</span>
                </h1>
                			</div>
		</div>
	</div>
</div>


<div class="bio__block m-spacer">
	<div class="container">
		<div class="row">
			<div class="col-md-5 position-relative">
								<img loading="lazy" decoding="async" width="445" height="445" src="https://www.dallassymphony.org/wp-content/uploads/2023/03/03_InbalSegev©BriElledge-445x445.jpg" class="d-md-block img-fluid w-100 wp-post-image" alt="" srcset="https://www.dallassymphony.org/wp-content/uploads/2023/03/03_InbalSegev©BriElledge-445x445.jpg 445w, https://www.dallassymphony.org/wp-content/uploads/2023/03/03_InbalSegev©BriElledge-300x300.jpg 300w, https://www.dallassymphony.org/wp-content/uploads/2023/03/03_InbalSegev©BriElledge-1024x1024.jpg 1024w, https://www.dallassymphony.org/wp-content/uploads/2023/03/03_InbalSegev©BriElledge-150x150.jpg 150w, https://www.dallassymphony.org/wp-content/uploads/2023/03/03_InbalSegev©BriElledge-768x768.jpg 768w, https://www.dallassymphony.org/wp-content/uploads/2023/03/03_InbalSegev©BriElledge-12x12.jpg 12w, https://www.dallassymphony.org/wp-content/uploads/2023/03/03_InbalSegev©BriElledge-262x262.jpg 262w, https://www.dallassymphony.org/wp-content/uploads/2023/03/03_InbalSegev©BriElledge-350x350.jpg 350w, https://www.dallassymphony.org/wp-content/uploads/2023/03/03_InbalSegev©BriElledge.jpg 1200w" sizes="auto, (max-width: 445px) 100vw, 445px" />			</div>
			<div class="col-md-7">
				<div class="bio__content-wrapper">
					<h1>Inbal Segev</h1>

                    <div class="bio__meta">
					<p>Violonchelo</p>
                    </div>

					<p>Inbal Segev es "un violonchelista con algo que decir" (Gramophone). Combinando la riqueza tonal y el dominio técnico con una dedicación e inteligencia poco comunes, ha actuado con orquestas como la Filarmónica de Berlín, la Filarmónica de Londres, la Filarmónica de Israel, la Sinfónica de Baltimore, la Sinfónica de San Luis y la Sinfónica de Pittsburgh, colaborando con directores tan destacados como Marin Alsop, Stéphane Denève, Lorin Maazel, Cristian Măcelaru y Zubin Mehta. Comprometida con la revitalización del repertorio para violonchelo, ha encargado nuevas obras a Timo Andres, Avner Dorman, Gity Razaz, Dan Visconti y Anna Clyne. Grabado con Marin Alsop y la Filarmónica de Londres para Avie Records, el estreno en 2020 de la grabación de Segev del nuevo concierto para violonchelo de Clyne, DANCE, fue un éxito instantáneo, encabezando la lista de Amazon Classical Concertos; su movimiento de apertura fue elegido como una de las "Canciones favoritas de 2020" de NPR Music, recibiendo ocho millones de escuchas en Spotify, y Segev ha continuado realizando numerosas giras con la pieza. Al comienzo de la pandemia, lanzó "20 for 2020", un proyecto de encargos, grabaciones y vídeos en el que participan 20 compositores de vanguardia, entre ellos John Luther Adams, Viet Cuong y Vijay Iyer, que también está escribiendo un concierto para Segev que se estrenará e interpretará a lo largo de la temporada 2022-23. Su discografía anterior incluye aclamadas grabaciones del Concierto para violonchelo de Elgar, obras románticas para violonchelo y las Suites para violonchelo de Bach, mientras que su popular serie de clases magistrales en YouTube, Musings with Inbal Segev, cuenta con miles de suscriptores internacionales y más de dos millones de visitas hasta la fecha.</p>
                    					<a href="https://www.dallassymphony.org/es/people/inbal-segev/" class="a-hover">Leer más</a>
                                        <div class="share d-flex align-items-center">
                        
                                            </div>
				</div>
			</div>
		</div>
	</div>
</div>

<p>Inbal Segev es "un violonchelista con algo que decir" (Gramophone). Combinando un tono rico y un dominio técnico con una dedicación e inteligencia poco comunes, ha actuado con orquestas como la Filarmónica de Berlín, la Filarmónica de Londres, la Filarmónica de Israel, la Sinfónica de Baltimore, la Sinfónica de San Luis y la Sinfónica de Pittsburgh, colaborando con directores tan destacados como Marin Alsop, Stéphane Denève, Lorin Maazel, Cristian Măcelaru y Zubin Mehta.</p>
